{"id":26888,"date":"2023-11-17T17:13:13","date_gmt":"2023-11-17T20:13:13","guid":{"rendered":"https:\/\/agropecuariafenix.com.br\/index.php\/produto\/biofresh-gatos-adulto-salmao-400g\/"},"modified":"2025-10-28T11:53:56","modified_gmt":"2025-10-28T14:53:56","slug":"biofresh-gatos-adulto-salmao-400g","status":"publish","type":"product","link":"https:\/\/agropecuariafenix.com.br\/index.php\/produto\/biofresh-gatos-adulto-salmao-400g\/","title":{"rendered":"Biofresh Gatos Adulto Salm\u00e3o 400G"},"content":{"rendered":"<p>Informa\u00e7\u00f5es Nutricionais<br \/>\nVitamina A 18.700 UI, Vitamina D3 1.250 UI, Vitamina E 510 UI, Niacina 127 mg, Vitamina C 255 mg, Vitamina B12 80 \u00b5g, \u00c1c. Pantot\u00eanico 42 mg, Vitamina K3 1,25 mg, Vitamina B1 8,4 mg, Vitamina B2 17 mg, Vitamina B6 6,6 mg, Biotina 1,25 mg, \u00c1c. F\u00f3lico 1,25 mg, Colina 2.400 mg, Sel\u00eanio 0,15 mg, Zinco 145 mg, Ferro 30 mg, Cobre 13 mg, Mangan\u00eas 48 mg, Iodo 1,5 mg.<\/p>\n<p>N\u00edveis de Garantia<br \/>\nEnergia metaboliz\u00e1vel (m\u00edn.) 4.180 KCAL\/KG<br \/>\nF\u00f3sforo (m\u00edn.)\u200b 8.000 MG\/KG<br \/>\nProte\u00edna Bruta (m\u00edn.) 440 G\/KG<br \/>\nExtrato Et\u00e9reo (m\u00edn.)\u200b 200 G\/KG<br \/>\nMat\u00e9ria Fibrosa (m\u00e1x.)\u200b 25 G\/KG<br \/>\nC\u00e1lcio (m\u00e1x.)\u200b 15 G\/KG<br \/>\nMat\u00e9ria Mineral (m\u00e1x.) \u200b75 G\/KG<br \/>\nC\u00e1lcio (m\u00edn.)\u200b 9.000 MG\/KG<br \/>\nS\u00f3dio (m\u00edn.) 3.000 MG\/KG<br \/>\nVitamina E (m\u00edn.) 600 MG\/KG<br \/>\nVitamina C (m\u00edn. )100 MG\/KG<br \/>\nUmidade (m\u00e1x.) \u200b90 G\/KG<br \/>\n\u00d4mega 3 (m\u00edn.) 4.500 MG\/KG<br \/>\n\u00d4mega 6 (m\u00edn.) 26 G\/KG<\/p>\n<p>Composi\u00e7\u00e3o<br \/>\nSele\u00e7\u00e3o de carnes frescas (carne de peixes, carne mecanicamente separada de salm\u00e3o, carne de frango (peito), f\u00edgado de aves e carne mecanicamente separada de aves) (m\u00edn. 20%), sele\u00e7\u00e3o de frutas, vegetais e ervas frescas (ma\u00e7\u00e3s, cenouras, beterrabas e or\u00e9gano) (m\u00edn. 2%), farinha de torresmo, \u00f3leo de peixes (fonte natural de EPA e DHA), farinha de v\u00edsceras de aves e \u00f3leo de aves (preservados naturalmente com tocofer\u00f3is), extrato de mirtilo (blueberry), extrato de yucca, extrato de ch\u00e1 verde, ovo em p\u00f3, farinha de mandioca, celulose em p\u00f3, hidrolisado de f\u00edgado de aves e su\u00ednos, polpa desidratada de beterraba, ervilhas desidratadas, levedura de cerveja inativada desidratada, parede celular de levedura (fonte de mananoligossacar\u00eddeos), inulina (min. 0,02%), hexametafosfato de s\u00f3dio, \u00e1cido fosf\u00f3rico, cloreto de s\u00f3dio (sal comum), taurina, DL-metionina, L-lisina, cloreto de colina, cloreto de pot\u00e1ssio, vitaminas (A, B1, B2, B6, B12, C, D3, E, K3, \u00e1cido f\u00f3lico, \u00e1cido pantot\u00eanico, biotina e niacina), minerais amino\u00e1cidos-quelatados (cobre, ferro, mangan\u00eas, zinco e sel\u00eanio), iodato de c\u00e1lcio e antioxidantes naturais (tocofer\u00f3is, extrato de alecrim e \u00e1cido c\u00edtrico).<\/p>\n","protected":false},"excerpt":{"rendered":"<p>Descri\u00e7\u00e3o<br \/>\n&#8211; Indicada para gatos adultos;<br \/>\n&#8211; Feito com ingredientes selecionados;<br \/>\n&#8211; Com frutas e vegetais frescos, vitaminas e minerais;<br \/>\n&#8211; Livre de gr\u00e3os, transg\u00eanicos e gl\u00faten;<br \/>\n&#8211; Trato urin\u00e1rio saud\u00e1vel;<br \/>\n&#8211; Fezes firmes e de odor reduzido;<br \/>\n&#8211; Pelagem macia e brilhosa;<br \/>\n&#8211; Sa\u00fade oral favorecida;<br \/>\n&#8211; Dispon\u00edvel em embalagem de 400g, 1,5kg e 7,5kg<\/p>\n","protected":false},"featured_media":26887,"comment_status":"open","ping_status":"closed","template":"","meta":[],"product_brand":[],"product_cat":[1665,80],"product_tag":[379,209],"class_list":{"0":"post-26888","1":"product","2":"type-product","3":"status-publish","4":"has-post-thumbnail","6":"product_cat-gatos","7":"product_cat-racoes","8":"product_tag-400g","9":"product_tag-gatos","11":"first","12":"instock","13":"shipping-taxable","14":"purchasable","15":"product-type-simple"},"yoast_head":"<!-- This site is optimized with the Yoast SEO plugin v27.6 - https:\/\/yoast.com\/product\/yoast-seo-wordpress\/ -->\n<title>Biofresh Gatos Adulto Salm\u00e3o 400G - Agropecu\u00e1ria Fenix<\/title>\n<meta name=\"robots\" content=\"index, follow, max-snippet:-1, max-image-preview:large, max-video-preview:-1\" \/>\n<link rel=\"canonical\" href=\"https:\/\/agropecuariafenix.com.br\/index.php\/produto\/biofresh-gatos-adulto-salmao-400g\/\" \/>\n<meta property=\"og:locale\" content=\"pt_BR\" \/>\n<meta property=\"og:type\" content=\"article\" \/>\n<meta property=\"og:title\" content=\"Biofresh Gatos Adulto Salm\u00e3o 400G - Agropecu\u00e1ria Fenix\" \/>\n<meta property=\"og:description\" content=\"Descri\u00e7\u00e3o &#8211; Indicada para gatos adultos; &#8211; Feito com ingredientes selecionados; &#8211; Com frutas e vegetais frescos, vitaminas e minerais; &#8211; Livre de gr\u00e3os, transg\u00eanicos e gl\u00faten; &#8211; Trato urin\u00e1rio saud\u00e1vel; &#8211; Fezes firmes e de odor reduzido; &#8211; Pelagem macia e brilhosa; &#8211; Sa\u00fade oral favorecida; &#8211; Dispon\u00edvel em embalagem de 400g, 1,5kg e 7,5kg\" \/>\n<meta property=\"og:url\" content=\"https:\/\/agropecuariafenix.com.br\/index.php\/produto\/biofresh-gatos-adulto-salmao-400g\/\" \/>\n<meta property=\"og:site_name\" content=\"Agropecu\u00e1ria Fenix\" \/>\n<meta property=\"article:publisher\" content=\"https:\/\/web.facebook.com\/agropecuariafenixjau\" \/>\n<meta property=\"article:modified_time\" content=\"2025-10-28T14:53:56+00:00\" \/>\n<meta property=\"og:image\" content=\"https:\/\/agropecuariafenix.com.br\/wp-content\/uploads\/2023\/11\/Biofresh-Gatos-Adulto-Salmo-400G-694528673.jpg\" \/>\n\t<meta property=\"og:image:width\" content=\"1000\" \/>\n\t<meta property=\"og:image:height\" content=\"1000\" \/>\n\t<meta property=\"og:image:type\" content=\"image\/jpeg\" \/>\n<meta name=\"twitter:card\" content=\"summary_large_image\" \/>\n<meta name=\"twitter:label1\" content=\"Est. tempo de leitura\" \/>\n\t<meta name=\"twitter:data1\" content=\"2 minutos\" \/>\n<script type=\"application\/ld+json\" class=\"yoast-schema-graph\">{\"@context\":\"https:\\\/\\\/schema.org\",\"@graph\":[{\"@type\":\"WebPage\",\"@id\":\"https:\\\/\\\/agropecuariafenix.com.br\\\/index.php\\\/produto\\\/biofresh-gatos-adulto-salmao-400g\\\/\",\"url\":\"https:\\\/\\\/agropecuariafenix.com.br\\\/index.php\\\/produto\\\/biofresh-gatos-adulto-salmao-400g\\\/\",\"name\":\"Biofresh Gatos Adulto Salm\u00e3o 400G - Agropecu\u00e1ria Fenix\",\"isPartOf\":{\"@id\":\"https:\\\/\\\/agropecuariafenix.com.br\\\/#website\"},\"primaryImageOfPage\":{\"@id\":\"https:\\\/\\\/agropecuariafenix.com.br\\\/index.php\\\/produto\\\/biofresh-gatos-adulto-salmao-400g\\\/#primaryimage\"},\"image\":{\"@id\":\"https:\\\/\\\/agropecuariafenix.com.br\\\/index.php\\\/produto\\\/biofresh-gatos-adulto-salmao-400g\\\/#primaryimage\"},\"thumbnailUrl\":\"https:\\\/\\\/agropecuariafenix.com.br\\\/wp-content\\\/uploads\\\/2023\\\/11\\\/Biofresh-Gatos-Adulto-Salmo-400G-694528673.jpg\",\"datePublished\":\"2023-11-17T20:13:13+00:00\",\"dateModified\":\"2025-10-28T14:53:56+00:00\",\"breadcrumb\":{\"@id\":\"https:\\\/\\\/agropecuariafenix.com.br\\\/index.php\\\/produto\\\/biofresh-gatos-adulto-salmao-400g\\\/#breadcrumb\"},\"inLanguage\":\"pt-BR\",\"potentialAction\":[{\"@type\":\"ReadAction\",\"target\":[\"https:\\\/\\\/agropecuariafenix.com.br\\\/index.php\\\/produto\\\/biofresh-gatos-adulto-salmao-400g\\\/\"]}]},{\"@type\":\"ImageObject\",\"inLanguage\":\"pt-BR\",\"@id\":\"https:\\\/\\\/agropecuariafenix.com.br\\\/index.php\\\/produto\\\/biofresh-gatos-adulto-salmao-400g\\\/#primaryimage\",\"url\":\"https:\\\/\\\/agropecuariafenix.com.br\\\/wp-content\\\/uploads\\\/2023\\\/11\\\/Biofresh-Gatos-Adulto-Salmo-400G-694528673.jpg\",\"contentUrl\":\"https:\\\/\\\/agropecuariafenix.com.br\\\/wp-content\\\/uploads\\\/2023\\\/11\\\/Biofresh-Gatos-Adulto-Salmo-400G-694528673.jpg\",\"width\":1000,\"height\":1000,\"caption\":\"Biofresh Gatos Adulto Salm\u00e3o 400G\"},{\"@type\":\"BreadcrumbList\",\"@id\":\"https:\\\/\\\/agropecuariafenix.com.br\\\/index.php\\\/produto\\\/biofresh-gatos-adulto-salmao-400g\\\/#breadcrumb\",\"itemListElement\":[{\"@type\":\"ListItem\",\"position\":1,\"name\":\"In\u00edcio\",\"item\":\"https:\\\/\\\/agropecuariafenix.com.br\\\/\"},{\"@type\":\"ListItem\",\"position\":2,\"name\":\"Todos os produtos\",\"item\":\"https:\\\/\\\/agropecuariafenix.com.br\\\/index.php\\\/loja\\\/\"},{\"@type\":\"ListItem\",\"position\":3,\"name\":\"Biofresh Gatos Adulto Salm\u00e3o 400G\"}]},{\"@type\":\"WebSite\",\"@id\":\"https:\\\/\\\/agropecuariafenix.com.br\\\/#website\",\"url\":\"https:\\\/\\\/agropecuariafenix.com.br\\\/\",\"name\":\"Agropecu\u00e1ria Fenix\",\"description\":\"Agropecu\u00e1ria F\u00eanix Pet - Ra\u00e7\u00f5es \\\/ Medicamentos Pet \\\/ Cl\u00ednica Veterin\u00e1ria \\\/ Banho e Tosa \\\/ Cachorro \\\/\u00a0Gato\u00a0\\\/\u00a0P\u00e1ssaros\",\"publisher\":{\"@id\":\"https:\\\/\\\/agropecuariafenix.com.br\\\/#organization\"},\"alternateName\":\"Agropecu\u00e1ria Fenix\",\"potentialAction\":[{\"@type\":\"SearchAction\",\"target\":{\"@type\":\"EntryPoint\",\"urlTemplate\":\"https:\\\/\\\/agropecuariafenix.com.br\\\/?s={search_term_string}\"},\"query-input\":{\"@type\":\"PropertyValueSpecification\",\"valueRequired\":true,\"valueName\":\"search_term_string\"}}],\"inLanguage\":\"pt-BR\"},{\"@type\":\"Organization\",\"@id\":\"https:\\\/\\\/agropecuariafenix.com.br\\\/#organization\",\"name\":\"Agropecu\u00e1ria Fenix\",\"alternateName\":\"Agropecu\u00e1ria Fenix\",\"url\":\"https:\\\/\\\/agropecuariafenix.com.br\\\/\",\"logo\":{\"@type\":\"ImageObject\",\"inLanguage\":\"pt-BR\",\"@id\":\"https:\\\/\\\/agropecuariafenix.com.br\\\/#\\\/schema\\\/logo\\\/image\\\/\",\"url\":\"https:\\\/\\\/agropecuariafenix.com.br\\\/wp-content\\\/uploads\\\/2023\\\/08\\\/logo_fenix3-Copy.png\",\"contentUrl\":\"https:\\\/\\\/agropecuariafenix.com.br\\\/wp-content\\\/uploads\\\/2023\\\/08\\\/logo_fenix3-Copy.png\",\"width\":500,\"height\":500,\"caption\":\"Agropecu\u00e1ria Fenix\"},\"image\":{\"@id\":\"https:\\\/\\\/agropecuariafenix.com.br\\\/#\\\/schema\\\/logo\\\/image\\\/\"},\"sameAs\":[\"https:\\\/\\\/web.facebook.com\\\/agropecuariafenixjau\",\"https:\\\/\\\/www.instagram.com\\\/agropecuaria_fenix_jau\\\/\"]}]}<\/script>\n<!-- \/ Yoast SEO plugin. -->","yoast_head_json":{"title":"Biofresh Gatos Adulto Salm\u00e3o 400G - Agropecu\u00e1ria Fenix","robots":{"index":"index","follow":"follow","max-snippet":"max-snippet:-1","max-image-preview":"max-image-preview:large","max-video-preview":"max-video-preview:-1"},"canonical":"https:\/\/agropecuariafenix.com.br\/index.php\/produto\/biofresh-gatos-adulto-salmao-400g\/","og_locale":"pt_BR","og_type":"article","og_title":"Biofresh Gatos Adulto Salm\u00e3o 400G - Agropecu\u00e1ria Fenix","og_description":"Descri\u00e7\u00e3o &#8211; Indicada para gatos adultos; &#8211; Feito com ingredientes selecionados; &#8211; Com frutas e vegetais frescos, vitaminas e minerais; &#8211; Livre de gr\u00e3os, transg\u00eanicos e gl\u00faten; &#8211; Trato urin\u00e1rio saud\u00e1vel; &#8211; Fezes firmes e de odor reduzido; &#8211; Pelagem macia e brilhosa; &#8211; Sa\u00fade oral favorecida; &#8211; Dispon\u00edvel em embalagem de 400g, 1,5kg e 7,5kg","og_url":"https:\/\/agropecuariafenix.com.br\/index.php\/produto\/biofresh-gatos-adulto-salmao-400g\/","og_site_name":"Agropecu\u00e1ria Fenix","article_publisher":"https:\/\/web.facebook.com\/agropecuariafenixjau","article_modified_time":"2025-10-28T14:53:56+00:00","og_image":[{"width":1000,"height":1000,"url":"https:\/\/agropecuariafenix.com.br\/wp-content\/uploads\/2023\/11\/Biofresh-Gatos-Adulto-Salmo-400G-694528673.jpg","type":"image\/jpeg"}],"twitter_card":"summary_large_image","twitter_misc":{"Est. tempo de leitura":"2 minutos"},"schema":{"@context":"https:\/\/schema.org","@graph":[{"@type":"WebPage","@id":"https:\/\/agropecuariafenix.com.br\/index.php\/produto\/biofresh-gatos-adulto-salmao-400g\/","url":"https:\/\/agropecuariafenix.com.br\/index.php\/produto\/biofresh-gatos-adulto-salmao-400g\/","name":"Biofresh Gatos Adulto Salm\u00e3o 400G - Agropecu\u00e1ria Fenix","isPartOf":{"@id":"https:\/\/agropecuariafenix.com.br\/#website"},"primaryImageOfPage":{"@id":"https:\/\/agropecuariafenix.com.br\/index.php\/produto\/biofresh-gatos-adulto-salmao-400g\/#primaryimage"},"image":{"@id":"https:\/\/agropecuariafenix.com.br\/index.php\/produto\/biofresh-gatos-adulto-salmao-400g\/#primaryimage"},"thumbnailUrl":"https:\/\/agropecuariafenix.com.br\/wp-content\/uploads\/2023\/11\/Biofresh-Gatos-Adulto-Salmo-400G-694528673.jpg","datePublished":"2023-11-17T20:13:13+00:00","dateModified":"2025-10-28T14:53:56+00:00","breadcrumb":{"@id":"https:\/\/agropecuariafenix.com.br\/index.php\/produto\/biofresh-gatos-adulto-salmao-400g\/#breadcrumb"},"inLanguage":"pt-BR","potentialAction":[{"@type":"ReadAction","target":["https:\/\/agropecuariafenix.com.br\/index.php\/produto\/biofresh-gatos-adulto-salmao-400g\/"]}]},{"@type":"ImageObject","inLanguage":"pt-BR","@id":"https:\/\/agropecuariafenix.com.br\/index.php\/produto\/biofresh-gatos-adulto-salmao-400g\/#primaryimage","url":"https:\/\/agropecuariafenix.com.br\/wp-content\/uploads\/2023\/11\/Biofresh-Gatos-Adulto-Salmo-400G-694528673.jpg","contentUrl":"https:\/\/agropecuariafenix.com.br\/wp-content\/uploads\/2023\/11\/Biofresh-Gatos-Adulto-Salmo-400G-694528673.jpg","width":1000,"height":1000,"caption":"Biofresh Gatos Adulto Salm\u00e3o 400G"},{"@type":"BreadcrumbList","@id":"https:\/\/agropecuariafenix.com.br\/index.php\/produto\/biofresh-gatos-adulto-salmao-400g\/#breadcrumb","itemListElement":[{"@type":"ListItem","position":1,"name":"In\u00edcio","item":"https:\/\/agropecuariafenix.com.br\/"},{"@type":"ListItem","position":2,"name":"Todos os produtos","item":"https:\/\/agropecuariafenix.com.br\/index.php\/loja\/"},{"@type":"ListItem","position":3,"name":"Biofresh Gatos Adulto Salm\u00e3o 400G"}]},{"@type":"WebSite","@id":"https:\/\/agropecuariafenix.com.br\/#website","url":"https:\/\/agropecuariafenix.com.br\/","name":"Agropecu\u00e1ria Fenix","description":"Agropecu\u00e1ria F\u00eanix Pet - Ra\u00e7\u00f5es \/ Medicamentos Pet \/ Cl\u00ednica Veterin\u00e1ria \/ Banho e Tosa \/ Cachorro \/\u00a0Gato\u00a0\/\u00a0P\u00e1ssaros","publisher":{"@id":"https:\/\/agropecuariafenix.com.br\/#organization"},"alternateName":"Agropecu\u00e1ria Fenix","potentialAction":[{"@type":"SearchAction","target":{"@type":"EntryPoint","urlTemplate":"https:\/\/agropecuariafenix.com.br\/?s={search_term_string}"},"query-input":{"@type":"PropertyValueSpecification","valueRequired":true,"valueName":"search_term_string"}}],"inLanguage":"pt-BR"},{"@type":"Organization","@id":"https:\/\/agropecuariafenix.com.br\/#organization","name":"Agropecu\u00e1ria Fenix","alternateName":"Agropecu\u00e1ria Fenix","url":"https:\/\/agropecuariafenix.com.br\/","logo":{"@type":"ImageObject","inLanguage":"pt-BR","@id":"https:\/\/agropecuariafenix.com.br\/#\/schema\/logo\/image\/","url":"https:\/\/agropecuariafenix.com.br\/wp-content\/uploads\/2023\/08\/logo_fenix3-Copy.png","contentUrl":"https:\/\/agropecuariafenix.com.br\/wp-content\/uploads\/2023\/08\/logo_fenix3-Copy.png","width":500,"height":500,"caption":"Agropecu\u00e1ria Fenix"},"image":{"@id":"https:\/\/agropecuariafenix.com.br\/#\/schema\/logo\/image\/"},"sameAs":["https:\/\/web.facebook.com\/agropecuariafenixjau","https:\/\/www.instagram.com\/agropecuaria_fenix_jau\/"]}]}},"_links":{"self":[{"href":"https:\/\/agropecuariafenix.com.br\/index.php\/wp-json\/wp\/v2\/product\/26888","targetHints":{"allow":["GET"]}}],"collection":[{"href":"https:\/\/agropecuariafenix.com.br\/index.php\/wp-json\/wp\/v2\/product"}],"about":[{"href":"https:\/\/agropecuariafenix.com.br\/index.php\/wp-json\/wp\/v2\/types\/product"}],"replies":[{"embeddable":true,"href":"https:\/\/agropecuariafenix.com.br\/index.php\/wp-json\/wp\/v2\/comments?post=26888"}],"version-history":[{"count":1,"href":"https:\/\/agropecuariafenix.com.br\/index.php\/wp-json\/wp\/v2\/product\/26888\/revisions"}],"predecessor-version":[{"id":26978,"href":"https:\/\/agropecuariafenix.com.br\/index.php\/wp-json\/wp\/v2\/product\/26888\/revisions\/26978"}],"wp:featuredmedia":[{"embeddable":true,"href":"https:\/\/agropecuariafenix.com.br\/index.php\/wp-json\/wp\/v2\/media\/26887"}],"wp:attachment":[{"href":"https:\/\/agropecuariafenix.com.br\/index.php\/wp-json\/wp\/v2\/media?parent=26888"}],"wp:term":[{"taxonomy":"product_brand","embeddable":true,"href":"https:\/\/agropecuariafenix.com.br\/index.php\/wp-json\/wp\/v2\/product_brand?post=26888"},{"taxonomy":"product_cat","embeddable":true,"href":"https:\/\/agropecuariafenix.com.br\/index.php\/wp-json\/wp\/v2\/product_cat?post=26888"},{"taxonomy":"product_tag","embeddable":true,"href":"https:\/\/agropecuariafenix.com.br\/index.php\/wp-json\/wp\/v2\/product_tag?post=26888"}],"curies":[{"name":"wp","href":"https:\/\/api.w.org\/{rel}","templated":true}]}}