{"id":26409,"date":"2023-08-02T14:23:02","date_gmt":"2023-08-02T17:23:02","guid":{"rendered":"https:\/\/agropecuariafenix.com.br\/index.php\/produto\/lata-vet-life-caes-convalescence-300g\/"},"modified":"2025-10-28T11:25:51","modified_gmt":"2025-10-28T14:25:51","slug":"lata-vet-life-caes-convalescence-300g","status":"publish","type":"product","link":"https:\/\/agropecuariafenix.com.br\/index.php\/produto\/lata-vet-life-caes-convalescence-300g\/","title":{"rendered":"Lata Vet Life C\u00e3es Convalescence 300G"},"content":{"rendered":"<p>A Vet Life Convalescence \u00e9 a ra\u00e7\u00e3o \u00famida coadjuvante da Farmina para cachorros que est\u00e3o convalescentes ou em fase de recupera\u00e7\u00e3o nutricional. Os diferenciais do alimento s\u00e3o os nutrientes adequados e na quantidade certa para que o seu animal de estima\u00e7\u00e3o volte a ter a sa\u00fade perfeita!<\/p>\n<p>Contraindica\u00e7\u00f5es do Vet Life Convalescence<\/p>\n<p>A ra\u00e7\u00e3o \u00famida Vet Life Convalescence para cachorros n\u00e3o \u00e9 indicada para c\u00e3es obesos, com doen\u00e7a renal cr\u00f4nica ou insufici\u00eancia hep\u00e1tica. Antes de inserir o alimento na dieta do seu pet, consulte um m\u00e9dico-veterin\u00e1rio de confian\u00e7a e siga as orienta\u00e7\u00f5es sobre o tratamento.<\/p>\n<p>Vet Life Convalescence: composi\u00e7\u00e3o b\u00e1sica<\/p>\n<p>A ra\u00e7\u00e3o \u00famida Vet Life Convalescence tem os seguintes ingredientes: Carne de frango, atum, sardinha integral, f\u00edgado de frango, prote\u00edna hidrolisada de peixe, batata doce desidratada, gema de ovo, quinoa, \u00f3leo de peixe refinado, gordura de frango, \u00f3leo de linha\u00e7a, aditivos prebi\u00f3ticos (Inulina e MOS), fibra de ervilha, levedura seca de cervejaria, levedura enriquecida com sel\u00eanio, extrato de ch\u00e1 verde, taurina, vitaminas (A, D3, E), sulfato de glicosamina, sulfato de condroitina, ferro amino\u00e1cido quelato, quelato cobre-metionina hidroxi an\u00e1loga, quelato zinco-metionina hidroxi an\u00e1loga, quelato mangan\u00eas-metionina hidroxi an\u00e1loga, iodato de c\u00e1lcio, carbonato de c\u00e1lcio, fosfato bic\u00e1lcico,cloreto de pot\u00e1ssio, cloreto de s\u00f3dio.<\/p>\n<p>Enriquecimento m\u00ednimo (por kg)<\/p>\n<p>Vitamina A\t5.140 UI<br \/>\nVitamina D3\t310 UI<br \/>\nVitamina E\t200 UI<br \/>\nFerro\t12,34 mg<br \/>\nCobre\t3,42 mg<br \/>\nZinco\t50,4 mg<br \/>\nmangan\u00eas\t19,38 mg<br \/>\nsel\u00eanio\t0,0418 mg<br \/>\niodo\t0,45 mg<\/p>\n<p>N\u00edveis de garantia<\/p>\n<p>Umidade (m\u00e1x.)\t730 g\/kg (73%)<br \/>\nProte\u00edna Bruta (m\u00edn.)\t116 g\/kg (11,60%)<br \/>\nExtrato Et\u00e9reo (m\u00edn.)\t57 g\/kg (5,70%)<br \/>\nMat\u00e9ria Fibrosa (m\u00e1x.)\t2.400 mg\/kg<br \/>\nMat\u00e9ria Mineral (m\u00e1x.)\t34 g\/kg (3,40%)<br \/>\nC\u00e1lcio (m\u00edn.)\t2.800 mg\/kg (0,28%)<br \/>\nC\u00e1lcio (m\u00e1x.)\t5.200 mg\/kg (0,52%)<br \/>\nF\u00f3sforo (m\u00edn.)\t2.500 mg\/kg (0,25%)<br \/>\nS\u00f3dio (m\u00edn.)\t1.700 mg\/kg (0,17%)<br \/>\nPot\u00e1ssio (m\u00edn.)\t2.200 mg\/kg (0,22%)<br \/>\nInulina (m\u00edn.)\t1.500 mg\/kg<br \/>\nTaurina (m\u00edn.)\t1.000 mg\/kg<br \/>\nMannan-Oligossacar\u00eddeos (m\u00edn.)\t500 mg \/kg<br \/>\nSulfato de Condroitina (m\u00edn.)\t40 mg\/kg<br \/>\nSulfato de Glicosamina (m\u00edn.)\t50 mg\/kg<br \/>\n\u00d4mega 6 (m\u00edn.)\t7.000 mg\/kg<br \/>\n\u00d4mega 3 (m\u00edn.)\t1.000 mg\/kg<br \/>\n\u00c1cidoEicosapentaenoico (EPA) (m\u00edn.)\t300 mg\/kg<br \/>\n\u00c1cido Docosahexaenoico (DHA) (m\u00edn.)\t400 mg\/kg<br \/>\nEnergia Metaboliz\u00e1vel\t1.188 kcal\/kg<\/p>\n","protected":false},"excerpt":{"rendered":"<p>Formulada sem ingredientes transg\u00eanicos;<br \/>\nSem conservantes e aromatizantes artif\u00edciais;<br \/>\nBaixo \u00edndice glic\u00eamico;<br \/>\nLinha totalmente natura<\/p>\n","protected":false},"featured_media":26408,"comment_status":"open","ping_status":"closed","template":"","meta":[],"product_brand":[],"product_cat":[696],"product_tag":[1561],"class_list":{"0":"post-26409","1":"product","2":"type-product","3":"status-publish","4":"has-post-thumbnail","6":"product_cat-racao-medicamentosa","7":"product_tag-330g","9":"first","10":"instock","11":"shipping-taxable","12":"purchasable","13":"product-type-simple"},"yoast_head":"<!-- This site is optimized with the Yoast SEO plugin v27.6 - https:\/\/yoast.com\/product\/yoast-seo-wordpress\/ -->\n<title>Lata Vet Life C\u00e3es Convalescence 300G - Agropecu\u00e1ria Fenix<\/title>\n<meta name=\"robots\" content=\"index, follow, max-snippet:-1, max-image-preview:large, max-video-preview:-1\" \/>\n<link rel=\"canonical\" href=\"https:\/\/agropecuariafenix.com.br\/index.php\/produto\/lata-vet-life-caes-convalescence-300g\/\" \/>\n<meta property=\"og:locale\" content=\"pt_BR\" \/>\n<meta property=\"og:type\" content=\"article\" \/>\n<meta property=\"og:title\" content=\"Lata Vet Life C\u00e3es Convalescence 300G - Agropecu\u00e1ria Fenix\" \/>\n<meta property=\"og:description\" content=\"Formulada sem ingredientes transg\u00eanicos; Sem conservantes e aromatizantes artif\u00edciais; Baixo \u00edndice glic\u00eamico; Linha totalmente natura\" \/>\n<meta property=\"og:url\" content=\"https:\/\/agropecuariafenix.com.br\/index.php\/produto\/lata-vet-life-caes-convalescence-300g\/\" \/>\n<meta property=\"og:site_name\" content=\"Agropecu\u00e1ria Fenix\" \/>\n<meta property=\"article:publisher\" content=\"https:\/\/web.facebook.com\/agropecuariafenixjau\" \/>\n<meta property=\"article:modified_time\" content=\"2025-10-28T14:25:51+00:00\" \/>\n<meta property=\"og:image\" content=\"https:\/\/agropecuariafenix.com.br\/wp-content\/uploads\/2023\/08\/Lata-Vet-Life-Ces-Convalescence-300G-1868102000.jpg\" \/>\n\t<meta property=\"og:image:width\" content=\"700\" \/>\n\t<meta property=\"og:image:height\" content=\"700\" \/>\n\t<meta property=\"og:image:type\" content=\"image\/jpeg\" \/>\n<meta name=\"twitter:card\" content=\"summary_large_image\" \/>\n<meta name=\"twitter:label1\" content=\"Est. tempo de leitura\" \/>\n\t<meta name=\"twitter:data1\" content=\"2 minutos\" \/>\n<script type=\"application\/ld+json\" class=\"yoast-schema-graph\">{\"@context\":\"https:\\\/\\\/schema.org\",\"@graph\":[{\"@type\":\"WebPage\",\"@id\":\"https:\\\/\\\/agropecuariafenix.com.br\\\/index.php\\\/produto\\\/lata-vet-life-caes-convalescence-300g\\\/\",\"url\":\"https:\\\/\\\/agropecuariafenix.com.br\\\/index.php\\\/produto\\\/lata-vet-life-caes-convalescence-300g\\\/\",\"name\":\"Lata Vet Life C\u00e3es Convalescence 300G - Agropecu\u00e1ria Fenix\",\"isPartOf\":{\"@id\":\"https:\\\/\\\/agropecuariafenix.com.br\\\/#website\"},\"primaryImageOfPage\":{\"@id\":\"https:\\\/\\\/agropecuariafenix.com.br\\\/index.php\\\/produto\\\/lata-vet-life-caes-convalescence-300g\\\/#primaryimage\"},\"image\":{\"@id\":\"https:\\\/\\\/agropecuariafenix.com.br\\\/index.php\\\/produto\\\/lata-vet-life-caes-convalescence-300g\\\/#primaryimage\"},\"thumbnailUrl\":\"https:\\\/\\\/agropecuariafenix.com.br\\\/wp-content\\\/uploads\\\/2023\\\/08\\\/Lata-Vet-Life-Ces-Convalescence-300G-1868102000.jpg\",\"datePublished\":\"2023-08-02T17:23:02+00:00\",\"dateModified\":\"2025-10-28T14:25:51+00:00\",\"breadcrumb\":{\"@id\":\"https:\\\/\\\/agropecuariafenix.com.br\\\/index.php\\\/produto\\\/lata-vet-life-caes-convalescence-300g\\\/#breadcrumb\"},\"inLanguage\":\"pt-BR\",\"potentialAction\":[{\"@type\":\"ReadAction\",\"target\":[\"https:\\\/\\\/agropecuariafenix.com.br\\\/index.php\\\/produto\\\/lata-vet-life-caes-convalescence-300g\\\/\"]}]},{\"@type\":\"ImageObject\",\"inLanguage\":\"pt-BR\",\"@id\":\"https:\\\/\\\/agropecuariafenix.com.br\\\/index.php\\\/produto\\\/lata-vet-life-caes-convalescence-300g\\\/#primaryimage\",\"url\":\"https:\\\/\\\/agropecuariafenix.com.br\\\/wp-content\\\/uploads\\\/2023\\\/08\\\/Lata-Vet-Life-Ces-Convalescence-300G-1868102000.jpg\",\"contentUrl\":\"https:\\\/\\\/agropecuariafenix.com.br\\\/wp-content\\\/uploads\\\/2023\\\/08\\\/Lata-Vet-Life-Ces-Convalescence-300G-1868102000.jpg\",\"width\":700,\"height\":700,\"caption\":\"Lata Vet Life C\u00e3es Convalescence 300G\"},{\"@type\":\"BreadcrumbList\",\"@id\":\"https:\\\/\\\/agropecuariafenix.com.br\\\/index.php\\\/produto\\\/lata-vet-life-caes-convalescence-300g\\\/#breadcrumb\",\"itemListElement\":[{\"@type\":\"ListItem\",\"position\":1,\"name\":\"In\u00edcio\",\"item\":\"https:\\\/\\\/agropecuariafenix.com.br\\\/\"},{\"@type\":\"ListItem\",\"position\":2,\"name\":\"Todos os produtos\",\"item\":\"https:\\\/\\\/agropecuariafenix.com.br\\\/index.php\\\/loja\\\/\"},{\"@type\":\"ListItem\",\"position\":3,\"name\":\"Lata Vet Life C\u00e3es Convalescence 300G\"}]},{\"@type\":\"WebSite\",\"@id\":\"https:\\\/\\\/agropecuariafenix.com.br\\\/#website\",\"url\":\"https:\\\/\\\/agropecuariafenix.com.br\\\/\",\"name\":\"Agropecu\u00e1ria Fenix\",\"description\":\"Agropecu\u00e1ria F\u00eanix Pet - Ra\u00e7\u00f5es \\\/ Medicamentos Pet \\\/ Cl\u00ednica Veterin\u00e1ria \\\/ Banho e Tosa \\\/ Cachorro \\\/\u00a0Gato\u00a0\\\/\u00a0P\u00e1ssaros\",\"publisher\":{\"@id\":\"https:\\\/\\\/agropecuariafenix.com.br\\\/#organization\"},\"alternateName\":\"Agropecu\u00e1ria Fenix\",\"potentialAction\":[{\"@type\":\"SearchAction\",\"target\":{\"@type\":\"EntryPoint\",\"urlTemplate\":\"https:\\\/\\\/agropecuariafenix.com.br\\\/?s={search_term_string}\"},\"query-input\":{\"@type\":\"PropertyValueSpecification\",\"valueRequired\":true,\"valueName\":\"search_term_string\"}}],\"inLanguage\":\"pt-BR\"},{\"@type\":\"Organization\",\"@id\":\"https:\\\/\\\/agropecuariafenix.com.br\\\/#organization\",\"name\":\"Agropecu\u00e1ria Fenix\",\"alternateName\":\"Agropecu\u00e1ria Fenix\",\"url\":\"https:\\\/\\\/agropecuariafenix.com.br\\\/\",\"logo\":{\"@type\":\"ImageObject\",\"inLanguage\":\"pt-BR\",\"@id\":\"https:\\\/\\\/agropecuariafenix.com.br\\\/#\\\/schema\\\/logo\\\/image\\\/\",\"url\":\"https:\\\/\\\/agropecuariafenix.com.br\\\/wp-content\\\/uploads\\\/2023\\\/08\\\/logo_fenix3-Copy.png\",\"contentUrl\":\"https:\\\/\\\/agropecuariafenix.com.br\\\/wp-content\\\/uploads\\\/2023\\\/08\\\/logo_fenix3-Copy.png\",\"width\":500,\"height\":500,\"caption\":\"Agropecu\u00e1ria Fenix\"},\"image\":{\"@id\":\"https:\\\/\\\/agropecuariafenix.com.br\\\/#\\\/schema\\\/logo\\\/image\\\/\"},\"sameAs\":[\"https:\\\/\\\/web.facebook.com\\\/agropecuariafenixjau\",\"https:\\\/\\\/www.instagram.com\\\/agropecuaria_fenix_jau\\\/\"]}]}<\/script>\n<!-- \/ Yoast SEO plugin. -->","yoast_head_json":{"title":"Lata Vet Life C\u00e3es Convalescence 300G - Agropecu\u00e1ria Fenix","robots":{"index":"index","follow":"follow","max-snippet":"max-snippet:-1","max-image-preview":"max-image-preview:large","max-video-preview":"max-video-preview:-1"},"canonical":"https:\/\/agropecuariafenix.com.br\/index.php\/produto\/lata-vet-life-caes-convalescence-300g\/","og_locale":"pt_BR","og_type":"article","og_title":"Lata Vet Life C\u00e3es Convalescence 300G - Agropecu\u00e1ria Fenix","og_description":"Formulada sem ingredientes transg\u00eanicos; Sem conservantes e aromatizantes artif\u00edciais; Baixo \u00edndice glic\u00eamico; Linha totalmente natura","og_url":"https:\/\/agropecuariafenix.com.br\/index.php\/produto\/lata-vet-life-caes-convalescence-300g\/","og_site_name":"Agropecu\u00e1ria Fenix","article_publisher":"https:\/\/web.facebook.com\/agropecuariafenixjau","article_modified_time":"2025-10-28T14:25:51+00:00","og_image":[{"width":700,"height":700,"url":"https:\/\/agropecuariafenix.com.br\/wp-content\/uploads\/2023\/08\/Lata-Vet-Life-Ces-Convalescence-300G-1868102000.jpg","type":"image\/jpeg"}],"twitter_card":"summary_large_image","twitter_misc":{"Est. tempo de leitura":"2 minutos"},"schema":{"@context":"https:\/\/schema.org","@graph":[{"@type":"WebPage","@id":"https:\/\/agropecuariafenix.com.br\/index.php\/produto\/lata-vet-life-caes-convalescence-300g\/","url":"https:\/\/agropecuariafenix.com.br\/index.php\/produto\/lata-vet-life-caes-convalescence-300g\/","name":"Lata Vet Life C\u00e3es Convalescence 300G - Agropecu\u00e1ria Fenix","isPartOf":{"@id":"https:\/\/agropecuariafenix.com.br\/#website"},"primaryImageOfPage":{"@id":"https:\/\/agropecuariafenix.com.br\/index.php\/produto\/lata-vet-life-caes-convalescence-300g\/#primaryimage"},"image":{"@id":"https:\/\/agropecuariafenix.com.br\/index.php\/produto\/lata-vet-life-caes-convalescence-300g\/#primaryimage"},"thumbnailUrl":"https:\/\/agropecuariafenix.com.br\/wp-content\/uploads\/2023\/08\/Lata-Vet-Life-Ces-Convalescence-300G-1868102000.jpg","datePublished":"2023-08-02T17:23:02+00:00","dateModified":"2025-10-28T14:25:51+00:00","breadcrumb":{"@id":"https:\/\/agropecuariafenix.com.br\/index.php\/produto\/lata-vet-life-caes-convalescence-300g\/#breadcrumb"},"inLanguage":"pt-BR","potentialAction":[{"@type":"ReadAction","target":["https:\/\/agropecuariafenix.com.br\/index.php\/produto\/lata-vet-life-caes-convalescence-300g\/"]}]},{"@type":"ImageObject","inLanguage":"pt-BR","@id":"https:\/\/agropecuariafenix.com.br\/index.php\/produto\/lata-vet-life-caes-convalescence-300g\/#primaryimage","url":"https:\/\/agropecuariafenix.com.br\/wp-content\/uploads\/2023\/08\/Lata-Vet-Life-Ces-Convalescence-300G-1868102000.jpg","contentUrl":"https:\/\/agropecuariafenix.com.br\/wp-content\/uploads\/2023\/08\/Lata-Vet-Life-Ces-Convalescence-300G-1868102000.jpg","width":700,"height":700,"caption":"Lata Vet Life C\u00e3es Convalescence 300G"},{"@type":"BreadcrumbList","@id":"https:\/\/agropecuariafenix.com.br\/index.php\/produto\/lata-vet-life-caes-convalescence-300g\/#breadcrumb","itemListElement":[{"@type":"ListItem","position":1,"name":"In\u00edcio","item":"https:\/\/agropecuariafenix.com.br\/"},{"@type":"ListItem","position":2,"name":"Todos os produtos","item":"https:\/\/agropecuariafenix.com.br\/index.php\/loja\/"},{"@type":"ListItem","position":3,"name":"Lata Vet Life C\u00e3es Convalescence 300G"}]},{"@type":"WebSite","@id":"https:\/\/agropecuariafenix.com.br\/#website","url":"https:\/\/agropecuariafenix.com.br\/","name":"Agropecu\u00e1ria Fenix","description":"Agropecu\u00e1ria F\u00eanix Pet - Ra\u00e7\u00f5es \/ Medicamentos Pet \/ Cl\u00ednica Veterin\u00e1ria \/ Banho e Tosa \/ Cachorro \/\u00a0Gato\u00a0\/\u00a0P\u00e1ssaros","publisher":{"@id":"https:\/\/agropecuariafenix.com.br\/#organization"},"alternateName":"Agropecu\u00e1ria Fenix","potentialAction":[{"@type":"SearchAction","target":{"@type":"EntryPoint","urlTemplate":"https:\/\/agropecuariafenix.com.br\/?s={search_term_string}"},"query-input":{"@type":"PropertyValueSpecification","valueRequired":true,"valueName":"search_term_string"}}],"inLanguage":"pt-BR"},{"@type":"Organization","@id":"https:\/\/agropecuariafenix.com.br\/#organization","name":"Agropecu\u00e1ria Fenix","alternateName":"Agropecu\u00e1ria Fenix","url":"https:\/\/agropecuariafenix.com.br\/","logo":{"@type":"ImageObject","inLanguage":"pt-BR","@id":"https:\/\/agropecuariafenix.com.br\/#\/schema\/logo\/image\/","url":"https:\/\/agropecuariafenix.com.br\/wp-content\/uploads\/2023\/08\/logo_fenix3-Copy.png","contentUrl":"https:\/\/agropecuariafenix.com.br\/wp-content\/uploads\/2023\/08\/logo_fenix3-Copy.png","width":500,"height":500,"caption":"Agropecu\u00e1ria Fenix"},"image":{"@id":"https:\/\/agropecuariafenix.com.br\/#\/schema\/logo\/image\/"},"sameAs":["https:\/\/web.facebook.com\/agropecuariafenixjau","https:\/\/www.instagram.com\/agropecuaria_fenix_jau\/"]}]}},"_links":{"self":[{"href":"https:\/\/agropecuariafenix.com.br\/index.php\/wp-json\/wp\/v2\/product\/26409","targetHints":{"allow":["GET"]}}],"collection":[{"href":"https:\/\/agropecuariafenix.com.br\/index.php\/wp-json\/wp\/v2\/product"}],"about":[{"href":"https:\/\/agropecuariafenix.com.br\/index.php\/wp-json\/wp\/v2\/types\/product"}],"replies":[{"embeddable":true,"href":"https:\/\/agropecuariafenix.com.br\/index.php\/wp-json\/wp\/v2\/comments?post=26409"}],"version-history":[{"count":1,"href":"https:\/\/agropecuariafenix.com.br\/index.php\/wp-json\/wp\/v2\/product\/26409\/revisions"}],"predecessor-version":[{"id":26867,"href":"https:\/\/agropecuariafenix.com.br\/index.php\/wp-json\/wp\/v2\/product\/26409\/revisions\/26867"}],"wp:featuredmedia":[{"embeddable":true,"href":"https:\/\/agropecuariafenix.com.br\/index.php\/wp-json\/wp\/v2\/media\/26408"}],"wp:attachment":[{"href":"https:\/\/agropecuariafenix.com.br\/index.php\/wp-json\/wp\/v2\/media?parent=26409"}],"wp:term":[{"taxonomy":"product_brand","embeddable":true,"href":"https:\/\/agropecuariafenix.com.br\/index.php\/wp-json\/wp\/v2\/product_brand?post=26409"},{"taxonomy":"product_cat","embeddable":true,"href":"https:\/\/agropecuariafenix.com.br\/index.php\/wp-json\/wp\/v2\/product_cat?post=26409"},{"taxonomy":"product_tag","embeddable":true,"href":"https:\/\/agropecuariafenix.com.br\/index.php\/wp-json\/wp\/v2\/product_tag?post=26409"}],"curies":[{"name":"wp","href":"https:\/\/api.w.org\/{rel}","templated":true}]}}