{"id":25827,"date":"2022-09-16T09:57:23","date_gmt":"2022-09-16T12:57:23","guid":{"rendered":"https:\/\/agropecuariafenix.com.br\/index.php\/produto\/organnact-mammy-dog-300g\/"},"modified":"2025-10-29T12:18:00","modified_gmt":"2025-10-29T15:18:00","slug":"organnact-mammy-dog-300g","status":"publish","type":"product","link":"https:\/\/agropecuariafenix.com.br\/index.php\/produto\/organnact-mammy-dog-300g\/","title":{"rendered":"Organnact Mammy Dog 300G"},"content":{"rendered":"<p>A fase gestacional dos c\u00e3es \u00e9 extremamente delicada e exige muitos cuidados por parte dos tutores. Para ajud\u00e1-los a oferecer o melhor aos pets e garantir que a gesta\u00e7\u00e3o seja tranquila, a Organnact desenvolveu a vitamina Mammy Dog!<\/p>\n<p>Considerada a melhor vitamina para cadelas gestantes, a Mammy Dog 300 mg \u00e9 a melhor op\u00e7\u00e3o para seu pet, pois:<\/p>\n<p>&#8211; Pode ser oferecida para animais de todos os portes;<br \/>\n&#8211; \u00c9 composta por vitaminas e prote\u00ednas importantes;<br \/>\n&#8211; Tem f\u00e1cil administra\u00e7\u00e3o com p\u00f3 sol\u00favel e palat\u00e1vel.<\/p>\n<p>Apenas as f\u00eameas gestantes podem consumir a vitamina?<br \/>\nN\u00e3o.De acordo com as indica\u00e7\u00f5es do fabricante, al\u00e9m das gestantes, \u00e9 ideal oferecer a vitamina Mammy Dog para as f\u00eameas que est\u00e3o em fase de lacta\u00e7\u00e3o.<\/p>\n<p>Qual \u00e9 a por\u00e7\u00e3o di\u00e1ria ideal para a nutri\u00e7\u00e3o do pet?<br \/>\nO ideal \u00e9 sempre consultar o m\u00e9dico-veterin\u00e1rio para saber a quantidade adequada do suplemento Mammy Dog para sua peludinha. No entanto, o fabricante orienta servir de 2,5 g at\u00e9 10 g de acordo com o peso e o porte do animalzinho.<\/p>\n<p>Como devo servir o suplemento vitam\u00ednico para o animal?<br \/>\nA orienta\u00e7\u00e3o \u00e9 servir a vitamina para cachorra gestante junto ao alimento do pet. Para isso, utilize a colher dosadora e polvilhe o p\u00f3 sobre a ra\u00e7\u00e3o. Se reparar que ela n\u00e3o se adaptou, tente mistur\u00e1-la em algum sach\u00ea de comida \u00famida.<\/p>\n","protected":false},"excerpt":{"rendered":"<p>&#8211; Indicado para c\u00e3es;<br \/>\n&#8211; Ideal para cadelas gestantes e em fase de lacta\u00e7\u00e3o;<br \/>\n&#8211; Suplementa\u00e7\u00e3o alimentar \u00e0 base de minerais e amino\u00e1cidos;<br \/>\n&#8211; Proporciona vitaminas e prote\u00edna em quantia ideal;<br \/>\n&#8211; Apresentado em p\u00f3 sol\u00favel e palat\u00e1vel,<br \/>\n&#8211; Dispon\u00edvel em embalagem com 300 g.<\/p>\n","protected":false},"featured_media":25828,"comment_status":"open","ping_status":"closed","template":"","meta":[],"product_brand":[],"product_cat":[1110],"product_tag":[1321,1408,1409,1407,1406,1146,1144,738,1145],"class_list":{"0":"post-25827","1":"product","2":"type-product","3":"status-publish","4":"has-post-thumbnail","6":"product_cat-medicamentos","7":"product_tag-aminoacido","8":"product_tag-gestante","9":"product_tag-gravida","10":"product_tag-lactante","11":"product_tag-mammy","12":"product_tag-organnact","13":"product_tag-suplemento","14":"product_tag-vitalidade","15":"product_tag-vitamina","17":"first","18":"instock","19":"shipping-taxable","20":"purchasable","21":"product-type-simple"},"yoast_head":"<!-- This site is optimized with the Yoast SEO plugin v27.6 - https:\/\/yoast.com\/product\/yoast-seo-wordpress\/ -->\n<title>Organnact Mammy Dog 300G - Agropecu\u00e1ria Fenix<\/title>\n<meta name=\"robots\" content=\"index, follow, max-snippet:-1, max-image-preview:large, max-video-preview:-1\" \/>\n<link rel=\"canonical\" href=\"https:\/\/agropecuariafenix.com.br\/index.php\/produto\/organnact-mammy-dog-300g\/\" \/>\n<meta property=\"og:locale\" content=\"pt_BR\" \/>\n<meta property=\"og:type\" content=\"article\" \/>\n<meta property=\"og:title\" content=\"Organnact Mammy Dog 300G - Agropecu\u00e1ria Fenix\" \/>\n<meta property=\"og:description\" content=\"&#8211; Indicado para c\u00e3es; &#8211; Ideal para cadelas gestantes e em fase de lacta\u00e7\u00e3o; &#8211; Suplementa\u00e7\u00e3o alimentar \u00e0 base de minerais e amino\u00e1cidos; &#8211; Proporciona vitaminas e prote\u00edna em quantia ideal; &#8211; Apresentado em p\u00f3 sol\u00favel e palat\u00e1vel, &#8211; Dispon\u00edvel em embalagem com 300 g.\" \/>\n<meta property=\"og:url\" content=\"https:\/\/agropecuariafenix.com.br\/index.php\/produto\/organnact-mammy-dog-300g\/\" \/>\n<meta property=\"og:site_name\" content=\"Agropecu\u00e1ria Fenix\" \/>\n<meta property=\"article:publisher\" content=\"https:\/\/web.facebook.com\/agropecuariafenixjau\" \/>\n<meta property=\"article:modified_time\" content=\"2025-10-29T15:18:00+00:00\" \/>\n<meta property=\"og:image\" content=\"https:\/\/agropecuariafenix.com.br\/wp-content\/uploads\/2022\/09\/Organnact-Mammy-Dog-300G-9351438.jpg\" \/>\n\t<meta property=\"og:image:width\" content=\"900\" \/>\n\t<meta property=\"og:image:height\" content=\"900\" \/>\n\t<meta property=\"og:image:type\" content=\"image\/jpeg\" \/>\n<meta name=\"twitter:card\" content=\"summary_large_image\" \/>\n<meta name=\"twitter:label1\" content=\"Est. tempo de leitura\" \/>\n\t<meta name=\"twitter:data1\" content=\"1 minuto\" \/>\n<script type=\"application\/ld+json\" class=\"yoast-schema-graph\">{\"@context\":\"https:\\\/\\\/schema.org\",\"@graph\":[{\"@type\":\"WebPage\",\"@id\":\"https:\\\/\\\/agropecuariafenix.com.br\\\/index.php\\\/produto\\\/organnact-mammy-dog-300g\\\/\",\"url\":\"https:\\\/\\\/agropecuariafenix.com.br\\\/index.php\\\/produto\\\/organnact-mammy-dog-300g\\\/\",\"name\":\"Organnact Mammy Dog 300G - Agropecu\u00e1ria Fenix\",\"isPartOf\":{\"@id\":\"https:\\\/\\\/agropecuariafenix.com.br\\\/#website\"},\"primaryImageOfPage\":{\"@id\":\"https:\\\/\\\/agropecuariafenix.com.br\\\/index.php\\\/produto\\\/organnact-mammy-dog-300g\\\/#primaryimage\"},\"image\":{\"@id\":\"https:\\\/\\\/agropecuariafenix.com.br\\\/index.php\\\/produto\\\/organnact-mammy-dog-300g\\\/#primaryimage\"},\"thumbnailUrl\":\"https:\\\/\\\/agropecuariafenix.com.br\\\/wp-content\\\/uploads\\\/2022\\\/09\\\/Organnact-Mammy-Dog-300G-9351438.jpg\",\"datePublished\":\"2022-09-16T12:57:23+00:00\",\"dateModified\":\"2025-10-29T15:18:00+00:00\",\"breadcrumb\":{\"@id\":\"https:\\\/\\\/agropecuariafenix.com.br\\\/index.php\\\/produto\\\/organnact-mammy-dog-300g\\\/#breadcrumb\"},\"inLanguage\":\"pt-BR\",\"potentialAction\":[{\"@type\":\"ReadAction\",\"target\":[\"https:\\\/\\\/agropecuariafenix.com.br\\\/index.php\\\/produto\\\/organnact-mammy-dog-300g\\\/\"]}]},{\"@type\":\"ImageObject\",\"inLanguage\":\"pt-BR\",\"@id\":\"https:\\\/\\\/agropecuariafenix.com.br\\\/index.php\\\/produto\\\/organnact-mammy-dog-300g\\\/#primaryimage\",\"url\":\"https:\\\/\\\/agropecuariafenix.com.br\\\/wp-content\\\/uploads\\\/2022\\\/09\\\/Organnact-Mammy-Dog-300G-9351438.jpg\",\"contentUrl\":\"https:\\\/\\\/agropecuariafenix.com.br\\\/wp-content\\\/uploads\\\/2022\\\/09\\\/Organnact-Mammy-Dog-300G-9351438.jpg\",\"width\":900,\"height\":900,\"caption\":\"Organnact Mammy Dog 300G\"},{\"@type\":\"BreadcrumbList\",\"@id\":\"https:\\\/\\\/agropecuariafenix.com.br\\\/index.php\\\/produto\\\/organnact-mammy-dog-300g\\\/#breadcrumb\",\"itemListElement\":[{\"@type\":\"ListItem\",\"position\":1,\"name\":\"In\u00edcio\",\"item\":\"https:\\\/\\\/agropecuariafenix.com.br\\\/\"},{\"@type\":\"ListItem\",\"position\":2,\"name\":\"Todos os produtos\",\"item\":\"https:\\\/\\\/agropecuariafenix.com.br\\\/index.php\\\/loja\\\/\"},{\"@type\":\"ListItem\",\"position\":3,\"name\":\"Organnact Mammy Dog 300G\"}]},{\"@type\":\"WebSite\",\"@id\":\"https:\\\/\\\/agropecuariafenix.com.br\\\/#website\",\"url\":\"https:\\\/\\\/agropecuariafenix.com.br\\\/\",\"name\":\"Agropecu\u00e1ria Fenix\",\"description\":\"Agropecu\u00e1ria F\u00eanix Pet - Ra\u00e7\u00f5es \\\/ Medicamentos Pet \\\/ Cl\u00ednica Veterin\u00e1ria \\\/ Banho e Tosa \\\/ Cachorro \\\/\u00a0Gato\u00a0\\\/\u00a0P\u00e1ssaros\",\"publisher\":{\"@id\":\"https:\\\/\\\/agropecuariafenix.com.br\\\/#organization\"},\"alternateName\":\"Agropecu\u00e1ria Fenix\",\"potentialAction\":[{\"@type\":\"SearchAction\",\"target\":{\"@type\":\"EntryPoint\",\"urlTemplate\":\"https:\\\/\\\/agropecuariafenix.com.br\\\/?s={search_term_string}\"},\"query-input\":{\"@type\":\"PropertyValueSpecification\",\"valueRequired\":true,\"valueName\":\"search_term_string\"}}],\"inLanguage\":\"pt-BR\"},{\"@type\":\"Organization\",\"@id\":\"https:\\\/\\\/agropecuariafenix.com.br\\\/#organization\",\"name\":\"Agropecu\u00e1ria Fenix\",\"alternateName\":\"Agropecu\u00e1ria Fenix\",\"url\":\"https:\\\/\\\/agropecuariafenix.com.br\\\/\",\"logo\":{\"@type\":\"ImageObject\",\"inLanguage\":\"pt-BR\",\"@id\":\"https:\\\/\\\/agropecuariafenix.com.br\\\/#\\\/schema\\\/logo\\\/image\\\/\",\"url\":\"https:\\\/\\\/agropecuariafenix.com.br\\\/wp-content\\\/uploads\\\/2023\\\/08\\\/logo_fenix3-Copy.png\",\"contentUrl\":\"https:\\\/\\\/agropecuariafenix.com.br\\\/wp-content\\\/uploads\\\/2023\\\/08\\\/logo_fenix3-Copy.png\",\"width\":500,\"height\":500,\"caption\":\"Agropecu\u00e1ria Fenix\"},\"image\":{\"@id\":\"https:\\\/\\\/agropecuariafenix.com.br\\\/#\\\/schema\\\/logo\\\/image\\\/\"},\"sameAs\":[\"https:\\\/\\\/web.facebook.com\\\/agropecuariafenixjau\",\"https:\\\/\\\/www.instagram.com\\\/agropecuaria_fenix_jau\\\/\"]}]}<\/script>\n<!-- \/ Yoast SEO plugin. -->","yoast_head_json":{"title":"Organnact Mammy Dog 300G - Agropecu\u00e1ria Fenix","robots":{"index":"index","follow":"follow","max-snippet":"max-snippet:-1","max-image-preview":"max-image-preview:large","max-video-preview":"max-video-preview:-1"},"canonical":"https:\/\/agropecuariafenix.com.br\/index.php\/produto\/organnact-mammy-dog-300g\/","og_locale":"pt_BR","og_type":"article","og_title":"Organnact Mammy Dog 300G - Agropecu\u00e1ria Fenix","og_description":"&#8211; Indicado para c\u00e3es; &#8211; Ideal para cadelas gestantes e em fase de lacta\u00e7\u00e3o; &#8211; Suplementa\u00e7\u00e3o alimentar \u00e0 base de minerais e amino\u00e1cidos; &#8211; Proporciona vitaminas e prote\u00edna em quantia ideal; &#8211; Apresentado em p\u00f3 sol\u00favel e palat\u00e1vel, &#8211; Dispon\u00edvel em embalagem com 300 g.","og_url":"https:\/\/agropecuariafenix.com.br\/index.php\/produto\/organnact-mammy-dog-300g\/","og_site_name":"Agropecu\u00e1ria Fenix","article_publisher":"https:\/\/web.facebook.com\/agropecuariafenixjau","article_modified_time":"2025-10-29T15:18:00+00:00","og_image":[{"width":900,"height":900,"url":"https:\/\/agropecuariafenix.com.br\/wp-content\/uploads\/2022\/09\/Organnact-Mammy-Dog-300G-9351438.jpg","type":"image\/jpeg"}],"twitter_card":"summary_large_image","twitter_misc":{"Est. tempo de leitura":"1 minuto"},"schema":{"@context":"https:\/\/schema.org","@graph":[{"@type":"WebPage","@id":"https:\/\/agropecuariafenix.com.br\/index.php\/produto\/organnact-mammy-dog-300g\/","url":"https:\/\/agropecuariafenix.com.br\/index.php\/produto\/organnact-mammy-dog-300g\/","name":"Organnact Mammy Dog 300G - Agropecu\u00e1ria Fenix","isPartOf":{"@id":"https:\/\/agropecuariafenix.com.br\/#website"},"primaryImageOfPage":{"@id":"https:\/\/agropecuariafenix.com.br\/index.php\/produto\/organnact-mammy-dog-300g\/#primaryimage"},"image":{"@id":"https:\/\/agropecuariafenix.com.br\/index.php\/produto\/organnact-mammy-dog-300g\/#primaryimage"},"thumbnailUrl":"https:\/\/agropecuariafenix.com.br\/wp-content\/uploads\/2022\/09\/Organnact-Mammy-Dog-300G-9351438.jpg","datePublished":"2022-09-16T12:57:23+00:00","dateModified":"2025-10-29T15:18:00+00:00","breadcrumb":{"@id":"https:\/\/agropecuariafenix.com.br\/index.php\/produto\/organnact-mammy-dog-300g\/#breadcrumb"},"inLanguage":"pt-BR","potentialAction":[{"@type":"ReadAction","target":["https:\/\/agropecuariafenix.com.br\/index.php\/produto\/organnact-mammy-dog-300g\/"]}]},{"@type":"ImageObject","inLanguage":"pt-BR","@id":"https:\/\/agropecuariafenix.com.br\/index.php\/produto\/organnact-mammy-dog-300g\/#primaryimage","url":"https:\/\/agropecuariafenix.com.br\/wp-content\/uploads\/2022\/09\/Organnact-Mammy-Dog-300G-9351438.jpg","contentUrl":"https:\/\/agropecuariafenix.com.br\/wp-content\/uploads\/2022\/09\/Organnact-Mammy-Dog-300G-9351438.jpg","width":900,"height":900,"caption":"Organnact Mammy Dog 300G"},{"@type":"BreadcrumbList","@id":"https:\/\/agropecuariafenix.com.br\/index.php\/produto\/organnact-mammy-dog-300g\/#breadcrumb","itemListElement":[{"@type":"ListItem","position":1,"name":"In\u00edcio","item":"https:\/\/agropecuariafenix.com.br\/"},{"@type":"ListItem","position":2,"name":"Todos os produtos","item":"https:\/\/agropecuariafenix.com.br\/index.php\/loja\/"},{"@type":"ListItem","position":3,"name":"Organnact Mammy Dog 300G"}]},{"@type":"WebSite","@id":"https:\/\/agropecuariafenix.com.br\/#website","url":"https:\/\/agropecuariafenix.com.br\/","name":"Agropecu\u00e1ria Fenix","description":"Agropecu\u00e1ria F\u00eanix Pet - Ra\u00e7\u00f5es \/ Medicamentos Pet \/ Cl\u00ednica Veterin\u00e1ria \/ Banho e Tosa \/ Cachorro \/\u00a0Gato\u00a0\/\u00a0P\u00e1ssaros","publisher":{"@id":"https:\/\/agropecuariafenix.com.br\/#organization"},"alternateName":"Agropecu\u00e1ria Fenix","potentialAction":[{"@type":"SearchAction","target":{"@type":"EntryPoint","urlTemplate":"https:\/\/agropecuariafenix.com.br\/?s={search_term_string}"},"query-input":{"@type":"PropertyValueSpecification","valueRequired":true,"valueName":"search_term_string"}}],"inLanguage":"pt-BR"},{"@type":"Organization","@id":"https:\/\/agropecuariafenix.com.br\/#organization","name":"Agropecu\u00e1ria Fenix","alternateName":"Agropecu\u00e1ria Fenix","url":"https:\/\/agropecuariafenix.com.br\/","logo":{"@type":"ImageObject","inLanguage":"pt-BR","@id":"https:\/\/agropecuariafenix.com.br\/#\/schema\/logo\/image\/","url":"https:\/\/agropecuariafenix.com.br\/wp-content\/uploads\/2023\/08\/logo_fenix3-Copy.png","contentUrl":"https:\/\/agropecuariafenix.com.br\/wp-content\/uploads\/2023\/08\/logo_fenix3-Copy.png","width":500,"height":500,"caption":"Agropecu\u00e1ria Fenix"},"image":{"@id":"https:\/\/agropecuariafenix.com.br\/#\/schema\/logo\/image\/"},"sameAs":["https:\/\/web.facebook.com\/agropecuariafenixjau","https:\/\/www.instagram.com\/agropecuaria_fenix_jau\/"]}]}},"_links":{"self":[{"href":"https:\/\/agropecuariafenix.com.br\/index.php\/wp-json\/wp\/v2\/product\/25827","targetHints":{"allow":["GET"]}}],"collection":[{"href":"https:\/\/agropecuariafenix.com.br\/index.php\/wp-json\/wp\/v2\/product"}],"about":[{"href":"https:\/\/agropecuariafenix.com.br\/index.php\/wp-json\/wp\/v2\/types\/product"}],"replies":[{"embeddable":true,"href":"https:\/\/agropecuariafenix.com.br\/index.php\/wp-json\/wp\/v2\/comments?post=25827"}],"version-history":[{"count":2,"href":"https:\/\/agropecuariafenix.com.br\/index.php\/wp-json\/wp\/v2\/product\/25827\/revisions"}],"predecessor-version":[{"id":25830,"href":"https:\/\/agropecuariafenix.com.br\/index.php\/wp-json\/wp\/v2\/product\/25827\/revisions\/25830"}],"wp:featuredmedia":[{"embeddable":true,"href":"https:\/\/agropecuariafenix.com.br\/index.php\/wp-json\/wp\/v2\/media\/25828"}],"wp:attachment":[{"href":"https:\/\/agropecuariafenix.com.br\/index.php\/wp-json\/wp\/v2\/media?parent=25827"}],"wp:term":[{"taxonomy":"product_brand","embeddable":true,"href":"https:\/\/agropecuariafenix.com.br\/index.php\/wp-json\/wp\/v2\/product_brand?post=25827"},{"taxonomy":"product_cat","embeddable":true,"href":"https:\/\/agropecuariafenix.com.br\/index.php\/wp-json\/wp\/v2\/product_cat?post=25827"},{"taxonomy":"product_tag","embeddable":true,"href":"https:\/\/agropecuariafenix.com.br\/index.php\/wp-json\/wp\/v2\/product_tag?post=25827"}],"curies":[{"name":"wp","href":"https:\/\/api.w.org\/{rel}","templated":true}]}}