{"id":25530,"date":"2022-09-15T09:12:21","date_gmt":"2022-09-15T12:12:21","guid":{"rendered":"https:\/\/agropecuariafenix.com.br\/index.php\/produto\/nexgard-spectra-caes-76-a-15kg\/"},"modified":"2026-05-06T01:56:00","modified_gmt":"2026-05-06T04:56:00","slug":"nexgard-spectra-caes-76-a-15kg","status":"publish","type":"product","link":"https:\/\/agropecuariafenix.com.br\/index.php\/produto\/nexgard-spectra-caes-76-a-15kg\/","title":{"rendered":"Nexgard Spectra C\u00e3es 7,6 A 15Kg"},"content":{"rendered":"<p>Refer\u00eancia no tratamento contra pulgas, carrapatos, sarna e vermes, o Antipulgas e Carrapatos NexGard Spectra para C\u00e3es de 7,6 a 15 Kg \u00e9 comprovadamente seguro para c\u00e3es de qualquer ra\u00e7a e conta com uma linha completa para atender diferentes portes e pesos. Pode ser administrado em c\u00e3es adultos e filhotes a partir de oito semanas de vida e pesando acima de 2kg. Nexgard Spectra tem um r\u00e1pido in\u00edcio de a\u00e7\u00e3o e atinge 100% de efic\u00e1cia em 8 horas para pulgas. O NexGard spectra funciona por 30 dias. Para manter seu pet livre de pulga, carrapato, sarna e vermes, fa\u00e7a o tratamento mensal.<\/p>\n<p>Modo de Uso: A administra\u00e7\u00e3o de NexGard ser\u00e1 uma tarefa f\u00e1cil, pois o tablete mastig\u00e1vel sabor carne \u00e9 altamente aceito pelos c\u00e3es, gra\u00e7as a sua alta palatabilidade. Pode ser oferecido com ou sem alimentos, pois n\u00e3o altera sua efic\u00e1cia. Para melhores resultados, garanta que o seu c\u00e3o consuma o tablete por inteiro e observe por alguns minutos para se certificar de que nenhuma parte foi desperdi\u00e7ada.<\/p>\n<p>Recomenda\u00e7\u00f5es: Em casos de rea\u00e7\u00f5es adversas ao tratamento, suspenda o uso e consulte o m\u00e9dico-veterin\u00e1rio imediatamente. Siga sempre a dosagem recomendada e leia a bula. Aconselha-se realizar limpeza completa do ambiente para auxiliar no controle de parasitas. Em caso de d\u00favidas, fale conosco ligando para 0800 888 7387 (seg \u00e0 sex, das 8h \u00e0s 18h) ou envie um e-mail para falecom.br@boehringer-ingelheim.com<\/p>\n","protected":false},"excerpt":{"rendered":"<p>&#8211; Seguran\u00e7a e efic\u00e1cia na medida;<br \/>\n&#8211; A\u00e7\u00e3o interna e externa em uma \u00fanica dose;<br \/>\n&#8211; Dispon\u00edvel em embalagem com um tablete;<br \/>\n&#8211; Prote\u00e7\u00e3o mensal contra pulgas, carrapatos, sarna e vermes;<br \/>\n&#8211; Pode ser administrado com ou sem alimentos;<br \/>\n&#8211; Tablete mastig\u00e1vel sabor carne que os c\u00e3es adoram;<br \/>\n&#8211; Indicado para todos os c\u00e3es a partir de 8 semanas de idade.<\/p>\n","protected":false},"featured_media":25552,"comment_status":"open","ping_status":"closed","template":"","meta":[],"product_brand":[],"product_cat":[1110],"product_tag":[1109,1266,1265,1268,1269],"class_list":{"0":"post-25530","1":"product","2":"type-product","3":"status-publish","4":"has-post-thumbnail","6":"product_cat-medicamentos","7":"product_tag-antipulgas","8":"product_tag-carrapatos","9":"product_tag-nexgard","10":"product_tag-sarna","11":"product_tag-vermifugo","13":"first","14":"instock","15":"shipping-taxable","16":"purchasable","17":"product-type-simple"},"yoast_head":"<!-- This site is optimized with the Yoast SEO plugin v27.6 - https:\/\/yoast.com\/product\/yoast-seo-wordpress\/ -->\n<title>Nexgard Spectra C\u00e3es 7,6 A 15Kg - Agropecu\u00e1ria Fenix<\/title>\n<meta name=\"robots\" content=\"index, follow, max-snippet:-1, max-image-preview:large, max-video-preview:-1\" \/>\n<link rel=\"canonical\" href=\"https:\/\/agropecuariafenix.com.br\/index.php\/produto\/nexgard-spectra-caes-76-a-15kg\/\" \/>\n<meta property=\"og:locale\" content=\"pt_BR\" \/>\n<meta property=\"og:type\" content=\"article\" \/>\n<meta property=\"og:title\" content=\"Nexgard Spectra C\u00e3es 7,6 A 15Kg - Agropecu\u00e1ria Fenix\" \/>\n<meta property=\"og:description\" content=\"&#8211; Seguran\u00e7a e efic\u00e1cia na medida; &#8211; A\u00e7\u00e3o interna e externa em uma \u00fanica dose; &#8211; Dispon\u00edvel em embalagem com um tablete; &#8211; Prote\u00e7\u00e3o mensal contra pulgas, carrapatos, sarna e vermes; &#8211; Pode ser administrado com ou sem alimentos; &#8211; Tablete mastig\u00e1vel sabor carne que os c\u00e3es adoram; &#8211; Indicado para todos os c\u00e3es a partir de 8 semanas de idade.\" \/>\n<meta property=\"og:url\" content=\"https:\/\/agropecuariafenix.com.br\/index.php\/produto\/nexgard-spectra-caes-76-a-15kg\/\" \/>\n<meta property=\"og:site_name\" content=\"Agropecu\u00e1ria Fenix\" \/>\n<meta property=\"article:publisher\" content=\"https:\/\/web.facebook.com\/agropecuariafenixjau\" \/>\n<meta property=\"article:modified_time\" content=\"2026-05-06T04:56:00+00:00\" \/>\n<meta property=\"og:image\" content=\"https:\/\/agropecuariafenix.com.br\/wp-content\/uploads\/2022\/09\/Nexgard-Spectra-Ces-76-A-15Kg-1609434377.jpg\" \/>\n\t<meta property=\"og:image:width\" content=\"400\" \/>\n\t<meta property=\"og:image:height\" content=\"400\" \/>\n\t<meta property=\"og:image:type\" content=\"image\/jpeg\" \/>\n<meta name=\"twitter:card\" content=\"summary_large_image\" \/>\n<meta name=\"twitter:label1\" content=\"Est. tempo de leitura\" \/>\n\t<meta name=\"twitter:data1\" content=\"1 minuto\" \/>\n<script type=\"application\/ld+json\" class=\"yoast-schema-graph\">{\"@context\":\"https:\\\/\\\/schema.org\",\"@graph\":[{\"@type\":\"WebPage\",\"@id\":\"https:\\\/\\\/agropecuariafenix.com.br\\\/index.php\\\/produto\\\/nexgard-spectra-caes-76-a-15kg\\\/\",\"url\":\"https:\\\/\\\/agropecuariafenix.com.br\\\/index.php\\\/produto\\\/nexgard-spectra-caes-76-a-15kg\\\/\",\"name\":\"Nexgard Spectra C\u00e3es 7,6 A 15Kg - Agropecu\u00e1ria Fenix\",\"isPartOf\":{\"@id\":\"https:\\\/\\\/agropecuariafenix.com.br\\\/#website\"},\"primaryImageOfPage\":{\"@id\":\"https:\\\/\\\/agropecuariafenix.com.br\\\/index.php\\\/produto\\\/nexgard-spectra-caes-76-a-15kg\\\/#primaryimage\"},\"image\":{\"@id\":\"https:\\\/\\\/agropecuariafenix.com.br\\\/index.php\\\/produto\\\/nexgard-spectra-caes-76-a-15kg\\\/#primaryimage\"},\"thumbnailUrl\":\"https:\\\/\\\/agropecuariafenix.com.br\\\/wp-content\\\/uploads\\\/2022\\\/09\\\/Nexgard-Spectra-Ces-76-A-15Kg-1609434377.jpg\",\"datePublished\":\"2022-09-15T12:12:21+00:00\",\"dateModified\":\"2026-05-06T04:56:00+00:00\",\"breadcrumb\":{\"@id\":\"https:\\\/\\\/agropecuariafenix.com.br\\\/index.php\\\/produto\\\/nexgard-spectra-caes-76-a-15kg\\\/#breadcrumb\"},\"inLanguage\":\"pt-BR\",\"potentialAction\":[{\"@type\":\"ReadAction\",\"target\":[\"https:\\\/\\\/agropecuariafenix.com.br\\\/index.php\\\/produto\\\/nexgard-spectra-caes-76-a-15kg\\\/\"]}]},{\"@type\":\"ImageObject\",\"inLanguage\":\"pt-BR\",\"@id\":\"https:\\\/\\\/agropecuariafenix.com.br\\\/index.php\\\/produto\\\/nexgard-spectra-caes-76-a-15kg\\\/#primaryimage\",\"url\":\"https:\\\/\\\/agropecuariafenix.com.br\\\/wp-content\\\/uploads\\\/2022\\\/09\\\/Nexgard-Spectra-Ces-76-A-15Kg-1609434377.jpg\",\"contentUrl\":\"https:\\\/\\\/agropecuariafenix.com.br\\\/wp-content\\\/uploads\\\/2022\\\/09\\\/Nexgard-Spectra-Ces-76-A-15Kg-1609434377.jpg\",\"width\":400,\"height\":400,\"caption\":\"Nexgard Spectra C\u00e3es 7,6 A 15Kg\"},{\"@type\":\"BreadcrumbList\",\"@id\":\"https:\\\/\\\/agropecuariafenix.com.br\\\/index.php\\\/produto\\\/nexgard-spectra-caes-76-a-15kg\\\/#breadcrumb\",\"itemListElement\":[{\"@type\":\"ListItem\",\"position\":1,\"name\":\"In\u00edcio\",\"item\":\"https:\\\/\\\/agropecuariafenix.com.br\\\/\"},{\"@type\":\"ListItem\",\"position\":2,\"name\":\"Todos os produtos\",\"item\":\"https:\\\/\\\/agropecuariafenix.com.br\\\/index.php\\\/loja\\\/\"},{\"@type\":\"ListItem\",\"position\":3,\"name\":\"Nexgard Spectra C\u00e3es 7,6 A 15Kg\"}]},{\"@type\":\"WebSite\",\"@id\":\"https:\\\/\\\/agropecuariafenix.com.br\\\/#website\",\"url\":\"https:\\\/\\\/agropecuariafenix.com.br\\\/\",\"name\":\"Agropecu\u00e1ria Fenix\",\"description\":\"Agropecu\u00e1ria F\u00eanix Pet - Ra\u00e7\u00f5es \\\/ Medicamentos Pet \\\/ Cl\u00ednica Veterin\u00e1ria \\\/ Banho e Tosa \\\/ Cachorro \\\/\u00a0Gato\u00a0\\\/\u00a0P\u00e1ssaros\",\"publisher\":{\"@id\":\"https:\\\/\\\/agropecuariafenix.com.br\\\/#organization\"},\"alternateName\":\"Agropecu\u00e1ria Fenix\",\"potentialAction\":[{\"@type\":\"SearchAction\",\"target\":{\"@type\":\"EntryPoint\",\"urlTemplate\":\"https:\\\/\\\/agropecuariafenix.com.br\\\/?s={search_term_string}\"},\"query-input\":{\"@type\":\"PropertyValueSpecification\",\"valueRequired\":true,\"valueName\":\"search_term_string\"}}],\"inLanguage\":\"pt-BR\"},{\"@type\":\"Organization\",\"@id\":\"https:\\\/\\\/agropecuariafenix.com.br\\\/#organization\",\"name\":\"Agropecu\u00e1ria Fenix\",\"alternateName\":\"Agropecu\u00e1ria Fenix\",\"url\":\"https:\\\/\\\/agropecuariafenix.com.br\\\/\",\"logo\":{\"@type\":\"ImageObject\",\"inLanguage\":\"pt-BR\",\"@id\":\"https:\\\/\\\/agropecuariafenix.com.br\\\/#\\\/schema\\\/logo\\\/image\\\/\",\"url\":\"https:\\\/\\\/agropecuariafenix.com.br\\\/wp-content\\\/uploads\\\/2023\\\/08\\\/logo_fenix3-Copy.png\",\"contentUrl\":\"https:\\\/\\\/agropecuariafenix.com.br\\\/wp-content\\\/uploads\\\/2023\\\/08\\\/logo_fenix3-Copy.png\",\"width\":500,\"height\":500,\"caption\":\"Agropecu\u00e1ria Fenix\"},\"image\":{\"@id\":\"https:\\\/\\\/agropecuariafenix.com.br\\\/#\\\/schema\\\/logo\\\/image\\\/\"},\"sameAs\":[\"https:\\\/\\\/web.facebook.com\\\/agropecuariafenixjau\",\"https:\\\/\\\/www.instagram.com\\\/agropecuaria_fenix_jau\\\/\"]}]}<\/script>\n<!-- \/ Yoast SEO plugin. -->","yoast_head_json":{"title":"Nexgard Spectra C\u00e3es 7,6 A 15Kg - Agropecu\u00e1ria Fenix","robots":{"index":"index","follow":"follow","max-snippet":"max-snippet:-1","max-image-preview":"max-image-preview:large","max-video-preview":"max-video-preview:-1"},"canonical":"https:\/\/agropecuariafenix.com.br\/index.php\/produto\/nexgard-spectra-caes-76-a-15kg\/","og_locale":"pt_BR","og_type":"article","og_title":"Nexgard Spectra C\u00e3es 7,6 A 15Kg - Agropecu\u00e1ria Fenix","og_description":"&#8211; Seguran\u00e7a e efic\u00e1cia na medida; &#8211; A\u00e7\u00e3o interna e externa em uma \u00fanica dose; &#8211; Dispon\u00edvel em embalagem com um tablete; &#8211; Prote\u00e7\u00e3o mensal contra pulgas, carrapatos, sarna e vermes; &#8211; Pode ser administrado com ou sem alimentos; &#8211; Tablete mastig\u00e1vel sabor carne que os c\u00e3es adoram; &#8211; Indicado para todos os c\u00e3es a partir de 8 semanas de idade.","og_url":"https:\/\/agropecuariafenix.com.br\/index.php\/produto\/nexgard-spectra-caes-76-a-15kg\/","og_site_name":"Agropecu\u00e1ria Fenix","article_publisher":"https:\/\/web.facebook.com\/agropecuariafenixjau","article_modified_time":"2026-05-06T04:56:00+00:00","og_image":[{"width":400,"height":400,"url":"https:\/\/agropecuariafenix.com.br\/wp-content\/uploads\/2022\/09\/Nexgard-Spectra-Ces-76-A-15Kg-1609434377.jpg","type":"image\/jpeg"}],"twitter_card":"summary_large_image","twitter_misc":{"Est. tempo de leitura":"1 minuto"},"schema":{"@context":"https:\/\/schema.org","@graph":[{"@type":"WebPage","@id":"https:\/\/agropecuariafenix.com.br\/index.php\/produto\/nexgard-spectra-caes-76-a-15kg\/","url":"https:\/\/agropecuariafenix.com.br\/index.php\/produto\/nexgard-spectra-caes-76-a-15kg\/","name":"Nexgard Spectra C\u00e3es 7,6 A 15Kg - Agropecu\u00e1ria Fenix","isPartOf":{"@id":"https:\/\/agropecuariafenix.com.br\/#website"},"primaryImageOfPage":{"@id":"https:\/\/agropecuariafenix.com.br\/index.php\/produto\/nexgard-spectra-caes-76-a-15kg\/#primaryimage"},"image":{"@id":"https:\/\/agropecuariafenix.com.br\/index.php\/produto\/nexgard-spectra-caes-76-a-15kg\/#primaryimage"},"thumbnailUrl":"https:\/\/agropecuariafenix.com.br\/wp-content\/uploads\/2022\/09\/Nexgard-Spectra-Ces-76-A-15Kg-1609434377.jpg","datePublished":"2022-09-15T12:12:21+00:00","dateModified":"2026-05-06T04:56:00+00:00","breadcrumb":{"@id":"https:\/\/agropecuariafenix.com.br\/index.php\/produto\/nexgard-spectra-caes-76-a-15kg\/#breadcrumb"},"inLanguage":"pt-BR","potentialAction":[{"@type":"ReadAction","target":["https:\/\/agropecuariafenix.com.br\/index.php\/produto\/nexgard-spectra-caes-76-a-15kg\/"]}]},{"@type":"ImageObject","inLanguage":"pt-BR","@id":"https:\/\/agropecuariafenix.com.br\/index.php\/produto\/nexgard-spectra-caes-76-a-15kg\/#primaryimage","url":"https:\/\/agropecuariafenix.com.br\/wp-content\/uploads\/2022\/09\/Nexgard-Spectra-Ces-76-A-15Kg-1609434377.jpg","contentUrl":"https:\/\/agropecuariafenix.com.br\/wp-content\/uploads\/2022\/09\/Nexgard-Spectra-Ces-76-A-15Kg-1609434377.jpg","width":400,"height":400,"caption":"Nexgard Spectra C\u00e3es 7,6 A 15Kg"},{"@type":"BreadcrumbList","@id":"https:\/\/agropecuariafenix.com.br\/index.php\/produto\/nexgard-spectra-caes-76-a-15kg\/#breadcrumb","itemListElement":[{"@type":"ListItem","position":1,"name":"In\u00edcio","item":"https:\/\/agropecuariafenix.com.br\/"},{"@type":"ListItem","position":2,"name":"Todos os produtos","item":"https:\/\/agropecuariafenix.com.br\/index.php\/loja\/"},{"@type":"ListItem","position":3,"name":"Nexgard Spectra C\u00e3es 7,6 A 15Kg"}]},{"@type":"WebSite","@id":"https:\/\/agropecuariafenix.com.br\/#website","url":"https:\/\/agropecuariafenix.com.br\/","name":"Agropecu\u00e1ria Fenix","description":"Agropecu\u00e1ria F\u00eanix Pet - Ra\u00e7\u00f5es \/ Medicamentos Pet \/ Cl\u00ednica Veterin\u00e1ria \/ Banho e Tosa \/ Cachorro \/\u00a0Gato\u00a0\/\u00a0P\u00e1ssaros","publisher":{"@id":"https:\/\/agropecuariafenix.com.br\/#organization"},"alternateName":"Agropecu\u00e1ria Fenix","potentialAction":[{"@type":"SearchAction","target":{"@type":"EntryPoint","urlTemplate":"https:\/\/agropecuariafenix.com.br\/?s={search_term_string}"},"query-input":{"@type":"PropertyValueSpecification","valueRequired":true,"valueName":"search_term_string"}}],"inLanguage":"pt-BR"},{"@type":"Organization","@id":"https:\/\/agropecuariafenix.com.br\/#organization","name":"Agropecu\u00e1ria Fenix","alternateName":"Agropecu\u00e1ria Fenix","url":"https:\/\/agropecuariafenix.com.br\/","logo":{"@type":"ImageObject","inLanguage":"pt-BR","@id":"https:\/\/agropecuariafenix.com.br\/#\/schema\/logo\/image\/","url":"https:\/\/agropecuariafenix.com.br\/wp-content\/uploads\/2023\/08\/logo_fenix3-Copy.png","contentUrl":"https:\/\/agropecuariafenix.com.br\/wp-content\/uploads\/2023\/08\/logo_fenix3-Copy.png","width":500,"height":500,"caption":"Agropecu\u00e1ria Fenix"},"image":{"@id":"https:\/\/agropecuariafenix.com.br\/#\/schema\/logo\/image\/"},"sameAs":["https:\/\/web.facebook.com\/agropecuariafenixjau","https:\/\/www.instagram.com\/agropecuaria_fenix_jau\/"]}]}},"_links":{"self":[{"href":"https:\/\/agropecuariafenix.com.br\/index.php\/wp-json\/wp\/v2\/product\/25530","targetHints":{"allow":["GET"]}}],"collection":[{"href":"https:\/\/agropecuariafenix.com.br\/index.php\/wp-json\/wp\/v2\/product"}],"about":[{"href":"https:\/\/agropecuariafenix.com.br\/index.php\/wp-json\/wp\/v2\/types\/product"}],"replies":[{"embeddable":true,"href":"https:\/\/agropecuariafenix.com.br\/index.php\/wp-json\/wp\/v2\/comments?post=25530"}],"version-history":[{"count":3,"href":"https:\/\/agropecuariafenix.com.br\/index.php\/wp-json\/wp\/v2\/product\/25530\/revisions"}],"predecessor-version":[{"id":25559,"href":"https:\/\/agropecuariafenix.com.br\/index.php\/wp-json\/wp\/v2\/product\/25530\/revisions\/25559"}],"wp:featuredmedia":[{"embeddable":true,"href":"https:\/\/agropecuariafenix.com.br\/index.php\/wp-json\/wp\/v2\/media\/25552"}],"wp:attachment":[{"href":"https:\/\/agropecuariafenix.com.br\/index.php\/wp-json\/wp\/v2\/media?parent=25530"}],"wp:term":[{"taxonomy":"product_brand","embeddable":true,"href":"https:\/\/agropecuariafenix.com.br\/index.php\/wp-json\/wp\/v2\/product_brand?post=25530"},{"taxonomy":"product_cat","embeddable":true,"href":"https:\/\/agropecuariafenix.com.br\/index.php\/wp-json\/wp\/v2\/product_cat?post=25530"},{"taxonomy":"product_tag","embeddable":true,"href":"https:\/\/agropecuariafenix.com.br\/index.php\/wp-json\/wp\/v2\/product_tag?post=25530"}],"curies":[{"name":"wp","href":"https:\/\/api.w.org\/{rel}","templated":true}]}}