{"id":24644,"date":"2022-08-17T10:26:27","date_gmt":"2022-08-17T13:26:27","guid":{"rendered":"https:\/\/agropecuariafenix.com.br\/index.php\/produto\/bravecto-caes-oral-10-a-20kg\/"},"modified":"2026-02-05T16:10:15","modified_gmt":"2026-02-05T19:10:15","slug":"bravecto-caes-oral-10-a-20kg","status":"publish","type":"product","link":"https:\/\/agropecuariafenix.com.br\/index.php\/produto\/bravecto-caes-oral-10-a-20kg\/","title":{"rendered":"Bravecto C\u00e3es Oral 10 A 20Kg"},"content":{"rendered":"<p>Sempre pensamos no bem-estar dos pets e acredito que com voc\u00ea, tutor, acontece o mesmo, correto? Pensando nisso, conhe\u00e7a o Bravecto 10kg a 20kg, um antipulgas e carrapatos desenvolvido pela MSD Sa\u00fade Animal, que ir\u00e1 garantir a prote\u00e7\u00e3o do seu cachorro contra esp\u00e9cies de parasitas.<\/p>\n<p>Por se tratar de um medicamento, sua indica\u00e7\u00e3o deve ser feita por um m\u00e9dico-veterin\u00e1rio. Para ajud\u00e1-los com d\u00favidas sobre o uso ou outras quest\u00f5es, reunimos as principais perguntas e utilizamos a bula do Bravecto 10kg a 20kg para respond\u00ea-las com exatid\u00e3o!<\/p>\n<p>O Bravecto 10kg a 20kg tem efeitos colaterais?<\/p>\n<p>Sim. Foram realizados estudos pela MSD Sa\u00fade Animal e a bula do Bravecto 500mg indica que existe um risco baixo, com casos raros (1,6%), de rea\u00e7\u00f5es gastrointestinais leves ou transit\u00f3rias como: diarreia, v\u00f4mito, inapet\u00eancia e saliva\u00e7\u00e3o relacionados \u00e0 administra\u00e7\u00e3o do produto.<\/p>\n<p>O Bravecto 10kg a 20kg tem contraindica\u00e7\u00e3o?<\/p>\n<p>Para maior seguran\u00e7a dos c\u00e3ezinhos, o antipulgas Bravecto de 500mg n\u00e3o deve ser administrado em pets com menos de oito semanas de idade.<\/p>\n<p>O Bravecto para c\u00e3es com 10 a 20kg tamb\u00e9m n\u00e3o deve ser administrado em pets com hipersensibilidade aos componentes do produto. Aplicado em dose \u00fanica, o medicamento n\u00e3o pode ser dividido ou partido ao meio.<\/p>\n<p>Qual a efic\u00e1cia do Bravecto 500mg?<\/p>\n<p>Ideal para c\u00e3es com peso corp\u00f3reo de 10 a 20kg nesta vers\u00e3o, o Bravecto tem efic\u00e1cia contra nove tipos de pulgas e carrapatos. Ap\u00f3s a administra\u00e7\u00e3o do comprimido mastig\u00e1vel, o efeito come\u00e7a dentro de 8 horas para pulgas e 12 horas para carrapatos.<\/p>\n<p>O antipulgas ainda protege o seu cachorro por 12 semanas (cerca de tr\u00eas meses). Para garantir maior controle contra outras infesta\u00e7\u00f5es dos parasit\u00e1rios, o produto pode ser aplicado, respeitando o per\u00edodo de 12 semanas, quatro vezes no intervalo de 1 ano.<\/p>\n<p>Cuidados com o Bravecto 10kg a 20kg<\/p>\n<p>Assim como acontece com outros medicamentos, \u00e9 necess\u00e1rio ter algumas precau\u00e7\u00f5es com o antipulgas Bravecto para c\u00e3es de 10kg a 20kg. Conserve o rem\u00e9dio em sua embalagem original em um lugar com temperatura ambiente (entre 15\u00b0C e 30\u00b0C), ao abrigo da luz solar e longe de crian\u00e7as e dos pets.<\/p>\n<p>Ap\u00f3s aplicar o produto, lave bem as m\u00e3os somente com \u00e1gua e sab\u00e3o. No momento em que for administrar o comprimido mastig\u00e1vel de Bravecto ao seu c\u00e3ozinho, n\u00e3o coma e nem beba nada. Por fim, fa\u00e7a o descarte das embalagens vazias no local correto<\/p>\n","protected":false},"excerpt":{"rendered":"<p>Indicado para c\u00e3es com peso de 10 a 20 kg;<br \/>\nIndicado para o combate de pulgas e carrapatos;<br \/>\nDispon\u00edvel em embalagem com 1 comprimido mastig\u00e1vel de 500mg;<br \/>\nCom a\u00e7\u00e3o r\u00e1pida, que promove o exterm\u00ednio de parasitas em at\u00e9 12h;<br \/>\nOferece prote\u00e7\u00e3o por 12 semanas;<br \/>\nO antipulgas \u00e9 indicado para c\u00e3es com mais de 8 semanas de idade.<\/p>\n","protected":false},"featured_media":24667,"comment_status":"open","ping_status":"closed","template":"","meta":[],"product_brand":[],"product_cat":[1110],"product_tag":[173,1109,284,147],"class_list":{"0":"post-24644","1":"product","2":"type-product","3":"status-publish","4":"has-post-thumbnail","6":"product_cat-medicamentos","7":"product_tag-adulto","8":"product_tag-antipulgas","9":"product_tag-filhote","10":"product_tag-senior","12":"first","13":"instock","14":"shipping-taxable","15":"purchasable","16":"product-type-simple"},"yoast_head":"<!-- This site is optimized with the Yoast SEO plugin v26.1.1 - https:\/\/yoast.com\/wordpress\/plugins\/seo\/ -->\n<title>Bravecto C\u00e3es Oral 10 A 20Kg - Agropecu\u00e1ria Fenix<\/title>\n<meta name=\"robots\" content=\"index, follow, max-snippet:-1, max-image-preview:large, max-video-preview:-1\" \/>\n<link rel=\"canonical\" href=\"https:\/\/agropecuariafenix.com.br\/index.php\/produto\/bravecto-caes-oral-10-a-20kg\/\" \/>\n<meta property=\"og:locale\" content=\"pt_BR\" \/>\n<meta property=\"og:type\" content=\"article\" \/>\n<meta property=\"og:title\" content=\"Bravecto C\u00e3es Oral 10 A 20Kg - Agropecu\u00e1ria Fenix\" \/>\n<meta property=\"og:description\" content=\"Indicado para c\u00e3es com peso de 10 a 20 kg; Indicado para o combate de pulgas e carrapatos; Dispon\u00edvel em embalagem com 1 comprimido mastig\u00e1vel de 500mg; Com a\u00e7\u00e3o r\u00e1pida, que promove o exterm\u00ednio de parasitas em at\u00e9 12h; Oferece prote\u00e7\u00e3o por 12 semanas; O antipulgas \u00e9 indicado para c\u00e3es com mais de 8 semanas de idade.\" \/>\n<meta property=\"og:url\" content=\"https:\/\/agropecuariafenix.com.br\/index.php\/produto\/bravecto-caes-oral-10-a-20kg\/\" \/>\n<meta property=\"og:site_name\" content=\"Agropecu\u00e1ria Fenix\" \/>\n<meta property=\"article:publisher\" content=\"https:\/\/web.facebook.com\/agropecuariafenixjau\" \/>\n<meta property=\"article:modified_time\" content=\"2026-02-05T19:10:15+00:00\" \/>\n<meta property=\"og:image\" content=\"https:\/\/agropecuariafenix.com.br\/wp-content\/uploads\/2022\/08\/Bravecto-Ces-Oral-10-A-20Kg-589782366.jpg\" \/>\n\t<meta property=\"og:image:width\" content=\"600\" \/>\n\t<meta property=\"og:image:height\" content=\"600\" \/>\n\t<meta property=\"og:image:type\" content=\"image\/jpeg\" \/>\n<meta name=\"twitter:card\" content=\"summary_large_image\" \/>\n<meta name=\"twitter:label1\" content=\"Est. tempo de leitura\" \/>\n\t<meta name=\"twitter:data1\" content=\"2 minutos\" \/>\n<script type=\"application\/ld+json\" class=\"yoast-schema-graph\">{\"@context\":\"https:\/\/schema.org\",\"@graph\":[{\"@type\":\"WebPage\",\"@id\":\"https:\/\/agropecuariafenix.com.br\/index.php\/produto\/bravecto-caes-oral-10-a-20kg\/\",\"url\":\"https:\/\/agropecuariafenix.com.br\/index.php\/produto\/bravecto-caes-oral-10-a-20kg\/\",\"name\":\"Bravecto C\u00e3es Oral 10 A 20Kg - Agropecu\u00e1ria Fenix\",\"isPartOf\":{\"@id\":\"https:\/\/agropecuariafenix.com.br\/#website\"},\"primaryImageOfPage\":{\"@id\":\"https:\/\/agropecuariafenix.com.br\/index.php\/produto\/bravecto-caes-oral-10-a-20kg\/#primaryimage\"},\"image\":{\"@id\":\"https:\/\/agropecuariafenix.com.br\/index.php\/produto\/bravecto-caes-oral-10-a-20kg\/#primaryimage\"},\"thumbnailUrl\":\"https:\/\/agropecuariafenix.com.br\/wp-content\/uploads\/2022\/08\/Bravecto-Ces-Oral-10-A-20Kg-589782366.jpg\",\"datePublished\":\"2022-08-17T13:26:27+00:00\",\"dateModified\":\"2026-02-05T19:10:15+00:00\",\"breadcrumb\":{\"@id\":\"https:\/\/agropecuariafenix.com.br\/index.php\/produto\/bravecto-caes-oral-10-a-20kg\/#breadcrumb\"},\"inLanguage\":\"pt-BR\",\"potentialAction\":[{\"@type\":\"ReadAction\",\"target\":[\"https:\/\/agropecuariafenix.com.br\/index.php\/produto\/bravecto-caes-oral-10-a-20kg\/\"]}]},{\"@type\":\"ImageObject\",\"inLanguage\":\"pt-BR\",\"@id\":\"https:\/\/agropecuariafenix.com.br\/index.php\/produto\/bravecto-caes-oral-10-a-20kg\/#primaryimage\",\"url\":\"https:\/\/agropecuariafenix.com.br\/wp-content\/uploads\/2022\/08\/Bravecto-Ces-Oral-10-A-20Kg-589782366.jpg\",\"contentUrl\":\"https:\/\/agropecuariafenix.com.br\/wp-content\/uploads\/2022\/08\/Bravecto-Ces-Oral-10-A-20Kg-589782366.jpg\",\"width\":600,\"height\":600,\"caption\":\"Bravecto C\u00e3es Oral 10 A 20Kg\"},{\"@type\":\"BreadcrumbList\",\"@id\":\"https:\/\/agropecuariafenix.com.br\/index.php\/produto\/bravecto-caes-oral-10-a-20kg\/#breadcrumb\",\"itemListElement\":[{\"@type\":\"ListItem\",\"position\":1,\"name\":\"In\u00edcio\",\"item\":\"https:\/\/agropecuariafenix.com.br\/\"},{\"@type\":\"ListItem\",\"position\":2,\"name\":\"Todos os produtos\",\"item\":\"https:\/\/agropecuariafenix.com.br\/index.php\/loja\/\"},{\"@type\":\"ListItem\",\"position\":3,\"name\":\"Bravecto C\u00e3es Oral 10 A 20Kg\"}]},{\"@type\":\"WebSite\",\"@id\":\"https:\/\/agropecuariafenix.com.br\/#website\",\"url\":\"https:\/\/agropecuariafenix.com.br\/\",\"name\":\"Agropecu\u00e1ria Fenix\",\"description\":\"Agropecu\u00e1ria F\u00eanix Pet - Ra\u00e7\u00f5es \/ Medicamentos Pet \/ Cl\u00ednica Veterin\u00e1ria \/ Banho e Tosa \/ Cachorro \/\u00a0Gato\u00a0\/\u00a0P\u00e1ssaros\",\"publisher\":{\"@id\":\"https:\/\/agropecuariafenix.com.br\/#organization\"},\"alternateName\":\"Agropecu\u00e1ria Fenix\",\"potentialAction\":[{\"@type\":\"SearchAction\",\"target\":{\"@type\":\"EntryPoint\",\"urlTemplate\":\"https:\/\/agropecuariafenix.com.br\/?s={search_term_string}\"},\"query-input\":{\"@type\":\"PropertyValueSpecification\",\"valueRequired\":true,\"valueName\":\"search_term_string\"}}],\"inLanguage\":\"pt-BR\"},{\"@type\":\"Organization\",\"@id\":\"https:\/\/agropecuariafenix.com.br\/#organization\",\"name\":\"Agropecu\u00e1ria Fenix\",\"alternateName\":\"Agropecu\u00e1ria Fenix\",\"url\":\"https:\/\/agropecuariafenix.com.br\/\",\"logo\":{\"@type\":\"ImageObject\",\"inLanguage\":\"pt-BR\",\"@id\":\"https:\/\/agropecuariafenix.com.br\/#\/schema\/logo\/image\/\",\"url\":\"https:\/\/agropecuariafenix.com.br\/wp-content\/uploads\/2023\/08\/logo_fenix3-Copy.png\",\"contentUrl\":\"https:\/\/agropecuariafenix.com.br\/wp-content\/uploads\/2023\/08\/logo_fenix3-Copy.png\",\"width\":500,\"height\":500,\"caption\":\"Agropecu\u00e1ria Fenix\"},\"image\":{\"@id\":\"https:\/\/agropecuariafenix.com.br\/#\/schema\/logo\/image\/\"},\"sameAs\":[\"https:\/\/web.facebook.com\/agropecuariafenixjau\",\"https:\/\/www.instagram.com\/agropecuaria_fenix_jau\/\"]}]}<\/script>\n<!-- \/ Yoast SEO plugin. -->","yoast_head_json":{"title":"Bravecto C\u00e3es Oral 10 A 20Kg - Agropecu\u00e1ria Fenix","robots":{"index":"index","follow":"follow","max-snippet":"max-snippet:-1","max-image-preview":"max-image-preview:large","max-video-preview":"max-video-preview:-1"},"canonical":"https:\/\/agropecuariafenix.com.br\/index.php\/produto\/bravecto-caes-oral-10-a-20kg\/","og_locale":"pt_BR","og_type":"article","og_title":"Bravecto C\u00e3es Oral 10 A 20Kg - Agropecu\u00e1ria Fenix","og_description":"Indicado para c\u00e3es com peso de 10 a 20 kg; Indicado para o combate de pulgas e carrapatos; Dispon\u00edvel em embalagem com 1 comprimido mastig\u00e1vel de 500mg; Com a\u00e7\u00e3o r\u00e1pida, que promove o exterm\u00ednio de parasitas em at\u00e9 12h; Oferece prote\u00e7\u00e3o por 12 semanas; O antipulgas \u00e9 indicado para c\u00e3es com mais de 8 semanas de idade.","og_url":"https:\/\/agropecuariafenix.com.br\/index.php\/produto\/bravecto-caes-oral-10-a-20kg\/","og_site_name":"Agropecu\u00e1ria Fenix","article_publisher":"https:\/\/web.facebook.com\/agropecuariafenixjau","article_modified_time":"2026-02-05T19:10:15+00:00","og_image":[{"width":600,"height":600,"url":"https:\/\/agropecuariafenix.com.br\/wp-content\/uploads\/2022\/08\/Bravecto-Ces-Oral-10-A-20Kg-589782366.jpg","type":"image\/jpeg"}],"twitter_card":"summary_large_image","twitter_misc":{"Est. tempo de leitura":"2 minutos"},"schema":{"@context":"https:\/\/schema.org","@graph":[{"@type":"WebPage","@id":"https:\/\/agropecuariafenix.com.br\/index.php\/produto\/bravecto-caes-oral-10-a-20kg\/","url":"https:\/\/agropecuariafenix.com.br\/index.php\/produto\/bravecto-caes-oral-10-a-20kg\/","name":"Bravecto C\u00e3es Oral 10 A 20Kg - Agropecu\u00e1ria Fenix","isPartOf":{"@id":"https:\/\/agropecuariafenix.com.br\/#website"},"primaryImageOfPage":{"@id":"https:\/\/agropecuariafenix.com.br\/index.php\/produto\/bravecto-caes-oral-10-a-20kg\/#primaryimage"},"image":{"@id":"https:\/\/agropecuariafenix.com.br\/index.php\/produto\/bravecto-caes-oral-10-a-20kg\/#primaryimage"},"thumbnailUrl":"https:\/\/agropecuariafenix.com.br\/wp-content\/uploads\/2022\/08\/Bravecto-Ces-Oral-10-A-20Kg-589782366.jpg","datePublished":"2022-08-17T13:26:27+00:00","dateModified":"2026-02-05T19:10:15+00:00","breadcrumb":{"@id":"https:\/\/agropecuariafenix.com.br\/index.php\/produto\/bravecto-caes-oral-10-a-20kg\/#breadcrumb"},"inLanguage":"pt-BR","potentialAction":[{"@type":"ReadAction","target":["https:\/\/agropecuariafenix.com.br\/index.php\/produto\/bravecto-caes-oral-10-a-20kg\/"]}]},{"@type":"ImageObject","inLanguage":"pt-BR","@id":"https:\/\/agropecuariafenix.com.br\/index.php\/produto\/bravecto-caes-oral-10-a-20kg\/#primaryimage","url":"https:\/\/agropecuariafenix.com.br\/wp-content\/uploads\/2022\/08\/Bravecto-Ces-Oral-10-A-20Kg-589782366.jpg","contentUrl":"https:\/\/agropecuariafenix.com.br\/wp-content\/uploads\/2022\/08\/Bravecto-Ces-Oral-10-A-20Kg-589782366.jpg","width":600,"height":600,"caption":"Bravecto C\u00e3es Oral 10 A 20Kg"},{"@type":"BreadcrumbList","@id":"https:\/\/agropecuariafenix.com.br\/index.php\/produto\/bravecto-caes-oral-10-a-20kg\/#breadcrumb","itemListElement":[{"@type":"ListItem","position":1,"name":"In\u00edcio","item":"https:\/\/agropecuariafenix.com.br\/"},{"@type":"ListItem","position":2,"name":"Todos os produtos","item":"https:\/\/agropecuariafenix.com.br\/index.php\/loja\/"},{"@type":"ListItem","position":3,"name":"Bravecto C\u00e3es Oral 10 A 20Kg"}]},{"@type":"WebSite","@id":"https:\/\/agropecuariafenix.com.br\/#website","url":"https:\/\/agropecuariafenix.com.br\/","name":"Agropecu\u00e1ria Fenix","description":"Agropecu\u00e1ria F\u00eanix Pet - Ra\u00e7\u00f5es \/ Medicamentos Pet \/ Cl\u00ednica Veterin\u00e1ria \/ Banho e Tosa \/ Cachorro \/\u00a0Gato\u00a0\/\u00a0P\u00e1ssaros","publisher":{"@id":"https:\/\/agropecuariafenix.com.br\/#organization"},"alternateName":"Agropecu\u00e1ria Fenix","potentialAction":[{"@type":"SearchAction","target":{"@type":"EntryPoint","urlTemplate":"https:\/\/agropecuariafenix.com.br\/?s={search_term_string}"},"query-input":{"@type":"PropertyValueSpecification","valueRequired":true,"valueName":"search_term_string"}}],"inLanguage":"pt-BR"},{"@type":"Organization","@id":"https:\/\/agropecuariafenix.com.br\/#organization","name":"Agropecu\u00e1ria Fenix","alternateName":"Agropecu\u00e1ria Fenix","url":"https:\/\/agropecuariafenix.com.br\/","logo":{"@type":"ImageObject","inLanguage":"pt-BR","@id":"https:\/\/agropecuariafenix.com.br\/#\/schema\/logo\/image\/","url":"https:\/\/agropecuariafenix.com.br\/wp-content\/uploads\/2023\/08\/logo_fenix3-Copy.png","contentUrl":"https:\/\/agropecuariafenix.com.br\/wp-content\/uploads\/2023\/08\/logo_fenix3-Copy.png","width":500,"height":500,"caption":"Agropecu\u00e1ria Fenix"},"image":{"@id":"https:\/\/agropecuariafenix.com.br\/#\/schema\/logo\/image\/"},"sameAs":["https:\/\/web.facebook.com\/agropecuariafenixjau","https:\/\/www.instagram.com\/agropecuaria_fenix_jau\/"]}]}},"_links":{"self":[{"href":"https:\/\/agropecuariafenix.com.br\/index.php\/wp-json\/wp\/v2\/product\/24644","targetHints":{"allow":["GET"]}}],"collection":[{"href":"https:\/\/agropecuariafenix.com.br\/index.php\/wp-json\/wp\/v2\/product"}],"about":[{"href":"https:\/\/agropecuariafenix.com.br\/index.php\/wp-json\/wp\/v2\/types\/product"}],"replies":[{"embeddable":true,"href":"https:\/\/agropecuariafenix.com.br\/index.php\/wp-json\/wp\/v2\/comments?post=24644"}],"version-history":[{"count":3,"href":"https:\/\/agropecuariafenix.com.br\/index.php\/wp-json\/wp\/v2\/product\/24644\/revisions"}],"predecessor-version":[{"id":24673,"href":"https:\/\/agropecuariafenix.com.br\/index.php\/wp-json\/wp\/v2\/product\/24644\/revisions\/24673"}],"wp:featuredmedia":[{"embeddable":true,"href":"https:\/\/agropecuariafenix.com.br\/index.php\/wp-json\/wp\/v2\/media\/24667"}],"wp:attachment":[{"href":"https:\/\/agropecuariafenix.com.br\/index.php\/wp-json\/wp\/v2\/media?parent=24644"}],"wp:term":[{"taxonomy":"product_brand","embeddable":true,"href":"https:\/\/agropecuariafenix.com.br\/index.php\/wp-json\/wp\/v2\/product_brand?post=24644"},{"taxonomy":"product_cat","embeddable":true,"href":"https:\/\/agropecuariafenix.com.br\/index.php\/wp-json\/wp\/v2\/product_cat?post=24644"},{"taxonomy":"product_tag","embeddable":true,"href":"https:\/\/agropecuariafenix.com.br\/index.php\/wp-json\/wp\/v2\/product_tag?post=24644"}],"curies":[{"name":"wp","href":"https:\/\/api.w.org\/{rel}","templated":true}]}}