{"id":24271,"date":"2022-03-24T13:02:51","date_gmt":"2022-03-24T16:02:51","guid":{"rendered":"https:\/\/agropecuariafenix.com.br\/index.php\/produto\/biofresh-caes-adultos-raca-grandes-e-gigantes-15kg\/"},"modified":"2025-12-12T12:49:24","modified_gmt":"2025-12-12T15:49:24","slug":"biofresh-caes-adultos-raca-grandes-e-gigantes-15kg","status":"publish","type":"product","link":"https:\/\/agropecuariafenix.com.br\/index.php\/produto\/biofresh-caes-adultos-raca-grandes-e-gigantes-15kg\/","title":{"rendered":"Biofresh C\u00e3es Adultos Ra\u00e7a Grandes E Gigantes 15Kg"},"content":{"rendered":"<p>A Ra\u00e7\u00e3o Seca Biofresh Mix de Carne, Frutas, Legumes e Ervas Frescas C\u00e3es Adultos de Ra\u00e7as Grandes e Gigantes foi elaborada especialmente para seu amiguinho. Feita com ingredientes frescos e selecionados, eleva o quadro nutricional e promove benef\u00edcios a sa\u00fade intestinal e oral.<\/p>\n<p>Solicita\u00e7\u00f5es referentes \u00e0 Garantia de Satisfa\u00e7\u00e3o devem ser encaminhadas diretamente para o fabricante por meio do telefone 0800 888 3393.<\/p>\n","protected":false},"excerpt":{"rendered":"<p>&#8211; Ajuda a preservar a capacidade cognitiva, e manter as articula\u00e7\u00f5es saud\u00e1veis do seu pet;<br \/>\n&#8211; Mant\u00e9m a sa\u00fade intestinal equilibrada e uma pelagem e pele mais brilhante e sadia;<br \/>\n&#8211; Feita com ingredientes selecionados e frescos, n\u00e3o cont\u00e9m transg\u00eanicos, conservantes, corantes e aromatizantes artificiais;<br \/>\n&#8211; Possui alta palatabilidade e ele favorece a sa\u00fade oral do seu amiguinho peludo;<br \/>\n&#8211; Aumento das defesas naturais, \u00e9 um alimento de verdade para seu melhor amigo;<br \/>\n&#8211; Indicada para c\u00e3es adultos de ra\u00e7as grandes e gigantes, ele \u00e9 composto por um mix de carne, frutas, legumes e ervas frescas.<\/p>\n<p>&#8211; Este produto possui Satisfa\u00e7\u00e3o Garantida. Saiba mais abaixo na descri\u00e7\u00e3o.<\/p>\n","protected":false},"featured_media":24270,"comment_status":"open","ping_status":"closed","template":"","meta":[],"product_brand":[],"product_cat":[80],"product_tag":[79,76,1004,75,1018,159,81],"class_list":{"0":"post-24271","1":"product","2":"type-product","3":"status-publish","4":"has-post-thumbnail","6":"product_cat-racoes","7":"product_tag-15kg","8":"product_tag-adultos","9":"product_tag-biofresh","10":"product_tag-caes","11":"product_tag-gigantes","12":"product_tag-grandes","13":"product_tag-raca","15":"first","16":"instock","17":"shipping-taxable","18":"purchasable","19":"product-type-simple"},"yoast_head":"<!-- This site is optimized with the Yoast SEO plugin v26.1.1 - https:\/\/yoast.com\/wordpress\/plugins\/seo\/ -->\n<title>Biofresh C\u00e3es Adultos Ra\u00e7a Grandes E Gigantes 15Kg - Agropecu\u00e1ria Fenix<\/title>\n<meta name=\"robots\" content=\"index, follow, max-snippet:-1, max-image-preview:large, max-video-preview:-1\" \/>\n<link rel=\"canonical\" href=\"https:\/\/agropecuariafenix.com.br\/index.php\/produto\/biofresh-caes-adultos-raca-grandes-e-gigantes-15kg\/\" \/>\n<meta property=\"og:locale\" content=\"pt_BR\" \/>\n<meta property=\"og:type\" content=\"article\" \/>\n<meta property=\"og:title\" content=\"Biofresh C\u00e3es Adultos Ra\u00e7a Grandes E Gigantes 15Kg - Agropecu\u00e1ria Fenix\" \/>\n<meta property=\"og:description\" content=\"&#8211; Ajuda a preservar a capacidade cognitiva, e manter as articula\u00e7\u00f5es saud\u00e1veis do seu pet; &#8211; Mant\u00e9m a sa\u00fade intestinal equilibrada e uma pelagem e pele mais brilhante e sadia; &#8211; Feita com ingredientes selecionados e frescos, n\u00e3o cont\u00e9m transg\u00eanicos, conservantes, corantes e aromatizantes artificiais; &#8211; Possui alta palatabilidade e ele favorece a sa\u00fade oral do seu amiguinho peludo; &#8211; Aumento das defesas naturais, \u00e9 um alimento de verdade para seu melhor amigo; &#8211; Indicada para c\u00e3es adultos de ra\u00e7as grandes e gigantes, ele \u00e9 composto por um mix de carne, frutas, legumes e ervas frescas. &#8211; Este produto possui Satisfa\u00e7\u00e3o Garantida. Saiba mais abaixo na descri\u00e7\u00e3o.\" \/>\n<meta property=\"og:url\" content=\"https:\/\/agropecuariafenix.com.br\/index.php\/produto\/biofresh-caes-adultos-raca-grandes-e-gigantes-15kg\/\" \/>\n<meta property=\"og:site_name\" content=\"Agropecu\u00e1ria Fenix\" \/>\n<meta property=\"article:publisher\" content=\"https:\/\/web.facebook.com\/agropecuariafenixjau\" \/>\n<meta property=\"article:modified_time\" content=\"2025-12-12T15:49:24+00:00\" \/>\n<meta property=\"og:image\" content=\"https:\/\/agropecuariafenix.com.br\/wp-content\/uploads\/2022\/03\/Biofresh_Ces_Adultos_Raa_Grandes_E_Gigantes_15Kg_768429-1.jpg\" \/>\n\t<meta property=\"og:image:width\" content=\"600\" \/>\n\t<meta property=\"og:image:height\" content=\"600\" \/>\n\t<meta property=\"og:image:type\" content=\"image\/jpeg\" \/>\n<meta name=\"twitter:card\" content=\"summary_large_image\" \/>\n<script type=\"application\/ld+json\" class=\"yoast-schema-graph\">{\"@context\":\"https:\/\/schema.org\",\"@graph\":[{\"@type\":\"WebPage\",\"@id\":\"https:\/\/agropecuariafenix.com.br\/index.php\/produto\/biofresh-caes-adultos-raca-grandes-e-gigantes-15kg\/\",\"url\":\"https:\/\/agropecuariafenix.com.br\/index.php\/produto\/biofresh-caes-adultos-raca-grandes-e-gigantes-15kg\/\",\"name\":\"Biofresh C\u00e3es Adultos Ra\u00e7a Grandes E Gigantes 15Kg - Agropecu\u00e1ria Fenix\",\"isPartOf\":{\"@id\":\"https:\/\/agropecuariafenix.com.br\/#website\"},\"primaryImageOfPage\":{\"@id\":\"https:\/\/agropecuariafenix.com.br\/index.php\/produto\/biofresh-caes-adultos-raca-grandes-e-gigantes-15kg\/#primaryimage\"},\"image\":{\"@id\":\"https:\/\/agropecuariafenix.com.br\/index.php\/produto\/biofresh-caes-adultos-raca-grandes-e-gigantes-15kg\/#primaryimage\"},\"thumbnailUrl\":\"https:\/\/agropecuariafenix.com.br\/wp-content\/uploads\/2022\/03\/Biofresh_Ces_Adultos_Raa_Grandes_E_Gigantes_15Kg_768429-1.jpg\",\"datePublished\":\"2022-03-24T16:02:51+00:00\",\"dateModified\":\"2025-12-12T15:49:24+00:00\",\"breadcrumb\":{\"@id\":\"https:\/\/agropecuariafenix.com.br\/index.php\/produto\/biofresh-caes-adultos-raca-grandes-e-gigantes-15kg\/#breadcrumb\"},\"inLanguage\":\"pt-BR\",\"potentialAction\":[{\"@type\":\"ReadAction\",\"target\":[\"https:\/\/agropecuariafenix.com.br\/index.php\/produto\/biofresh-caes-adultos-raca-grandes-e-gigantes-15kg\/\"]}]},{\"@type\":\"ImageObject\",\"inLanguage\":\"pt-BR\",\"@id\":\"https:\/\/agropecuariafenix.com.br\/index.php\/produto\/biofresh-caes-adultos-raca-grandes-e-gigantes-15kg\/#primaryimage\",\"url\":\"https:\/\/agropecuariafenix.com.br\/wp-content\/uploads\/2022\/03\/Biofresh_Ces_Adultos_Raa_Grandes_E_Gigantes_15Kg_768429-1.jpg\",\"contentUrl\":\"https:\/\/agropecuariafenix.com.br\/wp-content\/uploads\/2022\/03\/Biofresh_Ces_Adultos_Raa_Grandes_E_Gigantes_15Kg_768429-1.jpg\",\"width\":600,\"height\":600,\"caption\":\"Biofresh C\u00e3es Adultos Ra\u00e7a Grandes E Gigantes 15Kg\"},{\"@type\":\"BreadcrumbList\",\"@id\":\"https:\/\/agropecuariafenix.com.br\/index.php\/produto\/biofresh-caes-adultos-raca-grandes-e-gigantes-15kg\/#breadcrumb\",\"itemListElement\":[{\"@type\":\"ListItem\",\"position\":1,\"name\":\"In\u00edcio\",\"item\":\"https:\/\/agropecuariafenix.com.br\/\"},{\"@type\":\"ListItem\",\"position\":2,\"name\":\"Todos os produtos\",\"item\":\"https:\/\/agropecuariafenix.com.br\/index.php\/loja\/\"},{\"@type\":\"ListItem\",\"position\":3,\"name\":\"Biofresh C\u00e3es Adultos Ra\u00e7a Grandes E Gigantes 15Kg\"}]},{\"@type\":\"WebSite\",\"@id\":\"https:\/\/agropecuariafenix.com.br\/#website\",\"url\":\"https:\/\/agropecuariafenix.com.br\/\",\"name\":\"Agropecu\u00e1ria Fenix\",\"description\":\"Agropecu\u00e1ria F\u00eanix Pet - Ra\u00e7\u00f5es \/ Medicamentos Pet \/ Cl\u00ednica Veterin\u00e1ria \/ Banho e Tosa \/ Cachorro \/\u00a0Gato\u00a0\/\u00a0P\u00e1ssaros\",\"publisher\":{\"@id\":\"https:\/\/agropecuariafenix.com.br\/#organization\"},\"alternateName\":\"Agropecu\u00e1ria Fenix\",\"potentialAction\":[{\"@type\":\"SearchAction\",\"target\":{\"@type\":\"EntryPoint\",\"urlTemplate\":\"https:\/\/agropecuariafenix.com.br\/?s={search_term_string}\"},\"query-input\":{\"@type\":\"PropertyValueSpecification\",\"valueRequired\":true,\"valueName\":\"search_term_string\"}}],\"inLanguage\":\"pt-BR\"},{\"@type\":\"Organization\",\"@id\":\"https:\/\/agropecuariafenix.com.br\/#organization\",\"name\":\"Agropecu\u00e1ria Fenix\",\"alternateName\":\"Agropecu\u00e1ria Fenix\",\"url\":\"https:\/\/agropecuariafenix.com.br\/\",\"logo\":{\"@type\":\"ImageObject\",\"inLanguage\":\"pt-BR\",\"@id\":\"https:\/\/agropecuariafenix.com.br\/#\/schema\/logo\/image\/\",\"url\":\"https:\/\/agropecuariafenix.com.br\/wp-content\/uploads\/2023\/08\/logo_fenix3-Copy.png\",\"contentUrl\":\"https:\/\/agropecuariafenix.com.br\/wp-content\/uploads\/2023\/08\/logo_fenix3-Copy.png\",\"width\":500,\"height\":500,\"caption\":\"Agropecu\u00e1ria Fenix\"},\"image\":{\"@id\":\"https:\/\/agropecuariafenix.com.br\/#\/schema\/logo\/image\/\"},\"sameAs\":[\"https:\/\/web.facebook.com\/agropecuariafenixjau\",\"https:\/\/www.instagram.com\/agropecuaria_fenix_jau\/\"]}]}<\/script>\n<!-- \/ Yoast SEO plugin. -->","yoast_head_json":{"title":"Biofresh C\u00e3es Adultos Ra\u00e7a Grandes E Gigantes 15Kg - Agropecu\u00e1ria Fenix","robots":{"index":"index","follow":"follow","max-snippet":"max-snippet:-1","max-image-preview":"max-image-preview:large","max-video-preview":"max-video-preview:-1"},"canonical":"https:\/\/agropecuariafenix.com.br\/index.php\/produto\/biofresh-caes-adultos-raca-grandes-e-gigantes-15kg\/","og_locale":"pt_BR","og_type":"article","og_title":"Biofresh C\u00e3es Adultos Ra\u00e7a Grandes E Gigantes 15Kg - Agropecu\u00e1ria Fenix","og_description":"&#8211; Ajuda a preservar a capacidade cognitiva, e manter as articula\u00e7\u00f5es saud\u00e1veis do seu pet; &#8211; Mant\u00e9m a sa\u00fade intestinal equilibrada e uma pelagem e pele mais brilhante e sadia; &#8211; Feita com ingredientes selecionados e frescos, n\u00e3o cont\u00e9m transg\u00eanicos, conservantes, corantes e aromatizantes artificiais; &#8211; Possui alta palatabilidade e ele favorece a sa\u00fade oral do seu amiguinho peludo; &#8211; Aumento das defesas naturais, \u00e9 um alimento de verdade para seu melhor amigo; &#8211; Indicada para c\u00e3es adultos de ra\u00e7as grandes e gigantes, ele \u00e9 composto por um mix de carne, frutas, legumes e ervas frescas. &#8211; Este produto possui Satisfa\u00e7\u00e3o Garantida. Saiba mais abaixo na descri\u00e7\u00e3o.","og_url":"https:\/\/agropecuariafenix.com.br\/index.php\/produto\/biofresh-caes-adultos-raca-grandes-e-gigantes-15kg\/","og_site_name":"Agropecu\u00e1ria Fenix","article_publisher":"https:\/\/web.facebook.com\/agropecuariafenixjau","article_modified_time":"2025-12-12T15:49:24+00:00","og_image":[{"width":600,"height":600,"url":"https:\/\/agropecuariafenix.com.br\/wp-content\/uploads\/2022\/03\/Biofresh_Ces_Adultos_Raa_Grandes_E_Gigantes_15Kg_768429-1.jpg","type":"image\/jpeg"}],"twitter_card":"summary_large_image","schema":{"@context":"https:\/\/schema.org","@graph":[{"@type":"WebPage","@id":"https:\/\/agropecuariafenix.com.br\/index.php\/produto\/biofresh-caes-adultos-raca-grandes-e-gigantes-15kg\/","url":"https:\/\/agropecuariafenix.com.br\/index.php\/produto\/biofresh-caes-adultos-raca-grandes-e-gigantes-15kg\/","name":"Biofresh C\u00e3es Adultos Ra\u00e7a Grandes E Gigantes 15Kg - Agropecu\u00e1ria Fenix","isPartOf":{"@id":"https:\/\/agropecuariafenix.com.br\/#website"},"primaryImageOfPage":{"@id":"https:\/\/agropecuariafenix.com.br\/index.php\/produto\/biofresh-caes-adultos-raca-grandes-e-gigantes-15kg\/#primaryimage"},"image":{"@id":"https:\/\/agropecuariafenix.com.br\/index.php\/produto\/biofresh-caes-adultos-raca-grandes-e-gigantes-15kg\/#primaryimage"},"thumbnailUrl":"https:\/\/agropecuariafenix.com.br\/wp-content\/uploads\/2022\/03\/Biofresh_Ces_Adultos_Raa_Grandes_E_Gigantes_15Kg_768429-1.jpg","datePublished":"2022-03-24T16:02:51+00:00","dateModified":"2025-12-12T15:49:24+00:00","breadcrumb":{"@id":"https:\/\/agropecuariafenix.com.br\/index.php\/produto\/biofresh-caes-adultos-raca-grandes-e-gigantes-15kg\/#breadcrumb"},"inLanguage":"pt-BR","potentialAction":[{"@type":"ReadAction","target":["https:\/\/agropecuariafenix.com.br\/index.php\/produto\/biofresh-caes-adultos-raca-grandes-e-gigantes-15kg\/"]}]},{"@type":"ImageObject","inLanguage":"pt-BR","@id":"https:\/\/agropecuariafenix.com.br\/index.php\/produto\/biofresh-caes-adultos-raca-grandes-e-gigantes-15kg\/#primaryimage","url":"https:\/\/agropecuariafenix.com.br\/wp-content\/uploads\/2022\/03\/Biofresh_Ces_Adultos_Raa_Grandes_E_Gigantes_15Kg_768429-1.jpg","contentUrl":"https:\/\/agropecuariafenix.com.br\/wp-content\/uploads\/2022\/03\/Biofresh_Ces_Adultos_Raa_Grandes_E_Gigantes_15Kg_768429-1.jpg","width":600,"height":600,"caption":"Biofresh C\u00e3es Adultos Ra\u00e7a Grandes E Gigantes 15Kg"},{"@type":"BreadcrumbList","@id":"https:\/\/agropecuariafenix.com.br\/index.php\/produto\/biofresh-caes-adultos-raca-grandes-e-gigantes-15kg\/#breadcrumb","itemListElement":[{"@type":"ListItem","position":1,"name":"In\u00edcio","item":"https:\/\/agropecuariafenix.com.br\/"},{"@type":"ListItem","position":2,"name":"Todos os produtos","item":"https:\/\/agropecuariafenix.com.br\/index.php\/loja\/"},{"@type":"ListItem","position":3,"name":"Biofresh C\u00e3es Adultos Ra\u00e7a Grandes E Gigantes 15Kg"}]},{"@type":"WebSite","@id":"https:\/\/agropecuariafenix.com.br\/#website","url":"https:\/\/agropecuariafenix.com.br\/","name":"Agropecu\u00e1ria Fenix","description":"Agropecu\u00e1ria F\u00eanix Pet - Ra\u00e7\u00f5es \/ Medicamentos Pet \/ Cl\u00ednica Veterin\u00e1ria \/ Banho e Tosa \/ Cachorro \/\u00a0Gato\u00a0\/\u00a0P\u00e1ssaros","publisher":{"@id":"https:\/\/agropecuariafenix.com.br\/#organization"},"alternateName":"Agropecu\u00e1ria Fenix","potentialAction":[{"@type":"SearchAction","target":{"@type":"EntryPoint","urlTemplate":"https:\/\/agropecuariafenix.com.br\/?s={search_term_string}"},"query-input":{"@type":"PropertyValueSpecification","valueRequired":true,"valueName":"search_term_string"}}],"inLanguage":"pt-BR"},{"@type":"Organization","@id":"https:\/\/agropecuariafenix.com.br\/#organization","name":"Agropecu\u00e1ria Fenix","alternateName":"Agropecu\u00e1ria Fenix","url":"https:\/\/agropecuariafenix.com.br\/","logo":{"@type":"ImageObject","inLanguage":"pt-BR","@id":"https:\/\/agropecuariafenix.com.br\/#\/schema\/logo\/image\/","url":"https:\/\/agropecuariafenix.com.br\/wp-content\/uploads\/2023\/08\/logo_fenix3-Copy.png","contentUrl":"https:\/\/agropecuariafenix.com.br\/wp-content\/uploads\/2023\/08\/logo_fenix3-Copy.png","width":500,"height":500,"caption":"Agropecu\u00e1ria Fenix"},"image":{"@id":"https:\/\/agropecuariafenix.com.br\/#\/schema\/logo\/image\/"},"sameAs":["https:\/\/web.facebook.com\/agropecuariafenixjau","https:\/\/www.instagram.com\/agropecuaria_fenix_jau\/"]}]}},"_links":{"self":[{"href":"https:\/\/agropecuariafenix.com.br\/index.php\/wp-json\/wp\/v2\/product\/24271","targetHints":{"allow":["GET"]}}],"collection":[{"href":"https:\/\/agropecuariafenix.com.br\/index.php\/wp-json\/wp\/v2\/product"}],"about":[{"href":"https:\/\/agropecuariafenix.com.br\/index.php\/wp-json\/wp\/v2\/types\/product"}],"replies":[{"embeddable":true,"href":"https:\/\/agropecuariafenix.com.br\/index.php\/wp-json\/wp\/v2\/comments?post=24271"}],"version-history":[{"count":1,"href":"https:\/\/agropecuariafenix.com.br\/index.php\/wp-json\/wp\/v2\/product\/24271\/revisions"}],"predecessor-version":[{"id":24310,"href":"https:\/\/agropecuariafenix.com.br\/index.php\/wp-json\/wp\/v2\/product\/24271\/revisions\/24310"}],"wp:featuredmedia":[{"embeddable":true,"href":"https:\/\/agropecuariafenix.com.br\/index.php\/wp-json\/wp\/v2\/media\/24270"}],"wp:attachment":[{"href":"https:\/\/agropecuariafenix.com.br\/index.php\/wp-json\/wp\/v2\/media?parent=24271"}],"wp:term":[{"taxonomy":"product_brand","embeddable":true,"href":"https:\/\/agropecuariafenix.com.br\/index.php\/wp-json\/wp\/v2\/product_brand?post=24271"},{"taxonomy":"product_cat","embeddable":true,"href":"https:\/\/agropecuariafenix.com.br\/index.php\/wp-json\/wp\/v2\/product_cat?post=24271"},{"taxonomy":"product_tag","embeddable":true,"href":"https:\/\/agropecuariafenix.com.br\/index.php\/wp-json\/wp\/v2\/product_tag?post=24271"}],"curies":[{"name":"wp","href":"https:\/\/api.w.org\/{rel}","templated":true}]}}