{"id":24229,"date":"2022-03-24T10:12:44","date_gmt":"2022-03-24T13:12:44","guid":{"rendered":"https:\/\/agropecuariafenix.com.br\/index.php\/produto\/granplus-gourmet-caes-adultos-raca-pequena-salmao-e-frango-10kg\/"},"modified":"2025-10-28T16:58:59","modified_gmt":"2025-10-28T19:58:59","slug":"granplus-gourmet-caes-adultos-raca-pequena-salmao-e-frango-10kg","status":"publish","type":"product","link":"https:\/\/agropecuariafenix.com.br\/index.php\/produto\/granplus-gourmet-caes-adultos-raca-pequena-salmao-e-frango-10kg\/","title":{"rendered":"Granplus Gourmet C\u00e3es Adultos Ra\u00e7a Pequena Salm\u00e3o E Frango 10Kg"},"content":{"rendered":"<p>A Ra\u00e7\u00e3o Seca GranPlus Gourmet Salm\u00e3o &amp; Frango para C\u00e3es Adultos Ra\u00e7as Mini \u00e9 um alimento High Premium, conservado com antioxidantes naturais, sem corantes e aromatizantes artificiais. Elaborada com ingredientes importantes e prote\u00ednas de qualidade elevada essenciais para atender paladares mais rigorosos. Possui minerais, vitaminas e \u00f4megas que contribuem para a sa\u00fade do seu Amigo.<\/p>\n<p>Solicita\u00e7\u00f5es referentes \u00e0 Garantia de Satisfa\u00e7\u00e3o devem ser encaminhadas diretamente para o fabricante por meio do telefone 0800 016 9090. Para mais informa\u00e7\u00f5es acesse: https:\/\/granplus.com.br\/100-satisfacao\/<\/p>\n","protected":false},"excerpt":{"rendered":"<p>&#8211; Alimento conservado com antioxidantes naturais;<br \/>\n&#8211; Com vitaminas, minerais e \u00f4megas que promovem a sa\u00fade da pele e do pelo;<br \/>\n&#8211; Possui ingredientes nobres e prote\u00edna de alta qualidade: atende paladares exigentes;<br \/>\n&#8211; Com fonte rica em \u00d4mega 3 (EPA &amp; DHA): contribui para o excelente funcionamento do organismo;<br \/>\n&#8211; Cont\u00e9m polpa de beterraba, prebi\u00f3tico MOS e extrato de yucca: auxilia na sa\u00fade intestinal;<br \/>\n&#8211; Embalagem de 1 Kg e 3 Kg: sistema abre e fecha promovendo mais sabor, frescor e maior conserva\u00e7\u00e3o.<\/p>\n<p>Este produto possui Satisfa\u00e7\u00e3o Garantida. Saiba mais abaixo na descri\u00e7\u00e3o<\/p>\n","protected":false},"featured_media":24228,"comment_status":"open","ping_status":"closed","template":"","meta":[],"product_brand":[],"product_cat":[80],"product_tag":[119,76,75,90,956,909,82,81,239],"class_list":{"0":"post-24229","1":"product","2":"type-product","3":"status-publish","4":"has-post-thumbnail","6":"product_cat-racoes","7":"product_tag-10kg","8":"product_tag-adultos","9":"product_tag-caes","10":"product_tag-frango","11":"product_tag-gourmet","12":"product_tag-granplus","13":"product_tag-pequena","14":"product_tag-raca","15":"product_tag-salmao","17":"first","18":"instock","19":"shipping-taxable","20":"purchasable","21":"product-type-simple"},"yoast_head":"<!-- This site is optimized with the Yoast SEO plugin v27.6 - https:\/\/yoast.com\/product\/yoast-seo-wordpress\/ -->\n<title>Granplus Gourmet C\u00e3es Adultos Ra\u00e7a Pequena Salm\u00e3o E Frango 10Kg - Agropecu\u00e1ria Fenix<\/title>\n<meta name=\"robots\" content=\"index, follow, max-snippet:-1, max-image-preview:large, max-video-preview:-1\" \/>\n<link rel=\"canonical\" href=\"https:\/\/agropecuariafenix.com.br\/index.php\/produto\/granplus-gourmet-caes-adultos-raca-pequena-salmao-e-frango-10kg\/\" \/>\n<meta property=\"og:locale\" content=\"pt_BR\" \/>\n<meta property=\"og:type\" content=\"article\" \/>\n<meta property=\"og:title\" content=\"Granplus Gourmet C\u00e3es Adultos Ra\u00e7a Pequena Salm\u00e3o E Frango 10Kg - Agropecu\u00e1ria Fenix\" \/>\n<meta property=\"og:description\" content=\"&#8211; Alimento conservado com antioxidantes naturais; &#8211; Com vitaminas, minerais e \u00f4megas que promovem a sa\u00fade da pele e do pelo; &#8211; Possui ingredientes nobres e prote\u00edna de alta qualidade: atende paladares exigentes; &#8211; Com fonte rica em \u00d4mega 3 (EPA &amp; DHA): contribui para o excelente funcionamento do organismo; &#8211; Cont\u00e9m polpa de beterraba, prebi\u00f3tico MOS e extrato de yucca: auxilia na sa\u00fade intestinal; &#8211; Embalagem de 1 Kg e 3 Kg: sistema abre e fecha promovendo mais sabor, frescor e maior conserva\u00e7\u00e3o. Este produto possui Satisfa\u00e7\u00e3o Garantida. Saiba mais abaixo na descri\u00e7\u00e3o\" \/>\n<meta property=\"og:url\" content=\"https:\/\/agropecuariafenix.com.br\/index.php\/produto\/granplus-gourmet-caes-adultos-raca-pequena-salmao-e-frango-10kg\/\" \/>\n<meta property=\"og:site_name\" content=\"Agropecu\u00e1ria Fenix\" \/>\n<meta property=\"article:publisher\" content=\"https:\/\/web.facebook.com\/agropecuariafenixjau\" \/>\n<meta property=\"article:modified_time\" content=\"2025-10-28T19:58:59+00:00\" \/>\n<meta property=\"og:image\" content=\"https:\/\/agropecuariafenix.com.br\/wp-content\/uploads\/2022\/03\/Granplus_Gourmet_Ces_Adultos_Raa_Pequena_Salmo_E_Frango_10Kg_637508-1.jpg\" \/>\n\t<meta property=\"og:image:width\" content=\"700\" \/>\n\t<meta property=\"og:image:height\" content=\"700\" \/>\n\t<meta property=\"og:image:type\" content=\"image\/jpeg\" \/>\n<meta name=\"twitter:card\" content=\"summary_large_image\" \/>\n<script type=\"application\/ld+json\" class=\"yoast-schema-graph\">{\"@context\":\"https:\\\/\\\/schema.org\",\"@graph\":[{\"@type\":\"WebPage\",\"@id\":\"https:\\\/\\\/agropecuariafenix.com.br\\\/index.php\\\/produto\\\/granplus-gourmet-caes-adultos-raca-pequena-salmao-e-frango-10kg\\\/\",\"url\":\"https:\\\/\\\/agropecuariafenix.com.br\\\/index.php\\\/produto\\\/granplus-gourmet-caes-adultos-raca-pequena-salmao-e-frango-10kg\\\/\",\"name\":\"Granplus Gourmet C\u00e3es Adultos Ra\u00e7a Pequena Salm\u00e3o E Frango 10Kg - Agropecu\u00e1ria Fenix\",\"isPartOf\":{\"@id\":\"https:\\\/\\\/agropecuariafenix.com.br\\\/#website\"},\"primaryImageOfPage\":{\"@id\":\"https:\\\/\\\/agropecuariafenix.com.br\\\/index.php\\\/produto\\\/granplus-gourmet-caes-adultos-raca-pequena-salmao-e-frango-10kg\\\/#primaryimage\"},\"image\":{\"@id\":\"https:\\\/\\\/agropecuariafenix.com.br\\\/index.php\\\/produto\\\/granplus-gourmet-caes-adultos-raca-pequena-salmao-e-frango-10kg\\\/#primaryimage\"},\"thumbnailUrl\":\"https:\\\/\\\/agropecuariafenix.com.br\\\/wp-content\\\/uploads\\\/2022\\\/03\\\/Granplus_Gourmet_Ces_Adultos_Raa_Pequena_Salmo_E_Frango_10Kg_637508-1.jpg\",\"datePublished\":\"2022-03-24T13:12:44+00:00\",\"dateModified\":\"2025-10-28T19:58:59+00:00\",\"breadcrumb\":{\"@id\":\"https:\\\/\\\/agropecuariafenix.com.br\\\/index.php\\\/produto\\\/granplus-gourmet-caes-adultos-raca-pequena-salmao-e-frango-10kg\\\/#breadcrumb\"},\"inLanguage\":\"pt-BR\",\"potentialAction\":[{\"@type\":\"ReadAction\",\"target\":[\"https:\\\/\\\/agropecuariafenix.com.br\\\/index.php\\\/produto\\\/granplus-gourmet-caes-adultos-raca-pequena-salmao-e-frango-10kg\\\/\"]}]},{\"@type\":\"ImageObject\",\"inLanguage\":\"pt-BR\",\"@id\":\"https:\\\/\\\/agropecuariafenix.com.br\\\/index.php\\\/produto\\\/granplus-gourmet-caes-adultos-raca-pequena-salmao-e-frango-10kg\\\/#primaryimage\",\"url\":\"https:\\\/\\\/agropecuariafenix.com.br\\\/wp-content\\\/uploads\\\/2022\\\/03\\\/Granplus_Gourmet_Ces_Adultos_Raa_Pequena_Salmo_E_Frango_10Kg_637508-1.jpg\",\"contentUrl\":\"https:\\\/\\\/agropecuariafenix.com.br\\\/wp-content\\\/uploads\\\/2022\\\/03\\\/Granplus_Gourmet_Ces_Adultos_Raa_Pequena_Salmo_E_Frango_10Kg_637508-1.jpg\",\"width\":700,\"height\":700,\"caption\":\"Granplus Gourmet C\u00e3es Adultos Ra\u00e7a Pequena Salm\u00e3o E Frango 10Kg\"},{\"@type\":\"BreadcrumbList\",\"@id\":\"https:\\\/\\\/agropecuariafenix.com.br\\\/index.php\\\/produto\\\/granplus-gourmet-caes-adultos-raca-pequena-salmao-e-frango-10kg\\\/#breadcrumb\",\"itemListElement\":[{\"@type\":\"ListItem\",\"position\":1,\"name\":\"In\u00edcio\",\"item\":\"https:\\\/\\\/agropecuariafenix.com.br\\\/\"},{\"@type\":\"ListItem\",\"position\":2,\"name\":\"Todos os produtos\",\"item\":\"https:\\\/\\\/agropecuariafenix.com.br\\\/index.php\\\/loja\\\/\"},{\"@type\":\"ListItem\",\"position\":3,\"name\":\"Granplus Gourmet C\u00e3es Adultos Ra\u00e7a Pequena Salm\u00e3o E Frango 10Kg\"}]},{\"@type\":\"WebSite\",\"@id\":\"https:\\\/\\\/agropecuariafenix.com.br\\\/#website\",\"url\":\"https:\\\/\\\/agropecuariafenix.com.br\\\/\",\"name\":\"Agropecu\u00e1ria Fenix\",\"description\":\"Agropecu\u00e1ria F\u00eanix Pet - Ra\u00e7\u00f5es \\\/ Medicamentos Pet \\\/ Cl\u00ednica Veterin\u00e1ria \\\/ Banho e Tosa \\\/ Cachorro \\\/\u00a0Gato\u00a0\\\/\u00a0P\u00e1ssaros\",\"publisher\":{\"@id\":\"https:\\\/\\\/agropecuariafenix.com.br\\\/#organization\"},\"alternateName\":\"Agropecu\u00e1ria Fenix\",\"potentialAction\":[{\"@type\":\"SearchAction\",\"target\":{\"@type\":\"EntryPoint\",\"urlTemplate\":\"https:\\\/\\\/agropecuariafenix.com.br\\\/?s={search_term_string}\"},\"query-input\":{\"@type\":\"PropertyValueSpecification\",\"valueRequired\":true,\"valueName\":\"search_term_string\"}}],\"inLanguage\":\"pt-BR\"},{\"@type\":\"Organization\",\"@id\":\"https:\\\/\\\/agropecuariafenix.com.br\\\/#organization\",\"name\":\"Agropecu\u00e1ria Fenix\",\"alternateName\":\"Agropecu\u00e1ria Fenix\",\"url\":\"https:\\\/\\\/agropecuariafenix.com.br\\\/\",\"logo\":{\"@type\":\"ImageObject\",\"inLanguage\":\"pt-BR\",\"@id\":\"https:\\\/\\\/agropecuariafenix.com.br\\\/#\\\/schema\\\/logo\\\/image\\\/\",\"url\":\"https:\\\/\\\/agropecuariafenix.com.br\\\/wp-content\\\/uploads\\\/2023\\\/08\\\/logo_fenix3-Copy.png\",\"contentUrl\":\"https:\\\/\\\/agropecuariafenix.com.br\\\/wp-content\\\/uploads\\\/2023\\\/08\\\/logo_fenix3-Copy.png\",\"width\":500,\"height\":500,\"caption\":\"Agropecu\u00e1ria Fenix\"},\"image\":{\"@id\":\"https:\\\/\\\/agropecuariafenix.com.br\\\/#\\\/schema\\\/logo\\\/image\\\/\"},\"sameAs\":[\"https:\\\/\\\/web.facebook.com\\\/agropecuariafenixjau\",\"https:\\\/\\\/www.instagram.com\\\/agropecuaria_fenix_jau\\\/\"]}]}<\/script>\n<!-- \/ Yoast SEO plugin. -->","yoast_head_json":{"title":"Granplus Gourmet C\u00e3es Adultos Ra\u00e7a Pequena Salm\u00e3o E Frango 10Kg - Agropecu\u00e1ria Fenix","robots":{"index":"index","follow":"follow","max-snippet":"max-snippet:-1","max-image-preview":"max-image-preview:large","max-video-preview":"max-video-preview:-1"},"canonical":"https:\/\/agropecuariafenix.com.br\/index.php\/produto\/granplus-gourmet-caes-adultos-raca-pequena-salmao-e-frango-10kg\/","og_locale":"pt_BR","og_type":"article","og_title":"Granplus Gourmet C\u00e3es Adultos Ra\u00e7a Pequena Salm\u00e3o E Frango 10Kg - Agropecu\u00e1ria Fenix","og_description":"&#8211; Alimento conservado com antioxidantes naturais; &#8211; Com vitaminas, minerais e \u00f4megas que promovem a sa\u00fade da pele e do pelo; &#8211; Possui ingredientes nobres e prote\u00edna de alta qualidade: atende paladares exigentes; &#8211; Com fonte rica em \u00d4mega 3 (EPA &amp; DHA): contribui para o excelente funcionamento do organismo; &#8211; Cont\u00e9m polpa de beterraba, prebi\u00f3tico MOS e extrato de yucca: auxilia na sa\u00fade intestinal; &#8211; Embalagem de 1 Kg e 3 Kg: sistema abre e fecha promovendo mais sabor, frescor e maior conserva\u00e7\u00e3o. Este produto possui Satisfa\u00e7\u00e3o Garantida. Saiba mais abaixo na descri\u00e7\u00e3o","og_url":"https:\/\/agropecuariafenix.com.br\/index.php\/produto\/granplus-gourmet-caes-adultos-raca-pequena-salmao-e-frango-10kg\/","og_site_name":"Agropecu\u00e1ria Fenix","article_publisher":"https:\/\/web.facebook.com\/agropecuariafenixjau","article_modified_time":"2025-10-28T19:58:59+00:00","og_image":[{"width":700,"height":700,"url":"https:\/\/agropecuariafenix.com.br\/wp-content\/uploads\/2022\/03\/Granplus_Gourmet_Ces_Adultos_Raa_Pequena_Salmo_E_Frango_10Kg_637508-1.jpg","type":"image\/jpeg"}],"twitter_card":"summary_large_image","schema":{"@context":"https:\/\/schema.org","@graph":[{"@type":"WebPage","@id":"https:\/\/agropecuariafenix.com.br\/index.php\/produto\/granplus-gourmet-caes-adultos-raca-pequena-salmao-e-frango-10kg\/","url":"https:\/\/agropecuariafenix.com.br\/index.php\/produto\/granplus-gourmet-caes-adultos-raca-pequena-salmao-e-frango-10kg\/","name":"Granplus Gourmet C\u00e3es Adultos Ra\u00e7a Pequena Salm\u00e3o E Frango 10Kg - Agropecu\u00e1ria Fenix","isPartOf":{"@id":"https:\/\/agropecuariafenix.com.br\/#website"},"primaryImageOfPage":{"@id":"https:\/\/agropecuariafenix.com.br\/index.php\/produto\/granplus-gourmet-caes-adultos-raca-pequena-salmao-e-frango-10kg\/#primaryimage"},"image":{"@id":"https:\/\/agropecuariafenix.com.br\/index.php\/produto\/granplus-gourmet-caes-adultos-raca-pequena-salmao-e-frango-10kg\/#primaryimage"},"thumbnailUrl":"https:\/\/agropecuariafenix.com.br\/wp-content\/uploads\/2022\/03\/Granplus_Gourmet_Ces_Adultos_Raa_Pequena_Salmo_E_Frango_10Kg_637508-1.jpg","datePublished":"2022-03-24T13:12:44+00:00","dateModified":"2025-10-28T19:58:59+00:00","breadcrumb":{"@id":"https:\/\/agropecuariafenix.com.br\/index.php\/produto\/granplus-gourmet-caes-adultos-raca-pequena-salmao-e-frango-10kg\/#breadcrumb"},"inLanguage":"pt-BR","potentialAction":[{"@type":"ReadAction","target":["https:\/\/agropecuariafenix.com.br\/index.php\/produto\/granplus-gourmet-caes-adultos-raca-pequena-salmao-e-frango-10kg\/"]}]},{"@type":"ImageObject","inLanguage":"pt-BR","@id":"https:\/\/agropecuariafenix.com.br\/index.php\/produto\/granplus-gourmet-caes-adultos-raca-pequena-salmao-e-frango-10kg\/#primaryimage","url":"https:\/\/agropecuariafenix.com.br\/wp-content\/uploads\/2022\/03\/Granplus_Gourmet_Ces_Adultos_Raa_Pequena_Salmo_E_Frango_10Kg_637508-1.jpg","contentUrl":"https:\/\/agropecuariafenix.com.br\/wp-content\/uploads\/2022\/03\/Granplus_Gourmet_Ces_Adultos_Raa_Pequena_Salmo_E_Frango_10Kg_637508-1.jpg","width":700,"height":700,"caption":"Granplus Gourmet C\u00e3es Adultos Ra\u00e7a Pequena Salm\u00e3o E Frango 10Kg"},{"@type":"BreadcrumbList","@id":"https:\/\/agropecuariafenix.com.br\/index.php\/produto\/granplus-gourmet-caes-adultos-raca-pequena-salmao-e-frango-10kg\/#breadcrumb","itemListElement":[{"@type":"ListItem","position":1,"name":"In\u00edcio","item":"https:\/\/agropecuariafenix.com.br\/"},{"@type":"ListItem","position":2,"name":"Todos os produtos","item":"https:\/\/agropecuariafenix.com.br\/index.php\/loja\/"},{"@type":"ListItem","position":3,"name":"Granplus Gourmet C\u00e3es Adultos Ra\u00e7a Pequena Salm\u00e3o E Frango 10Kg"}]},{"@type":"WebSite","@id":"https:\/\/agropecuariafenix.com.br\/#website","url":"https:\/\/agropecuariafenix.com.br\/","name":"Agropecu\u00e1ria Fenix","description":"Agropecu\u00e1ria F\u00eanix Pet - Ra\u00e7\u00f5es \/ Medicamentos Pet \/ Cl\u00ednica Veterin\u00e1ria \/ Banho e Tosa \/ Cachorro \/\u00a0Gato\u00a0\/\u00a0P\u00e1ssaros","publisher":{"@id":"https:\/\/agropecuariafenix.com.br\/#organization"},"alternateName":"Agropecu\u00e1ria Fenix","potentialAction":[{"@type":"SearchAction","target":{"@type":"EntryPoint","urlTemplate":"https:\/\/agropecuariafenix.com.br\/?s={search_term_string}"},"query-input":{"@type":"PropertyValueSpecification","valueRequired":true,"valueName":"search_term_string"}}],"inLanguage":"pt-BR"},{"@type":"Organization","@id":"https:\/\/agropecuariafenix.com.br\/#organization","name":"Agropecu\u00e1ria Fenix","alternateName":"Agropecu\u00e1ria Fenix","url":"https:\/\/agropecuariafenix.com.br\/","logo":{"@type":"ImageObject","inLanguage":"pt-BR","@id":"https:\/\/agropecuariafenix.com.br\/#\/schema\/logo\/image\/","url":"https:\/\/agropecuariafenix.com.br\/wp-content\/uploads\/2023\/08\/logo_fenix3-Copy.png","contentUrl":"https:\/\/agropecuariafenix.com.br\/wp-content\/uploads\/2023\/08\/logo_fenix3-Copy.png","width":500,"height":500,"caption":"Agropecu\u00e1ria Fenix"},"image":{"@id":"https:\/\/agropecuariafenix.com.br\/#\/schema\/logo\/image\/"},"sameAs":["https:\/\/web.facebook.com\/agropecuariafenixjau","https:\/\/www.instagram.com\/agropecuaria_fenix_jau\/"]}]}},"_links":{"self":[{"href":"https:\/\/agropecuariafenix.com.br\/index.php\/wp-json\/wp\/v2\/product\/24229","targetHints":{"allow":["GET"]}}],"collection":[{"href":"https:\/\/agropecuariafenix.com.br\/index.php\/wp-json\/wp\/v2\/product"}],"about":[{"href":"https:\/\/agropecuariafenix.com.br\/index.php\/wp-json\/wp\/v2\/types\/product"}],"replies":[{"embeddable":true,"href":"https:\/\/agropecuariafenix.com.br\/index.php\/wp-json\/wp\/v2\/comments?post=24229"}],"version-history":[{"count":1,"href":"https:\/\/agropecuariafenix.com.br\/index.php\/wp-json\/wp\/v2\/product\/24229\/revisions"}],"predecessor-version":[{"id":24292,"href":"https:\/\/agropecuariafenix.com.br\/index.php\/wp-json\/wp\/v2\/product\/24229\/revisions\/24292"}],"wp:featuredmedia":[{"embeddable":true,"href":"https:\/\/agropecuariafenix.com.br\/index.php\/wp-json\/wp\/v2\/media\/24228"}],"wp:attachment":[{"href":"https:\/\/agropecuariafenix.com.br\/index.php\/wp-json\/wp\/v2\/media?parent=24229"}],"wp:term":[{"taxonomy":"product_brand","embeddable":true,"href":"https:\/\/agropecuariafenix.com.br\/index.php\/wp-json\/wp\/v2\/product_brand?post=24229"},{"taxonomy":"product_cat","embeddable":true,"href":"https:\/\/agropecuariafenix.com.br\/index.php\/wp-json\/wp\/v2\/product_cat?post=24229"},{"taxonomy":"product_tag","embeddable":true,"href":"https:\/\/agropecuariafenix.com.br\/index.php\/wp-json\/wp\/v2\/product_tag?post=24229"}],"curies":[{"name":"wp","href":"https:\/\/api.w.org\/{rel}","templated":true}]}}