{"id":24205,"date":"2022-03-24T08:53:59","date_gmt":"2022-03-24T11:53:59","guid":{"rendered":"https:\/\/agropecuariafenix.com.br\/index.php\/produto\/granplus-gourmet-caes-adultos-raca-media-e-grande-ovelha-e-arroz-3kg\/"},"modified":"2025-10-14T18:22:47","modified_gmt":"2025-10-14T21:22:47","slug":"granplus-gourmet-caes-adultos-medio-e-grande-porte-ovelha-e-arroz-3kg","status":"publish","type":"product","link":"https:\/\/agropecuariafenix.com.br\/index.php\/produto\/granplus-gourmet-caes-adultos-medio-e-grande-porte-ovelha-e-arroz-3kg\/","title":{"rendered":"Granplus Gourmet C\u00e3es Adultos M\u00e9dio E Grande Porte Ovelha E Arroz 3Kg"},"content":{"rendered":"<p>Informa\u00e7\u00f5es Nutricionais<\/p>\n<p>Vitamina A 14.000UI, Vitamina D3 800UI, Vitamina E 73UI, Vitamina K3 0,1mg, Vitamina C 34mg, Vitamina B1 3,1mg, Vitamina B2 8,7mg, Vitamina B6 2,2mg, Vitamina B12 48,6\u03bcg, Pantotenato de C\u00e1lcio 20,6mg, \u00c1cido F\u00f3lico 0,37mg, \u00c1cido Nicot\u00ednico 23,8mg, Biotina 0,02mg, Colina 815mg, Zinco 100mg, Ferro 88mg, Mangan\u00eas 5,8mg, Iodo 1,5mg, Sel\u00eanio 0,4mg, Cobre 11mg.<\/p>\n<p>N\u00edveis de Garantia<\/p>\n<p>Prote\u00edna Bruta (m\u00edn.) 230g\/kg (23%) Extrato Et\u00e9reo (m\u00edn.) 120g\/kg (12%) Umidade (m\u00e1x.) 100g\/kg (10%) Mat\u00e9ria Fibrosa (m\u00e1x.) 30g\/kg (3,0%) Mat\u00e9ria Mineral (m\u00e1x.) 80g\/kg (8,0%) C\u00e1lcio (m\u00e1x.) 18g\/kg (1,8%) C\u00e1lcio (m\u00edn.) 8.000mg\/kg (0,8%) F\u00f3sforo (m\u00edn.) 7.000mg\/kg 0,7% S\u00f3dio (m\u00edn.) 2.000mg\/kg Pot\u00e1ssio (m\u00edn.) 5.000mg\/kg \u00d4mega 6 (m\u00edn.) 20g\/kg \u00d4mega 3 (m\u00edn.) 2.400mg\/kg EPA + DHA (m\u00edn.) 450mg\/kg Mananoligossacar\u00eddeos (m\u00edn.) 100mg\/kg Glicosamina (m\u00edn.) 100mg\/kg Condroitina (m\u00edn.) 50mg\/kg Energia Metaboliz\u00e1vel (NRC 2006, m\u00edn.) 3.800kcal\/kg<\/p>\n<p>Composi\u00e7\u00e3o<\/p>\n<p>Farinha de Carne e Ossos de Ovino, Farinha de V\u00edsceras de Aves, Farinha de Torresmo, Quirera de Arroz, Gr\u00e3o de Sorgo, \u00d3leo de V\u00edsceras de Aves, \u00d3leo de Peixe Refinado, \u00d3leo de Linha\u00e7a, Polpa de Beterraba, Farelo de Trigo, Levedura Seca de Cervejaria, Cloreto de S\u00f3dio (Sal Comum), Cloreto de Pot\u00e1ssio, Sulfato de Glicosamina, Sulfato de Condroitina, Hidrolisado de F\u00edgado Ave e Su\u00edno, Aditivo Prebi\u00f3tico (Parede Celular de Levedura Fonte de Mananoligossacar\u00eddeos), Antioxidantes Naturais (Extrato de Alecrim e Concentrado de Tocofer\u00f3is), Propionato de C\u00e1lcio, Sorbato de Pot\u00e1ssio, Aditivo Adsorvente (Parede Celular de Levedura e Bentonita), Vitaminas (A, D3, E, K3, C, B1, B2, B6, B12, Pantotenato de C\u00e1lcio, \u00c1cido F\u00f3lico, \u00c1cido Nicot\u00ednico, Biotina, Cloreto de Colina), Minerais (Sulfato de Zinco, Sulfato de Ferro, Sulfato de Mangan\u00eas, Iodato de C\u00e1lcio), Minerais Quelatados (Proteinato de Mangan\u00eas, Levedura Enriquecida com Sel\u00eanio, Proteinato de Zinco, Proteinato de Cobre).<\/p>\n<p>C\u00f3digo de barras   7896048916907<\/p>\n","protected":false},"excerpt":{"rendered":"<p>Descri\u00e7\u00e3o<\/p>\n<p>&#8211; Indicada para c\u00e3es;<br \/>\n&#8211; Feito com ingredientes nobres e prote\u00edna de alta qualidade,<br \/>\n&#8211; Proporciona uma experi\u00eancia de sabor para satisfazer os c\u00e3es com paladares exigentes, enquanto os nutre.<br \/>\n&#8211; Conservado com antioxidantes naturais.<br \/>\n&#8211; Sem transg\u00eanicos, aromas e corantes artificiais;<br \/>\n&#8211; Favorece articula\u00e7\u00f5es fortes: com glicosamina e condroitina que auxiliam na manuten\u00e7\u00e3o das articula\u00e7\u00f5es.<br \/>\n&#8211; Contribui para o \u00f3timo funcionamento do organismo: com fonte rica em \u00f4mega 3 (EPA &amp; DHA).<br \/>\n&#8211; Auxilia na sa\u00fade intestinal: com fibras e prebi\u00f3tico mos que favorecem o equil\u00edbrio intestinal para adequada forma\u00e7\u00e3o das fezes.<br \/>\n&#8211; Dispon\u00edvel em embalagem de 3kg e 15kg.<\/p>\n","protected":false},"featured_media":27086,"comment_status":"open","ping_status":"closed","template":"","meta":[],"product_brand":[],"product_cat":[1630,80],"product_tag":[100,76,78,75,956,140,909,113,1726,1709,960,1718,81],"class_list":{"0":"post-24205","1":"product","2":"type-product","3":"status-publish","4":"has-post-thumbnail","6":"product_cat-cao","7":"product_cat-racoes","8":"product_tag-3kg","9":"product_tag-adultos","10":"product_tag-arroz","11":"product_tag-caes","12":"product_tag-gourmet","13":"product_tag-grande","14":"product_tag-granplus","15":"product_tag-media","16":"product_tag-medio","17":"product_tag-medios","18":"product_tag-ovelha","19":"product_tag-porte","20":"product_tag-raca","22":"first","23":"outofstock","24":"shipping-taxable","25":"purchasable","26":"product-type-simple"},"yoast_head":"<!-- This site is optimized with the Yoast SEO plugin v27.6 - https:\/\/yoast.com\/product\/yoast-seo-wordpress\/ -->\n<title>Granplus Gourmet C\u00e3es Adultos M\u00e9dio E Grande Porte Ovelha E Arroz 3Kg - Agropecu\u00e1ria Fenix<\/title>\n<meta name=\"robots\" content=\"index, follow, max-snippet:-1, max-image-preview:large, max-video-preview:-1\" \/>\n<link rel=\"canonical\" href=\"https:\/\/agropecuariafenix.com.br\/index.php\/produto\/granplus-gourmet-caes-adultos-medio-e-grande-porte-ovelha-e-arroz-3kg\/\" \/>\n<meta property=\"og:locale\" content=\"pt_BR\" \/>\n<meta property=\"og:type\" content=\"article\" \/>\n<meta property=\"og:title\" content=\"Granplus Gourmet C\u00e3es Adultos M\u00e9dio E Grande Porte Ovelha E Arroz 3Kg - Agropecu\u00e1ria Fenix\" \/>\n<meta property=\"og:description\" content=\"Descri\u00e7\u00e3o &#8211; Indicada para c\u00e3es; &#8211; Feito com ingredientes nobres e prote\u00edna de alta qualidade, &#8211; Proporciona uma experi\u00eancia de sabor para satisfazer os c\u00e3es com paladares exigentes, enquanto os nutre. &#8211; Conservado com antioxidantes naturais. &#8211; Sem transg\u00eanicos, aromas e corantes artificiais; &#8211; Favorece articula\u00e7\u00f5es fortes: com glicosamina e condroitina que auxiliam na manuten\u00e7\u00e3o das articula\u00e7\u00f5es. &#8211; Contribui para o \u00f3timo funcionamento do organismo: com fonte rica em \u00f4mega 3 (EPA &amp; DHA). &#8211; Auxilia na sa\u00fade intestinal: com fibras e prebi\u00f3tico mos que favorecem o equil\u00edbrio intestinal para adequada forma\u00e7\u00e3o das fezes. &#8211; Dispon\u00edvel em embalagem de 3kg e 15kg.\" \/>\n<meta property=\"og:url\" content=\"https:\/\/agropecuariafenix.com.br\/index.php\/produto\/granplus-gourmet-caes-adultos-medio-e-grande-porte-ovelha-e-arroz-3kg\/\" \/>\n<meta property=\"og:site_name\" content=\"Agropecu\u00e1ria Fenix\" \/>\n<meta property=\"article:publisher\" content=\"https:\/\/web.facebook.com\/agropecuariafenixjau\" \/>\n<meta property=\"article:modified_time\" content=\"2025-10-14T21:22:47+00:00\" \/>\n<meta property=\"og:image\" content=\"https:\/\/agropecuariafenix.com.br\/wp-content\/uploads\/2025\/01\/Granplus-Gourmet-Ces-Adultos-Mdio-E-Grande-Porte-Ovelha-E-Arroz-3Kg-446341577.jpg\" \/>\n\t<meta property=\"og:image:width\" content=\"1000\" \/>\n\t<meta property=\"og:image:height\" content=\"1000\" \/>\n\t<meta property=\"og:image:type\" content=\"image\/jpeg\" \/>\n<meta name=\"twitter:card\" content=\"summary_large_image\" \/>\n<meta name=\"twitter:label1\" content=\"Est. tempo de leitura\" \/>\n\t<meta name=\"twitter:data1\" content=\"2 minutos\" \/>\n<script type=\"application\/ld+json\" class=\"yoast-schema-graph\">{\"@context\":\"https:\\\/\\\/schema.org\",\"@graph\":[{\"@type\":\"WebPage\",\"@id\":\"https:\\\/\\\/agropecuariafenix.com.br\\\/index.php\\\/produto\\\/granplus-gourmet-caes-adultos-medio-e-grande-porte-ovelha-e-arroz-3kg\\\/\",\"url\":\"https:\\\/\\\/agropecuariafenix.com.br\\\/index.php\\\/produto\\\/granplus-gourmet-caes-adultos-medio-e-grande-porte-ovelha-e-arroz-3kg\\\/\",\"name\":\"Granplus Gourmet C\u00e3es Adultos M\u00e9dio E Grande Porte Ovelha E Arroz 3Kg - Agropecu\u00e1ria Fenix\",\"isPartOf\":{\"@id\":\"https:\\\/\\\/agropecuariafenix.com.br\\\/#website\"},\"primaryImageOfPage\":{\"@id\":\"https:\\\/\\\/agropecuariafenix.com.br\\\/index.php\\\/produto\\\/granplus-gourmet-caes-adultos-medio-e-grande-porte-ovelha-e-arroz-3kg\\\/#primaryimage\"},\"image\":{\"@id\":\"https:\\\/\\\/agropecuariafenix.com.br\\\/index.php\\\/produto\\\/granplus-gourmet-caes-adultos-medio-e-grande-porte-ovelha-e-arroz-3kg\\\/#primaryimage\"},\"thumbnailUrl\":\"https:\\\/\\\/agropecuariafenix.com.br\\\/wp-content\\\/uploads\\\/2025\\\/01\\\/Granplus-Gourmet-Ces-Adultos-Mdio-E-Grande-Porte-Ovelha-E-Arroz-3Kg-446341577.jpg\",\"datePublished\":\"2022-03-24T11:53:59+00:00\",\"dateModified\":\"2025-10-14T21:22:47+00:00\",\"breadcrumb\":{\"@id\":\"https:\\\/\\\/agropecuariafenix.com.br\\\/index.php\\\/produto\\\/granplus-gourmet-caes-adultos-medio-e-grande-porte-ovelha-e-arroz-3kg\\\/#breadcrumb\"},\"inLanguage\":\"pt-BR\",\"potentialAction\":[{\"@type\":\"ReadAction\",\"target\":[\"https:\\\/\\\/agropecuariafenix.com.br\\\/index.php\\\/produto\\\/granplus-gourmet-caes-adultos-medio-e-grande-porte-ovelha-e-arroz-3kg\\\/\"]}]},{\"@type\":\"ImageObject\",\"inLanguage\":\"pt-BR\",\"@id\":\"https:\\\/\\\/agropecuariafenix.com.br\\\/index.php\\\/produto\\\/granplus-gourmet-caes-adultos-medio-e-grande-porte-ovelha-e-arroz-3kg\\\/#primaryimage\",\"url\":\"https:\\\/\\\/agropecuariafenix.com.br\\\/wp-content\\\/uploads\\\/2025\\\/01\\\/Granplus-Gourmet-Ces-Adultos-Mdio-E-Grande-Porte-Ovelha-E-Arroz-3Kg-446341577.jpg\",\"contentUrl\":\"https:\\\/\\\/agropecuariafenix.com.br\\\/wp-content\\\/uploads\\\/2025\\\/01\\\/Granplus-Gourmet-Ces-Adultos-Mdio-E-Grande-Porte-Ovelha-E-Arroz-3Kg-446341577.jpg\",\"width\":1000,\"height\":1000,\"caption\":\"Granplus Gourmet C\u00e3es Adultos M\u00e9dio E Grande Porte Ovelha E Arroz 3Kg\"},{\"@type\":\"BreadcrumbList\",\"@id\":\"https:\\\/\\\/agropecuariafenix.com.br\\\/index.php\\\/produto\\\/granplus-gourmet-caes-adultos-medio-e-grande-porte-ovelha-e-arroz-3kg\\\/#breadcrumb\",\"itemListElement\":[{\"@type\":\"ListItem\",\"position\":1,\"name\":\"In\u00edcio\",\"item\":\"https:\\\/\\\/agropecuariafenix.com.br\\\/\"},{\"@type\":\"ListItem\",\"position\":2,\"name\":\"Todos os produtos\",\"item\":\"https:\\\/\\\/agropecuariafenix.com.br\\\/index.php\\\/loja\\\/\"},{\"@type\":\"ListItem\",\"position\":3,\"name\":\"Granplus Gourmet C\u00e3es Adultos M\u00e9dio E Grande Porte Ovelha E Arroz 3Kg\"}]},{\"@type\":\"WebSite\",\"@id\":\"https:\\\/\\\/agropecuariafenix.com.br\\\/#website\",\"url\":\"https:\\\/\\\/agropecuariafenix.com.br\\\/\",\"name\":\"Agropecu\u00e1ria Fenix\",\"description\":\"Agropecu\u00e1ria F\u00eanix Pet - Ra\u00e7\u00f5es \\\/ Medicamentos Pet \\\/ Cl\u00ednica Veterin\u00e1ria \\\/ Banho e Tosa \\\/ Cachorro \\\/\u00a0Gato\u00a0\\\/\u00a0P\u00e1ssaros\",\"publisher\":{\"@id\":\"https:\\\/\\\/agropecuariafenix.com.br\\\/#organization\"},\"alternateName\":\"Agropecu\u00e1ria Fenix\",\"potentialAction\":[{\"@type\":\"SearchAction\",\"target\":{\"@type\":\"EntryPoint\",\"urlTemplate\":\"https:\\\/\\\/agropecuariafenix.com.br\\\/?s={search_term_string}\"},\"query-input\":{\"@type\":\"PropertyValueSpecification\",\"valueRequired\":true,\"valueName\":\"search_term_string\"}}],\"inLanguage\":\"pt-BR\"},{\"@type\":\"Organization\",\"@id\":\"https:\\\/\\\/agropecuariafenix.com.br\\\/#organization\",\"name\":\"Agropecu\u00e1ria Fenix\",\"alternateName\":\"Agropecu\u00e1ria Fenix\",\"url\":\"https:\\\/\\\/agropecuariafenix.com.br\\\/\",\"logo\":{\"@type\":\"ImageObject\",\"inLanguage\":\"pt-BR\",\"@id\":\"https:\\\/\\\/agropecuariafenix.com.br\\\/#\\\/schema\\\/logo\\\/image\\\/\",\"url\":\"https:\\\/\\\/agropecuariafenix.com.br\\\/wp-content\\\/uploads\\\/2023\\\/08\\\/logo_fenix3-Copy.png\",\"contentUrl\":\"https:\\\/\\\/agropecuariafenix.com.br\\\/wp-content\\\/uploads\\\/2023\\\/08\\\/logo_fenix3-Copy.png\",\"width\":500,\"height\":500,\"caption\":\"Agropecu\u00e1ria Fenix\"},\"image\":{\"@id\":\"https:\\\/\\\/agropecuariafenix.com.br\\\/#\\\/schema\\\/logo\\\/image\\\/\"},\"sameAs\":[\"https:\\\/\\\/web.facebook.com\\\/agropecuariafenixjau\",\"https:\\\/\\\/www.instagram.com\\\/agropecuaria_fenix_jau\\\/\"]}]}<\/script>\n<!-- \/ Yoast SEO plugin. -->","yoast_head_json":{"title":"Granplus Gourmet C\u00e3es Adultos M\u00e9dio E Grande Porte Ovelha E Arroz 3Kg - Agropecu\u00e1ria Fenix","robots":{"index":"index","follow":"follow","max-snippet":"max-snippet:-1","max-image-preview":"max-image-preview:large","max-video-preview":"max-video-preview:-1"},"canonical":"https:\/\/agropecuariafenix.com.br\/index.php\/produto\/granplus-gourmet-caes-adultos-medio-e-grande-porte-ovelha-e-arroz-3kg\/","og_locale":"pt_BR","og_type":"article","og_title":"Granplus Gourmet C\u00e3es Adultos M\u00e9dio E Grande Porte Ovelha E Arroz 3Kg - Agropecu\u00e1ria Fenix","og_description":"Descri\u00e7\u00e3o &#8211; Indicada para c\u00e3es; &#8211; Feito com ingredientes nobres e prote\u00edna de alta qualidade, &#8211; Proporciona uma experi\u00eancia de sabor para satisfazer os c\u00e3es com paladares exigentes, enquanto os nutre. &#8211; Conservado com antioxidantes naturais. &#8211; Sem transg\u00eanicos, aromas e corantes artificiais; &#8211; Favorece articula\u00e7\u00f5es fortes: com glicosamina e condroitina que auxiliam na manuten\u00e7\u00e3o das articula\u00e7\u00f5es. &#8211; Contribui para o \u00f3timo funcionamento do organismo: com fonte rica em \u00f4mega 3 (EPA &amp; DHA). &#8211; Auxilia na sa\u00fade intestinal: com fibras e prebi\u00f3tico mos que favorecem o equil\u00edbrio intestinal para adequada forma\u00e7\u00e3o das fezes. &#8211; Dispon\u00edvel em embalagem de 3kg e 15kg.","og_url":"https:\/\/agropecuariafenix.com.br\/index.php\/produto\/granplus-gourmet-caes-adultos-medio-e-grande-porte-ovelha-e-arroz-3kg\/","og_site_name":"Agropecu\u00e1ria Fenix","article_publisher":"https:\/\/web.facebook.com\/agropecuariafenixjau","article_modified_time":"2025-10-14T21:22:47+00:00","og_image":[{"width":1000,"height":1000,"url":"https:\/\/agropecuariafenix.com.br\/wp-content\/uploads\/2025\/01\/Granplus-Gourmet-Ces-Adultos-Mdio-E-Grande-Porte-Ovelha-E-Arroz-3Kg-446341577.jpg","type":"image\/jpeg"}],"twitter_card":"summary_large_image","twitter_misc":{"Est. tempo de leitura":"2 minutos"},"schema":{"@context":"https:\/\/schema.org","@graph":[{"@type":"WebPage","@id":"https:\/\/agropecuariafenix.com.br\/index.php\/produto\/granplus-gourmet-caes-adultos-medio-e-grande-porte-ovelha-e-arroz-3kg\/","url":"https:\/\/agropecuariafenix.com.br\/index.php\/produto\/granplus-gourmet-caes-adultos-medio-e-grande-porte-ovelha-e-arroz-3kg\/","name":"Granplus Gourmet C\u00e3es Adultos M\u00e9dio E Grande Porte Ovelha E Arroz 3Kg - Agropecu\u00e1ria Fenix","isPartOf":{"@id":"https:\/\/agropecuariafenix.com.br\/#website"},"primaryImageOfPage":{"@id":"https:\/\/agropecuariafenix.com.br\/index.php\/produto\/granplus-gourmet-caes-adultos-medio-e-grande-porte-ovelha-e-arroz-3kg\/#primaryimage"},"image":{"@id":"https:\/\/agropecuariafenix.com.br\/index.php\/produto\/granplus-gourmet-caes-adultos-medio-e-grande-porte-ovelha-e-arroz-3kg\/#primaryimage"},"thumbnailUrl":"https:\/\/agropecuariafenix.com.br\/wp-content\/uploads\/2025\/01\/Granplus-Gourmet-Ces-Adultos-Mdio-E-Grande-Porte-Ovelha-E-Arroz-3Kg-446341577.jpg","datePublished":"2022-03-24T11:53:59+00:00","dateModified":"2025-10-14T21:22:47+00:00","breadcrumb":{"@id":"https:\/\/agropecuariafenix.com.br\/index.php\/produto\/granplus-gourmet-caes-adultos-medio-e-grande-porte-ovelha-e-arroz-3kg\/#breadcrumb"},"inLanguage":"pt-BR","potentialAction":[{"@type":"ReadAction","target":["https:\/\/agropecuariafenix.com.br\/index.php\/produto\/granplus-gourmet-caes-adultos-medio-e-grande-porte-ovelha-e-arroz-3kg\/"]}]},{"@type":"ImageObject","inLanguage":"pt-BR","@id":"https:\/\/agropecuariafenix.com.br\/index.php\/produto\/granplus-gourmet-caes-adultos-medio-e-grande-porte-ovelha-e-arroz-3kg\/#primaryimage","url":"https:\/\/agropecuariafenix.com.br\/wp-content\/uploads\/2025\/01\/Granplus-Gourmet-Ces-Adultos-Mdio-E-Grande-Porte-Ovelha-E-Arroz-3Kg-446341577.jpg","contentUrl":"https:\/\/agropecuariafenix.com.br\/wp-content\/uploads\/2025\/01\/Granplus-Gourmet-Ces-Adultos-Mdio-E-Grande-Porte-Ovelha-E-Arroz-3Kg-446341577.jpg","width":1000,"height":1000,"caption":"Granplus Gourmet C\u00e3es Adultos M\u00e9dio E Grande Porte Ovelha E Arroz 3Kg"},{"@type":"BreadcrumbList","@id":"https:\/\/agropecuariafenix.com.br\/index.php\/produto\/granplus-gourmet-caes-adultos-medio-e-grande-porte-ovelha-e-arroz-3kg\/#breadcrumb","itemListElement":[{"@type":"ListItem","position":1,"name":"In\u00edcio","item":"https:\/\/agropecuariafenix.com.br\/"},{"@type":"ListItem","position":2,"name":"Todos os produtos","item":"https:\/\/agropecuariafenix.com.br\/index.php\/loja\/"},{"@type":"ListItem","position":3,"name":"Granplus Gourmet C\u00e3es Adultos M\u00e9dio E Grande Porte Ovelha E Arroz 3Kg"}]},{"@type":"WebSite","@id":"https:\/\/agropecuariafenix.com.br\/#website","url":"https:\/\/agropecuariafenix.com.br\/","name":"Agropecu\u00e1ria Fenix","description":"Agropecu\u00e1ria F\u00eanix Pet - Ra\u00e7\u00f5es \/ Medicamentos Pet \/ Cl\u00ednica Veterin\u00e1ria \/ Banho e Tosa \/ Cachorro \/\u00a0Gato\u00a0\/\u00a0P\u00e1ssaros","publisher":{"@id":"https:\/\/agropecuariafenix.com.br\/#organization"},"alternateName":"Agropecu\u00e1ria Fenix","potentialAction":[{"@type":"SearchAction","target":{"@type":"EntryPoint","urlTemplate":"https:\/\/agropecuariafenix.com.br\/?s={search_term_string}"},"query-input":{"@type":"PropertyValueSpecification","valueRequired":true,"valueName":"search_term_string"}}],"inLanguage":"pt-BR"},{"@type":"Organization","@id":"https:\/\/agropecuariafenix.com.br\/#organization","name":"Agropecu\u00e1ria Fenix","alternateName":"Agropecu\u00e1ria Fenix","url":"https:\/\/agropecuariafenix.com.br\/","logo":{"@type":"ImageObject","inLanguage":"pt-BR","@id":"https:\/\/agropecuariafenix.com.br\/#\/schema\/logo\/image\/","url":"https:\/\/agropecuariafenix.com.br\/wp-content\/uploads\/2023\/08\/logo_fenix3-Copy.png","contentUrl":"https:\/\/agropecuariafenix.com.br\/wp-content\/uploads\/2023\/08\/logo_fenix3-Copy.png","width":500,"height":500,"caption":"Agropecu\u00e1ria Fenix"},"image":{"@id":"https:\/\/agropecuariafenix.com.br\/#\/schema\/logo\/image\/"},"sameAs":["https:\/\/web.facebook.com\/agropecuariafenixjau","https:\/\/www.instagram.com\/agropecuaria_fenix_jau\/"]}]}},"_links":{"self":[{"href":"https:\/\/agropecuariafenix.com.br\/index.php\/wp-json\/wp\/v2\/product\/24205","targetHints":{"allow":["GET"]}}],"collection":[{"href":"https:\/\/agropecuariafenix.com.br\/index.php\/wp-json\/wp\/v2\/product"}],"about":[{"href":"https:\/\/agropecuariafenix.com.br\/index.php\/wp-json\/wp\/v2\/types\/product"}],"replies":[{"embeddable":true,"href":"https:\/\/agropecuariafenix.com.br\/index.php\/wp-json\/wp\/v2\/comments?post=24205"}],"version-history":[{"count":5,"href":"https:\/\/agropecuariafenix.com.br\/index.php\/wp-json\/wp\/v2\/product\/24205\/revisions"}],"predecessor-version":[{"id":28592,"href":"https:\/\/agropecuariafenix.com.br\/index.php\/wp-json\/wp\/v2\/product\/24205\/revisions\/28592"}],"wp:featuredmedia":[{"embeddable":true,"href":"https:\/\/agropecuariafenix.com.br\/index.php\/wp-json\/wp\/v2\/media\/27086"}],"wp:attachment":[{"href":"https:\/\/agropecuariafenix.com.br\/index.php\/wp-json\/wp\/v2\/media?parent=24205"}],"wp:term":[{"taxonomy":"product_brand","embeddable":true,"href":"https:\/\/agropecuariafenix.com.br\/index.php\/wp-json\/wp\/v2\/product_brand?post=24205"},{"taxonomy":"product_cat","embeddable":true,"href":"https:\/\/agropecuariafenix.com.br\/index.php\/wp-json\/wp\/v2\/product_cat?post=24205"},{"taxonomy":"product_tag","embeddable":true,"href":"https:\/\/agropecuariafenix.com.br\/index.php\/wp-json\/wp\/v2\/product_tag?post=24205"}],"curies":[{"name":"wp","href":"https:\/\/api.w.org\/{rel}","templated":true}]}}