{"id":23435,"date":"2022-03-10T17:48:17","date_gmt":"2022-03-10T20:48:17","guid":{"rendered":"https:\/\/agropecuariafenix.com.br\/index.php\/produto\/premier-nutricao-clinica-gatos-adultos-urinario-500g\/"},"modified":"2025-10-28T08:20:43","modified_gmt":"2025-10-28T11:20:43","slug":"premier-nutricao-clinica-gatos-adultos-urinario-500g","status":"publish","type":"product","link":"https:\/\/agropecuariafenix.com.br\/index.php\/produto\/premier-nutricao-clinica-gatos-adultos-urinario-500g\/","title":{"rendered":"Premier Nutri\u00e7\u00e3o Cl\u00ednica Gatos Adultos Urin\u00e1rio 500G"},"content":{"rendered":"<p>A Ra\u00e7\u00e3o Premier Nutri\u00e7\u00e3o Cl\u00ednica Urin\u00e1rio para Gatos \u00e9 um alimento Super Premium auxiliar ao tratamento dos c\u00e1lculos urin\u00e1rios de estruvita. Algumas altera\u00e7\u00f5es na alimenta\u00e7\u00e3o podem ser ben\u00e9ficas em pacientes com c\u00e1lculos urin\u00e1rios. Os objetivos da dieta s\u00e3o controlar o pH urin\u00e1rio, diminuir a ingest\u00e3o e excre\u00e7\u00e3o urin\u00e1ria de subst\u00e2ncias formadoras de c\u00e1lculo e auxiliar na dissolu\u00e7\u00e3o dos c\u00e1lculos j\u00e1 formados. Este alimento deve ser utilizado como \u00fanico alimento, em geral, pelo per\u00edodo de 4 a 5 semanas podendo variar de acordo com o animal, sempre sob orienta\u00e7\u00e3o de um profissional.<\/p>\n<p>Solicita\u00e7\u00f5es referentes \u00e0 Garantia de Satisfa\u00e7\u00e3o devem ser encaminhadas diretamente para o fabricante por meio do PremieR Responde \u2013 Telefone 0800 055 66 66. Para mais informa\u00e7\u00f5es acesse: https:\/\/www.premierpet.com.br\/garantia-premierpet\/<\/p>\n","protected":false},"excerpt":{"rendered":"<p>&#8211; Teor reduzido de magn\u00e9sio: menor concentra\u00e7\u00e3o urin\u00e1ria de magn\u00e9sio que desfavorece a forma\u00e7\u00e3o de c\u00e1lculos de estruvita;<br \/>\n&#8211; pH urin\u00e1rio controlado: o controle do pH urin\u00e1rio \u00e9 importante para evitar a acidifica\u00e7\u00e3o excessiva que predisp\u00f5e a forma\u00e7\u00e3o dos c\u00e1lculos de oxalato de c\u00e1lcio;<br \/>\n&#8211; Excesso de bases reduzido: formulado para obter um excesso de bases reduzido, propriedade necess\u00e1ria para acidifica\u00e7\u00e3o da urina e dissolu\u00e7\u00e3o dos c\u00e1lculos de estruvita;<br \/>\n&#8211; Prote\u00edna em equil\u00edbrio: teor controlado de prote\u00ednas de alta qualidade, que promove a diminui\u00e7\u00e3o da concentra\u00e7\u00e3o de am\u00f4nia urin\u00e1ria, reduzindo a disponibilidade deste componente estrutural do c\u00e1lculo de estruvita.<\/p>\n<p>&#8211; Este produto possui Satisfa\u00e7\u00e3o Garantida. Saiba mais abaixo na descri\u00e7\u00e3o.<\/p>\n","protected":false},"featured_media":23434,"comment_status":"open","ping_status":"closed","template":"","meta":[],"product_brand":[],"product_cat":[696],"product_tag":[546,76,694,209,693,461,726],"class_list":{"0":"post-23435","1":"product","2":"type-product","3":"status-publish","4":"has-post-thumbnail","6":"product_cat-racao-medicamentosa","7":"product_tag-500g","8":"product_tag-adultos","9":"product_tag-clinica","10":"product_tag-gatos","11":"product_tag-nutricao","12":"product_tag-premier","13":"product_tag-urinario","15":"first","16":"instock","17":"shipping-taxable","18":"purchasable","19":"product-type-simple"},"yoast_head":"<!-- This site is optimized with the Yoast SEO plugin v26.1.1 - https:\/\/yoast.com\/wordpress\/plugins\/seo\/ -->\n<title>Premier Nutri\u00e7\u00e3o Cl\u00ednica Gatos Adultos Urin\u00e1rio 500G - Agropecu\u00e1ria Fenix<\/title>\n<meta name=\"robots\" content=\"index, follow, max-snippet:-1, max-image-preview:large, max-video-preview:-1\" \/>\n<link rel=\"canonical\" href=\"https:\/\/agropecuariafenix.com.br\/index.php\/produto\/premier-nutricao-clinica-gatos-adultos-urinario-500g\/\" \/>\n<meta property=\"og:locale\" content=\"pt_BR\" \/>\n<meta property=\"og:type\" content=\"article\" \/>\n<meta property=\"og:title\" content=\"Premier Nutri\u00e7\u00e3o Cl\u00ednica Gatos Adultos Urin\u00e1rio 500G - Agropecu\u00e1ria Fenix\" \/>\n<meta property=\"og:description\" content=\"&#8211; Teor reduzido de magn\u00e9sio: menor concentra\u00e7\u00e3o urin\u00e1ria de magn\u00e9sio que desfavorece a forma\u00e7\u00e3o de c\u00e1lculos de estruvita; &#8211; pH urin\u00e1rio controlado: o controle do pH urin\u00e1rio \u00e9 importante para evitar a acidifica\u00e7\u00e3o excessiva que predisp\u00f5e a forma\u00e7\u00e3o dos c\u00e1lculos de oxalato de c\u00e1lcio; &#8211; Excesso de bases reduzido: formulado para obter um excesso de bases reduzido, propriedade necess\u00e1ria para acidifica\u00e7\u00e3o da urina e dissolu\u00e7\u00e3o dos c\u00e1lculos de estruvita; &#8211; Prote\u00edna em equil\u00edbrio: teor controlado de prote\u00ednas de alta qualidade, que promove a diminui\u00e7\u00e3o da concentra\u00e7\u00e3o de am\u00f4nia urin\u00e1ria, reduzindo a disponibilidade deste componente estrutural do c\u00e1lculo de estruvita. &#8211; Este produto possui Satisfa\u00e7\u00e3o Garantida. Saiba mais abaixo na descri\u00e7\u00e3o.\" \/>\n<meta property=\"og:url\" content=\"https:\/\/agropecuariafenix.com.br\/index.php\/produto\/premier-nutricao-clinica-gatos-adultos-urinario-500g\/\" \/>\n<meta property=\"og:site_name\" content=\"Agropecu\u00e1ria Fenix\" \/>\n<meta property=\"article:publisher\" content=\"https:\/\/web.facebook.com\/agropecuariafenixjau\" \/>\n<meta property=\"article:modified_time\" content=\"2025-10-28T11:20:43+00:00\" \/>\n<meta property=\"og:image\" content=\"https:\/\/agropecuariafenix.com.br\/wp-content\/uploads\/2022\/03\/Premier_Nutrio_Clnica_Gatos_Adultos_Urinrio_500G_182614-1.jpg\" \/>\n\t<meta property=\"og:image:width\" content=\"400\" \/>\n\t<meta property=\"og:image:height\" content=\"400\" \/>\n\t<meta property=\"og:image:type\" content=\"image\/jpeg\" \/>\n<meta name=\"twitter:card\" content=\"summary_large_image\" \/>\n<meta name=\"twitter:label1\" content=\"Est. tempo de leitura\" \/>\n\t<meta name=\"twitter:data1\" content=\"1 minuto\" \/>\n<script type=\"application\/ld+json\" class=\"yoast-schema-graph\">{\"@context\":\"https:\/\/schema.org\",\"@graph\":[{\"@type\":\"WebPage\",\"@id\":\"https:\/\/agropecuariafenix.com.br\/index.php\/produto\/premier-nutricao-clinica-gatos-adultos-urinario-500g\/\",\"url\":\"https:\/\/agropecuariafenix.com.br\/index.php\/produto\/premier-nutricao-clinica-gatos-adultos-urinario-500g\/\",\"name\":\"Premier Nutri\u00e7\u00e3o Cl\u00ednica Gatos Adultos Urin\u00e1rio 500G - Agropecu\u00e1ria Fenix\",\"isPartOf\":{\"@id\":\"https:\/\/agropecuariafenix.com.br\/#website\"},\"primaryImageOfPage\":{\"@id\":\"https:\/\/agropecuariafenix.com.br\/index.php\/produto\/premier-nutricao-clinica-gatos-adultos-urinario-500g\/#primaryimage\"},\"image\":{\"@id\":\"https:\/\/agropecuariafenix.com.br\/index.php\/produto\/premier-nutricao-clinica-gatos-adultos-urinario-500g\/#primaryimage\"},\"thumbnailUrl\":\"https:\/\/agropecuariafenix.com.br\/wp-content\/uploads\/2022\/03\/Premier_Nutrio_Clnica_Gatos_Adultos_Urinrio_500G_182614-1.jpg\",\"datePublished\":\"2022-03-10T20:48:17+00:00\",\"dateModified\":\"2025-10-28T11:20:43+00:00\",\"breadcrumb\":{\"@id\":\"https:\/\/agropecuariafenix.com.br\/index.php\/produto\/premier-nutricao-clinica-gatos-adultos-urinario-500g\/#breadcrumb\"},\"inLanguage\":\"pt-BR\",\"potentialAction\":[{\"@type\":\"ReadAction\",\"target\":[\"https:\/\/agropecuariafenix.com.br\/index.php\/produto\/premier-nutricao-clinica-gatos-adultos-urinario-500g\/\"]}]},{\"@type\":\"ImageObject\",\"inLanguage\":\"pt-BR\",\"@id\":\"https:\/\/agropecuariafenix.com.br\/index.php\/produto\/premier-nutricao-clinica-gatos-adultos-urinario-500g\/#primaryimage\",\"url\":\"https:\/\/agropecuariafenix.com.br\/wp-content\/uploads\/2022\/03\/Premier_Nutrio_Clnica_Gatos_Adultos_Urinrio_500G_182614-1.jpg\",\"contentUrl\":\"https:\/\/agropecuariafenix.com.br\/wp-content\/uploads\/2022\/03\/Premier_Nutrio_Clnica_Gatos_Adultos_Urinrio_500G_182614-1.jpg\",\"width\":400,\"height\":400,\"caption\":\"Premier Nutri\u00e7\u00e3o Cl\u00ednica Gatos Adultos Urin\u00e1rio 500G\"},{\"@type\":\"BreadcrumbList\",\"@id\":\"https:\/\/agropecuariafenix.com.br\/index.php\/produto\/premier-nutricao-clinica-gatos-adultos-urinario-500g\/#breadcrumb\",\"itemListElement\":[{\"@type\":\"ListItem\",\"position\":1,\"name\":\"In\u00edcio\",\"item\":\"https:\/\/agropecuariafenix.com.br\/\"},{\"@type\":\"ListItem\",\"position\":2,\"name\":\"Todos os produtos\",\"item\":\"https:\/\/agropecuariafenix.com.br\/index.php\/loja\/\"},{\"@type\":\"ListItem\",\"position\":3,\"name\":\"Premier Nutri\u00e7\u00e3o Cl\u00ednica Gatos Adultos Urin\u00e1rio 500G\"}]},{\"@type\":\"WebSite\",\"@id\":\"https:\/\/agropecuariafenix.com.br\/#website\",\"url\":\"https:\/\/agropecuariafenix.com.br\/\",\"name\":\"Agropecu\u00e1ria Fenix\",\"description\":\"Agropecu\u00e1ria F\u00eanix Pet - Ra\u00e7\u00f5es \/ Medicamentos Pet \/ Cl\u00ednica Veterin\u00e1ria \/ Banho e Tosa \/ Cachorro \/\u00a0Gato\u00a0\/\u00a0P\u00e1ssaros\",\"publisher\":{\"@id\":\"https:\/\/agropecuariafenix.com.br\/#organization\"},\"alternateName\":\"Agropecu\u00e1ria Fenix\",\"potentialAction\":[{\"@type\":\"SearchAction\",\"target\":{\"@type\":\"EntryPoint\",\"urlTemplate\":\"https:\/\/agropecuariafenix.com.br\/?s={search_term_string}\"},\"query-input\":{\"@type\":\"PropertyValueSpecification\",\"valueRequired\":true,\"valueName\":\"search_term_string\"}}],\"inLanguage\":\"pt-BR\"},{\"@type\":\"Organization\",\"@id\":\"https:\/\/agropecuariafenix.com.br\/#organization\",\"name\":\"Agropecu\u00e1ria Fenix\",\"alternateName\":\"Agropecu\u00e1ria Fenix\",\"url\":\"https:\/\/agropecuariafenix.com.br\/\",\"logo\":{\"@type\":\"ImageObject\",\"inLanguage\":\"pt-BR\",\"@id\":\"https:\/\/agropecuariafenix.com.br\/#\/schema\/logo\/image\/\",\"url\":\"https:\/\/agropecuariafenix.com.br\/wp-content\/uploads\/2023\/08\/logo_fenix3-Copy.png\",\"contentUrl\":\"https:\/\/agropecuariafenix.com.br\/wp-content\/uploads\/2023\/08\/logo_fenix3-Copy.png\",\"width\":500,\"height\":500,\"caption\":\"Agropecu\u00e1ria Fenix\"},\"image\":{\"@id\":\"https:\/\/agropecuariafenix.com.br\/#\/schema\/logo\/image\/\"},\"sameAs\":[\"https:\/\/web.facebook.com\/agropecuariafenixjau\",\"https:\/\/www.instagram.com\/agropecuaria_fenix_jau\/\"]}]}<\/script>\n<!-- \/ Yoast SEO plugin. -->","yoast_head_json":{"title":"Premier Nutri\u00e7\u00e3o Cl\u00ednica Gatos Adultos Urin\u00e1rio 500G - Agropecu\u00e1ria Fenix","robots":{"index":"index","follow":"follow","max-snippet":"max-snippet:-1","max-image-preview":"max-image-preview:large","max-video-preview":"max-video-preview:-1"},"canonical":"https:\/\/agropecuariafenix.com.br\/index.php\/produto\/premier-nutricao-clinica-gatos-adultos-urinario-500g\/","og_locale":"pt_BR","og_type":"article","og_title":"Premier Nutri\u00e7\u00e3o Cl\u00ednica Gatos Adultos Urin\u00e1rio 500G - Agropecu\u00e1ria Fenix","og_description":"&#8211; Teor reduzido de magn\u00e9sio: menor concentra\u00e7\u00e3o urin\u00e1ria de magn\u00e9sio que desfavorece a forma\u00e7\u00e3o de c\u00e1lculos de estruvita; &#8211; pH urin\u00e1rio controlado: o controle do pH urin\u00e1rio \u00e9 importante para evitar a acidifica\u00e7\u00e3o excessiva que predisp\u00f5e a forma\u00e7\u00e3o dos c\u00e1lculos de oxalato de c\u00e1lcio; &#8211; Excesso de bases reduzido: formulado para obter um excesso de bases reduzido, propriedade necess\u00e1ria para acidifica\u00e7\u00e3o da urina e dissolu\u00e7\u00e3o dos c\u00e1lculos de estruvita; &#8211; Prote\u00edna em equil\u00edbrio: teor controlado de prote\u00ednas de alta qualidade, que promove a diminui\u00e7\u00e3o da concentra\u00e7\u00e3o de am\u00f4nia urin\u00e1ria, reduzindo a disponibilidade deste componente estrutural do c\u00e1lculo de estruvita. &#8211; Este produto possui Satisfa\u00e7\u00e3o Garantida. Saiba mais abaixo na descri\u00e7\u00e3o.","og_url":"https:\/\/agropecuariafenix.com.br\/index.php\/produto\/premier-nutricao-clinica-gatos-adultos-urinario-500g\/","og_site_name":"Agropecu\u00e1ria Fenix","article_publisher":"https:\/\/web.facebook.com\/agropecuariafenixjau","article_modified_time":"2025-10-28T11:20:43+00:00","og_image":[{"width":400,"height":400,"url":"https:\/\/agropecuariafenix.com.br\/wp-content\/uploads\/2022\/03\/Premier_Nutrio_Clnica_Gatos_Adultos_Urinrio_500G_182614-1.jpg","type":"image\/jpeg"}],"twitter_card":"summary_large_image","twitter_misc":{"Est. tempo de leitura":"1 minuto"},"schema":{"@context":"https:\/\/schema.org","@graph":[{"@type":"WebPage","@id":"https:\/\/agropecuariafenix.com.br\/index.php\/produto\/premier-nutricao-clinica-gatos-adultos-urinario-500g\/","url":"https:\/\/agropecuariafenix.com.br\/index.php\/produto\/premier-nutricao-clinica-gatos-adultos-urinario-500g\/","name":"Premier Nutri\u00e7\u00e3o Cl\u00ednica Gatos Adultos Urin\u00e1rio 500G - Agropecu\u00e1ria Fenix","isPartOf":{"@id":"https:\/\/agropecuariafenix.com.br\/#website"},"primaryImageOfPage":{"@id":"https:\/\/agropecuariafenix.com.br\/index.php\/produto\/premier-nutricao-clinica-gatos-adultos-urinario-500g\/#primaryimage"},"image":{"@id":"https:\/\/agropecuariafenix.com.br\/index.php\/produto\/premier-nutricao-clinica-gatos-adultos-urinario-500g\/#primaryimage"},"thumbnailUrl":"https:\/\/agropecuariafenix.com.br\/wp-content\/uploads\/2022\/03\/Premier_Nutrio_Clnica_Gatos_Adultos_Urinrio_500G_182614-1.jpg","datePublished":"2022-03-10T20:48:17+00:00","dateModified":"2025-10-28T11:20:43+00:00","breadcrumb":{"@id":"https:\/\/agropecuariafenix.com.br\/index.php\/produto\/premier-nutricao-clinica-gatos-adultos-urinario-500g\/#breadcrumb"},"inLanguage":"pt-BR","potentialAction":[{"@type":"ReadAction","target":["https:\/\/agropecuariafenix.com.br\/index.php\/produto\/premier-nutricao-clinica-gatos-adultos-urinario-500g\/"]}]},{"@type":"ImageObject","inLanguage":"pt-BR","@id":"https:\/\/agropecuariafenix.com.br\/index.php\/produto\/premier-nutricao-clinica-gatos-adultos-urinario-500g\/#primaryimage","url":"https:\/\/agropecuariafenix.com.br\/wp-content\/uploads\/2022\/03\/Premier_Nutrio_Clnica_Gatos_Adultos_Urinrio_500G_182614-1.jpg","contentUrl":"https:\/\/agropecuariafenix.com.br\/wp-content\/uploads\/2022\/03\/Premier_Nutrio_Clnica_Gatos_Adultos_Urinrio_500G_182614-1.jpg","width":400,"height":400,"caption":"Premier Nutri\u00e7\u00e3o Cl\u00ednica Gatos Adultos Urin\u00e1rio 500G"},{"@type":"BreadcrumbList","@id":"https:\/\/agropecuariafenix.com.br\/index.php\/produto\/premier-nutricao-clinica-gatos-adultos-urinario-500g\/#breadcrumb","itemListElement":[{"@type":"ListItem","position":1,"name":"In\u00edcio","item":"https:\/\/agropecuariafenix.com.br\/"},{"@type":"ListItem","position":2,"name":"Todos os produtos","item":"https:\/\/agropecuariafenix.com.br\/index.php\/loja\/"},{"@type":"ListItem","position":3,"name":"Premier Nutri\u00e7\u00e3o Cl\u00ednica Gatos Adultos Urin\u00e1rio 500G"}]},{"@type":"WebSite","@id":"https:\/\/agropecuariafenix.com.br\/#website","url":"https:\/\/agropecuariafenix.com.br\/","name":"Agropecu\u00e1ria Fenix","description":"Agropecu\u00e1ria F\u00eanix Pet - Ra\u00e7\u00f5es \/ Medicamentos Pet \/ Cl\u00ednica Veterin\u00e1ria \/ Banho e Tosa \/ Cachorro \/\u00a0Gato\u00a0\/\u00a0P\u00e1ssaros","publisher":{"@id":"https:\/\/agropecuariafenix.com.br\/#organization"},"alternateName":"Agropecu\u00e1ria Fenix","potentialAction":[{"@type":"SearchAction","target":{"@type":"EntryPoint","urlTemplate":"https:\/\/agropecuariafenix.com.br\/?s={search_term_string}"},"query-input":{"@type":"PropertyValueSpecification","valueRequired":true,"valueName":"search_term_string"}}],"inLanguage":"pt-BR"},{"@type":"Organization","@id":"https:\/\/agropecuariafenix.com.br\/#organization","name":"Agropecu\u00e1ria Fenix","alternateName":"Agropecu\u00e1ria Fenix","url":"https:\/\/agropecuariafenix.com.br\/","logo":{"@type":"ImageObject","inLanguage":"pt-BR","@id":"https:\/\/agropecuariafenix.com.br\/#\/schema\/logo\/image\/","url":"https:\/\/agropecuariafenix.com.br\/wp-content\/uploads\/2023\/08\/logo_fenix3-Copy.png","contentUrl":"https:\/\/agropecuariafenix.com.br\/wp-content\/uploads\/2023\/08\/logo_fenix3-Copy.png","width":500,"height":500,"caption":"Agropecu\u00e1ria Fenix"},"image":{"@id":"https:\/\/agropecuariafenix.com.br\/#\/schema\/logo\/image\/"},"sameAs":["https:\/\/web.facebook.com\/agropecuariafenixjau","https:\/\/www.instagram.com\/agropecuaria_fenix_jau\/"]}]}},"_links":{"self":[{"href":"https:\/\/agropecuariafenix.com.br\/index.php\/wp-json\/wp\/v2\/product\/23435","targetHints":{"allow":["GET"]}}],"collection":[{"href":"https:\/\/agropecuariafenix.com.br\/index.php\/wp-json\/wp\/v2\/product"}],"about":[{"href":"https:\/\/agropecuariafenix.com.br\/index.php\/wp-json\/wp\/v2\/types\/product"}],"replies":[{"embeddable":true,"href":"https:\/\/agropecuariafenix.com.br\/index.php\/wp-json\/wp\/v2\/comments?post=23435"}],"version-history":[{"count":1,"href":"https:\/\/agropecuariafenix.com.br\/index.php\/wp-json\/wp\/v2\/product\/23435\/revisions"}],"predecessor-version":[{"id":23436,"href":"https:\/\/agropecuariafenix.com.br\/index.php\/wp-json\/wp\/v2\/product\/23435\/revisions\/23436"}],"wp:featuredmedia":[{"embeddable":true,"href":"https:\/\/agropecuariafenix.com.br\/index.php\/wp-json\/wp\/v2\/media\/23434"}],"wp:attachment":[{"href":"https:\/\/agropecuariafenix.com.br\/index.php\/wp-json\/wp\/v2\/media?parent=23435"}],"wp:term":[{"taxonomy":"product_brand","embeddable":true,"href":"https:\/\/agropecuariafenix.com.br\/index.php\/wp-json\/wp\/v2\/product_brand?post=23435"},{"taxonomy":"product_cat","embeddable":true,"href":"https:\/\/agropecuariafenix.com.br\/index.php\/wp-json\/wp\/v2\/product_cat?post=23435"},{"taxonomy":"product_tag","embeddable":true,"href":"https:\/\/agropecuariafenix.com.br\/index.php\/wp-json\/wp\/v2\/product_tag?post=23435"}],"curies":[{"name":"wp","href":"https:\/\/api.w.org\/{rel}","templated":true}]}}