{"id":22611,"date":"2022-02-22T15:39:32","date_gmt":"2022-02-22T18:39:32","guid":{"rendered":"https:\/\/agropecuariafenix.com.br\/index.php\/produto\/golden-formula-caes-adultos-raca-pequena-carne-e-arroz-3kg\/"},"modified":"2025-10-28T16:30:37","modified_gmt":"2025-10-28T19:30:37","slug":"golden-formula-caes-adultos-raca-pequena-carne-e-arroz-3kg","status":"publish","type":"product","link":"https:\/\/agropecuariafenix.com.br\/index.php\/produto\/golden-formula-caes-adultos-raca-pequena-carne-e-arroz-3kg\/","title":{"rendered":"Golden F\u00f3rmula C\u00e3es Adultos Ra\u00e7a Pequena Carne E Arroz 3Kg"},"content":{"rendered":"<p>A Ra\u00e7\u00e3o Seca PremieR Pet Golden Formula Carne e Arroz para C\u00e3es Adultos de Ra\u00e7as Pequenas \u00e9 um alimento Premium Especial desenvolvido para c\u00e3es adultos de pequeno porte. Os c\u00e3es s\u00e3o essencialmente carn\u00edvoros e digerem muito melhor os alimentos de origem animal. Apresenta gr\u00e3os adequados para animais de pequeno porte, facilitando a mastiga\u00e7\u00e3o. \u00c9 um produto completo e visa, acima de tudo, proporcionar aos c\u00e3es, o n\u00edvel ideal de todos os nutrientes que eles necessitam para uma vida longa e saud\u00e1vel.<\/p>\n<p>Solicita\u00e7\u00f5es referentes \u00e0 Garantia de Satisfa\u00e7\u00e3o devem ser encaminhadas diretamente para o fabricante por meio do PremieR Responde \u2013 Telefone 0800 055 66 66. Para mais informa\u00e7\u00f5es acesse: https:\/\/www.premierpet.com.br\/garantia-premierpet\/<\/p>\n","protected":false},"excerpt":{"rendered":"<p>&#8211; Sa\u00fade oral: auxilia a redu\u00e7\u00e3o da forma\u00e7\u00e3o do t\u00e1rtaro;<br \/>\n&#8211; Pele nutrida e pelagem sedosa: equil\u00edbrio de \u00f4megas e minerais;<br \/>\n&#8211; Redu\u00e7\u00e3o do odor das fezes: sele\u00e7\u00e3o de ingredientes especiais que auxiliam na redu\u00e7\u00e3o do odor das fezes;<br \/>\n&#8211; Intestino saud\u00e1vel: combina\u00e7\u00e3o de nutrientes de alta digestibilidade e fibras naturais.<\/p>\n<p>&#8211; Este produto possui Satisfa\u00e7\u00e3o Garantida. Saiba mais abaixo na descri\u00e7\u00e3o.<\/p>\n","protected":false},"featured_media":22614,"comment_status":"open","ping_status":"closed","template":"","meta":[],"product_brand":[],"product_cat":[80],"product_tag":[100,76,78,75,77,74,73,82,81],"class_list":{"0":"post-22611","1":"product","2":"type-product","3":"status-publish","4":"has-post-thumbnail","6":"product_cat-racoes","7":"product_tag-3kg","8":"product_tag-adultos","9":"product_tag-arroz","10":"product_tag-caes","11":"product_tag-carne","12":"product_tag-formula","13":"product_tag-golden","14":"product_tag-pequena","15":"product_tag-raca","17":"first","18":"instock","19":"shipping-taxable","20":"purchasable","21":"product-type-simple"},"yoast_head":"<!-- This site is optimized with the Yoast SEO plugin v26.1.1 - https:\/\/yoast.com\/wordpress\/plugins\/seo\/ -->\n<title>Golden F\u00f3rmula C\u00e3es Adultos Ra\u00e7a Pequena Carne E Arroz 3Kg - Agropecu\u00e1ria Fenix<\/title>\n<meta name=\"robots\" content=\"index, follow, max-snippet:-1, max-image-preview:large, max-video-preview:-1\" \/>\n<link rel=\"canonical\" href=\"https:\/\/agropecuariafenix.com.br\/index.php\/produto\/golden-formula-caes-adultos-raca-pequena-carne-e-arroz-3kg\/\" \/>\n<meta property=\"og:locale\" content=\"pt_BR\" \/>\n<meta property=\"og:type\" content=\"article\" \/>\n<meta property=\"og:title\" content=\"Golden F\u00f3rmula C\u00e3es Adultos Ra\u00e7a Pequena Carne E Arroz 3Kg - Agropecu\u00e1ria Fenix\" \/>\n<meta property=\"og:description\" content=\"&#8211; Sa\u00fade oral: auxilia a redu\u00e7\u00e3o da forma\u00e7\u00e3o do t\u00e1rtaro; &#8211; Pele nutrida e pelagem sedosa: equil\u00edbrio de \u00f4megas e minerais; &#8211; Redu\u00e7\u00e3o do odor das fezes: sele\u00e7\u00e3o de ingredientes especiais que auxiliam na redu\u00e7\u00e3o do odor das fezes; &#8211; Intestino saud\u00e1vel: combina\u00e7\u00e3o de nutrientes de alta digestibilidade e fibras naturais. &#8211; Este produto possui Satisfa\u00e7\u00e3o Garantida. Saiba mais abaixo na descri\u00e7\u00e3o.\" \/>\n<meta property=\"og:url\" content=\"https:\/\/agropecuariafenix.com.br\/index.php\/produto\/golden-formula-caes-adultos-raca-pequena-carne-e-arroz-3kg\/\" \/>\n<meta property=\"og:site_name\" content=\"Agropecu\u00e1ria Fenix\" \/>\n<meta property=\"article:publisher\" content=\"https:\/\/web.facebook.com\/agropecuariafenixjau\" \/>\n<meta property=\"article:modified_time\" content=\"2025-10-28T19:30:37+00:00\" \/>\n<meta property=\"og:image\" content=\"https:\/\/agropecuariafenix.com.br\/wp-content\/uploads\/2022\/02\/Golden_Frmula_Ces_Adultos_Raa_Pequena_Carne_E_Arroz_3Kg_433736-1.jpg\" \/>\n\t<meta property=\"og:image:width\" content=\"700\" \/>\n\t<meta property=\"og:image:height\" content=\"700\" \/>\n\t<meta property=\"og:image:type\" content=\"image\/jpeg\" \/>\n<meta name=\"twitter:card\" content=\"summary_large_image\" \/>\n<meta name=\"twitter:label1\" content=\"Est. tempo de leitura\" \/>\n\t<meta name=\"twitter:data1\" content=\"1 minuto\" \/>\n<script type=\"application\/ld+json\" class=\"yoast-schema-graph\">{\"@context\":\"https:\/\/schema.org\",\"@graph\":[{\"@type\":\"WebPage\",\"@id\":\"https:\/\/agropecuariafenix.com.br\/index.php\/produto\/golden-formula-caes-adultos-raca-pequena-carne-e-arroz-3kg\/\",\"url\":\"https:\/\/agropecuariafenix.com.br\/index.php\/produto\/golden-formula-caes-adultos-raca-pequena-carne-e-arroz-3kg\/\",\"name\":\"Golden F\u00f3rmula C\u00e3es Adultos Ra\u00e7a Pequena Carne E Arroz 3Kg - Agropecu\u00e1ria Fenix\",\"isPartOf\":{\"@id\":\"https:\/\/agropecuariafenix.com.br\/#website\"},\"primaryImageOfPage\":{\"@id\":\"https:\/\/agropecuariafenix.com.br\/index.php\/produto\/golden-formula-caes-adultos-raca-pequena-carne-e-arroz-3kg\/#primaryimage\"},\"image\":{\"@id\":\"https:\/\/agropecuariafenix.com.br\/index.php\/produto\/golden-formula-caes-adultos-raca-pequena-carne-e-arroz-3kg\/#primaryimage\"},\"thumbnailUrl\":\"https:\/\/agropecuariafenix.com.br\/wp-content\/uploads\/2022\/02\/Golden_Frmula_Ces_Adultos_Raa_Pequena_Carne_E_Arroz_3Kg_433736-1.jpg\",\"datePublished\":\"2022-02-22T18:39:32+00:00\",\"dateModified\":\"2025-10-28T19:30:37+00:00\",\"breadcrumb\":{\"@id\":\"https:\/\/agropecuariafenix.com.br\/index.php\/produto\/golden-formula-caes-adultos-raca-pequena-carne-e-arroz-3kg\/#breadcrumb\"},\"inLanguage\":\"pt-BR\",\"potentialAction\":[{\"@type\":\"ReadAction\",\"target\":[\"https:\/\/agropecuariafenix.com.br\/index.php\/produto\/golden-formula-caes-adultos-raca-pequena-carne-e-arroz-3kg\/\"]}]},{\"@type\":\"ImageObject\",\"inLanguage\":\"pt-BR\",\"@id\":\"https:\/\/agropecuariafenix.com.br\/index.php\/produto\/golden-formula-caes-adultos-raca-pequena-carne-e-arroz-3kg\/#primaryimage\",\"url\":\"https:\/\/agropecuariafenix.com.br\/wp-content\/uploads\/2022\/02\/Golden_Frmula_Ces_Adultos_Raa_Pequena_Carne_E_Arroz_3Kg_433736-1.jpg\",\"contentUrl\":\"https:\/\/agropecuariafenix.com.br\/wp-content\/uploads\/2022\/02\/Golden_Frmula_Ces_Adultos_Raa_Pequena_Carne_E_Arroz_3Kg_433736-1.jpg\",\"width\":700,\"height\":700,\"caption\":\"Golden F\u00f3rmula C\u00e3es Adultos Ra\u00e7a Pequena Carne E Arroz 3Kg\"},{\"@type\":\"BreadcrumbList\",\"@id\":\"https:\/\/agropecuariafenix.com.br\/index.php\/produto\/golden-formula-caes-adultos-raca-pequena-carne-e-arroz-3kg\/#breadcrumb\",\"itemListElement\":[{\"@type\":\"ListItem\",\"position\":1,\"name\":\"In\u00edcio\",\"item\":\"https:\/\/agropecuariafenix.com.br\/\"},{\"@type\":\"ListItem\",\"position\":2,\"name\":\"Todos os produtos\",\"item\":\"https:\/\/agropecuariafenix.com.br\/index.php\/loja\/\"},{\"@type\":\"ListItem\",\"position\":3,\"name\":\"Golden F\u00f3rmula C\u00e3es Adultos Ra\u00e7a Pequena Carne E Arroz 3Kg\"}]},{\"@type\":\"WebSite\",\"@id\":\"https:\/\/agropecuariafenix.com.br\/#website\",\"url\":\"https:\/\/agropecuariafenix.com.br\/\",\"name\":\"Agropecu\u00e1ria Fenix\",\"description\":\"Agropecu\u00e1ria F\u00eanix Pet - Ra\u00e7\u00f5es \/ Medicamentos Pet \/ Cl\u00ednica Veterin\u00e1ria \/ Banho e Tosa \/ Cachorro \/\u00a0Gato\u00a0\/\u00a0P\u00e1ssaros\",\"publisher\":{\"@id\":\"https:\/\/agropecuariafenix.com.br\/#organization\"},\"alternateName\":\"Agropecu\u00e1ria Fenix\",\"potentialAction\":[{\"@type\":\"SearchAction\",\"target\":{\"@type\":\"EntryPoint\",\"urlTemplate\":\"https:\/\/agropecuariafenix.com.br\/?s={search_term_string}\"},\"query-input\":{\"@type\":\"PropertyValueSpecification\",\"valueRequired\":true,\"valueName\":\"search_term_string\"}}],\"inLanguage\":\"pt-BR\"},{\"@type\":\"Organization\",\"@id\":\"https:\/\/agropecuariafenix.com.br\/#organization\",\"name\":\"Agropecu\u00e1ria Fenix\",\"alternateName\":\"Agropecu\u00e1ria Fenix\",\"url\":\"https:\/\/agropecuariafenix.com.br\/\",\"logo\":{\"@type\":\"ImageObject\",\"inLanguage\":\"pt-BR\",\"@id\":\"https:\/\/agropecuariafenix.com.br\/#\/schema\/logo\/image\/\",\"url\":\"https:\/\/agropecuariafenix.com.br\/wp-content\/uploads\/2023\/08\/logo_fenix3-Copy.png\",\"contentUrl\":\"https:\/\/agropecuariafenix.com.br\/wp-content\/uploads\/2023\/08\/logo_fenix3-Copy.png\",\"width\":500,\"height\":500,\"caption\":\"Agropecu\u00e1ria Fenix\"},\"image\":{\"@id\":\"https:\/\/agropecuariafenix.com.br\/#\/schema\/logo\/image\/\"},\"sameAs\":[\"https:\/\/web.facebook.com\/agropecuariafenixjau\",\"https:\/\/www.instagram.com\/agropecuaria_fenix_jau\/\"]}]}<\/script>\n<!-- \/ Yoast SEO plugin. -->","yoast_head_json":{"title":"Golden F\u00f3rmula C\u00e3es Adultos Ra\u00e7a Pequena Carne E Arroz 3Kg - Agropecu\u00e1ria Fenix","robots":{"index":"index","follow":"follow","max-snippet":"max-snippet:-1","max-image-preview":"max-image-preview:large","max-video-preview":"max-video-preview:-1"},"canonical":"https:\/\/agropecuariafenix.com.br\/index.php\/produto\/golden-formula-caes-adultos-raca-pequena-carne-e-arroz-3kg\/","og_locale":"pt_BR","og_type":"article","og_title":"Golden F\u00f3rmula C\u00e3es Adultos Ra\u00e7a Pequena Carne E Arroz 3Kg - Agropecu\u00e1ria Fenix","og_description":"&#8211; Sa\u00fade oral: auxilia a redu\u00e7\u00e3o da forma\u00e7\u00e3o do t\u00e1rtaro; &#8211; Pele nutrida e pelagem sedosa: equil\u00edbrio de \u00f4megas e minerais; &#8211; Redu\u00e7\u00e3o do odor das fezes: sele\u00e7\u00e3o de ingredientes especiais que auxiliam na redu\u00e7\u00e3o do odor das fezes; &#8211; Intestino saud\u00e1vel: combina\u00e7\u00e3o de nutrientes de alta digestibilidade e fibras naturais. &#8211; Este produto possui Satisfa\u00e7\u00e3o Garantida. Saiba mais abaixo na descri\u00e7\u00e3o.","og_url":"https:\/\/agropecuariafenix.com.br\/index.php\/produto\/golden-formula-caes-adultos-raca-pequena-carne-e-arroz-3kg\/","og_site_name":"Agropecu\u00e1ria Fenix","article_publisher":"https:\/\/web.facebook.com\/agropecuariafenixjau","article_modified_time":"2025-10-28T19:30:37+00:00","og_image":[{"width":700,"height":700,"url":"https:\/\/agropecuariafenix.com.br\/wp-content\/uploads\/2022\/02\/Golden_Frmula_Ces_Adultos_Raa_Pequena_Carne_E_Arroz_3Kg_433736-1.jpg","type":"image\/jpeg"}],"twitter_card":"summary_large_image","twitter_misc":{"Est. tempo de leitura":"1 minuto"},"schema":{"@context":"https:\/\/schema.org","@graph":[{"@type":"WebPage","@id":"https:\/\/agropecuariafenix.com.br\/index.php\/produto\/golden-formula-caes-adultos-raca-pequena-carne-e-arroz-3kg\/","url":"https:\/\/agropecuariafenix.com.br\/index.php\/produto\/golden-formula-caes-adultos-raca-pequena-carne-e-arroz-3kg\/","name":"Golden F\u00f3rmula C\u00e3es Adultos Ra\u00e7a Pequena Carne E Arroz 3Kg - Agropecu\u00e1ria Fenix","isPartOf":{"@id":"https:\/\/agropecuariafenix.com.br\/#website"},"primaryImageOfPage":{"@id":"https:\/\/agropecuariafenix.com.br\/index.php\/produto\/golden-formula-caes-adultos-raca-pequena-carne-e-arroz-3kg\/#primaryimage"},"image":{"@id":"https:\/\/agropecuariafenix.com.br\/index.php\/produto\/golden-formula-caes-adultos-raca-pequena-carne-e-arroz-3kg\/#primaryimage"},"thumbnailUrl":"https:\/\/agropecuariafenix.com.br\/wp-content\/uploads\/2022\/02\/Golden_Frmula_Ces_Adultos_Raa_Pequena_Carne_E_Arroz_3Kg_433736-1.jpg","datePublished":"2022-02-22T18:39:32+00:00","dateModified":"2025-10-28T19:30:37+00:00","breadcrumb":{"@id":"https:\/\/agropecuariafenix.com.br\/index.php\/produto\/golden-formula-caes-adultos-raca-pequena-carne-e-arroz-3kg\/#breadcrumb"},"inLanguage":"pt-BR","potentialAction":[{"@type":"ReadAction","target":["https:\/\/agropecuariafenix.com.br\/index.php\/produto\/golden-formula-caes-adultos-raca-pequena-carne-e-arroz-3kg\/"]}]},{"@type":"ImageObject","inLanguage":"pt-BR","@id":"https:\/\/agropecuariafenix.com.br\/index.php\/produto\/golden-formula-caes-adultos-raca-pequena-carne-e-arroz-3kg\/#primaryimage","url":"https:\/\/agropecuariafenix.com.br\/wp-content\/uploads\/2022\/02\/Golden_Frmula_Ces_Adultos_Raa_Pequena_Carne_E_Arroz_3Kg_433736-1.jpg","contentUrl":"https:\/\/agropecuariafenix.com.br\/wp-content\/uploads\/2022\/02\/Golden_Frmula_Ces_Adultos_Raa_Pequena_Carne_E_Arroz_3Kg_433736-1.jpg","width":700,"height":700,"caption":"Golden F\u00f3rmula C\u00e3es Adultos Ra\u00e7a Pequena Carne E Arroz 3Kg"},{"@type":"BreadcrumbList","@id":"https:\/\/agropecuariafenix.com.br\/index.php\/produto\/golden-formula-caes-adultos-raca-pequena-carne-e-arroz-3kg\/#breadcrumb","itemListElement":[{"@type":"ListItem","position":1,"name":"In\u00edcio","item":"https:\/\/agropecuariafenix.com.br\/"},{"@type":"ListItem","position":2,"name":"Todos os produtos","item":"https:\/\/agropecuariafenix.com.br\/index.php\/loja\/"},{"@type":"ListItem","position":3,"name":"Golden F\u00f3rmula C\u00e3es Adultos Ra\u00e7a Pequena Carne E Arroz 3Kg"}]},{"@type":"WebSite","@id":"https:\/\/agropecuariafenix.com.br\/#website","url":"https:\/\/agropecuariafenix.com.br\/","name":"Agropecu\u00e1ria Fenix","description":"Agropecu\u00e1ria F\u00eanix Pet - Ra\u00e7\u00f5es \/ Medicamentos Pet \/ Cl\u00ednica Veterin\u00e1ria \/ Banho e Tosa \/ Cachorro \/\u00a0Gato\u00a0\/\u00a0P\u00e1ssaros","publisher":{"@id":"https:\/\/agropecuariafenix.com.br\/#organization"},"alternateName":"Agropecu\u00e1ria Fenix","potentialAction":[{"@type":"SearchAction","target":{"@type":"EntryPoint","urlTemplate":"https:\/\/agropecuariafenix.com.br\/?s={search_term_string}"},"query-input":{"@type":"PropertyValueSpecification","valueRequired":true,"valueName":"search_term_string"}}],"inLanguage":"pt-BR"},{"@type":"Organization","@id":"https:\/\/agropecuariafenix.com.br\/#organization","name":"Agropecu\u00e1ria Fenix","alternateName":"Agropecu\u00e1ria Fenix","url":"https:\/\/agropecuariafenix.com.br\/","logo":{"@type":"ImageObject","inLanguage":"pt-BR","@id":"https:\/\/agropecuariafenix.com.br\/#\/schema\/logo\/image\/","url":"https:\/\/agropecuariafenix.com.br\/wp-content\/uploads\/2023\/08\/logo_fenix3-Copy.png","contentUrl":"https:\/\/agropecuariafenix.com.br\/wp-content\/uploads\/2023\/08\/logo_fenix3-Copy.png","width":500,"height":500,"caption":"Agropecu\u00e1ria Fenix"},"image":{"@id":"https:\/\/agropecuariafenix.com.br\/#\/schema\/logo\/image\/"},"sameAs":["https:\/\/web.facebook.com\/agropecuariafenixjau","https:\/\/www.instagram.com\/agropecuaria_fenix_jau\/"]}]}},"_links":{"self":[{"href":"https:\/\/agropecuariafenix.com.br\/index.php\/wp-json\/wp\/v2\/product\/22611","targetHints":{"allow":["GET"]}}],"collection":[{"href":"https:\/\/agropecuariafenix.com.br\/index.php\/wp-json\/wp\/v2\/product"}],"about":[{"href":"https:\/\/agropecuariafenix.com.br\/index.php\/wp-json\/wp\/v2\/types\/product"}],"replies":[{"embeddable":true,"href":"https:\/\/agropecuariafenix.com.br\/index.php\/wp-json\/wp\/v2\/comments?post=22611"}],"version-history":[{"count":3,"href":"https:\/\/agropecuariafenix.com.br\/index.php\/wp-json\/wp\/v2\/product\/22611\/revisions"}],"predecessor-version":[{"id":22616,"href":"https:\/\/agropecuariafenix.com.br\/index.php\/wp-json\/wp\/v2\/product\/22611\/revisions\/22616"}],"wp:featuredmedia":[{"embeddable":true,"href":"https:\/\/agropecuariafenix.com.br\/index.php\/wp-json\/wp\/v2\/media\/22614"}],"wp:attachment":[{"href":"https:\/\/agropecuariafenix.com.br\/index.php\/wp-json\/wp\/v2\/media?parent=22611"}],"wp:term":[{"taxonomy":"product_brand","embeddable":true,"href":"https:\/\/agropecuariafenix.com.br\/index.php\/wp-json\/wp\/v2\/product_brand?post=22611"},{"taxonomy":"product_cat","embeddable":true,"href":"https:\/\/agropecuariafenix.com.br\/index.php\/wp-json\/wp\/v2\/product_cat?post=22611"},{"taxonomy":"product_tag","embeddable":true,"href":"https:\/\/agropecuariafenix.com.br\/index.php\/wp-json\/wp\/v2\/product_tag?post=22611"}],"curies":[{"name":"wp","href":"https:\/\/api.w.org\/{rel}","templated":true}]}}