{"id":22579,"date":"2022-02-21T17:27:46","date_gmt":"2022-02-21T20:27:46","guid":{"rendered":"https:\/\/agropecuariafenix.com.br\/index.php\/produto\/golden-cookie-filhote-maca-aveia-350g\/"},"modified":"2026-01-29T16:47:40","modified_gmt":"2026-01-29T19:47:40","slug":"golden-cookie-filhote-maca-ampampamp-aveia-350g","status":"publish","type":"product","link":"https:\/\/agropecuariafenix.com.br\/index.php\/produto\/golden-cookie-filhote-maca-ampampamp-aveia-350g\/","title":{"rendered":"Golden Cookie Filhote Mac\u00e3 &amp;Amp;Amp;Amp; Aveia 350G"},"content":{"rendered":"<p>O Biscoito Premier Pet Golden Cookie Ma\u00e7\u00e3 e Aveia para C\u00e3es Filhotes, possui caracter\u00edsticas \u00fanicas, ele \u00e9 assado, saud\u00e1vel e nutritivo. Possui ingredientes rigorosamente selecionados com satisfa\u00e7\u00e3o comprovada. Os c\u00e3es s\u00e3o chamados de melhores amigos do homem pois nos oferecem amor incondicional e amizade verdadeira. Com intuito de retribuir de forma divertida esse sentimento a PremieRpet\u00ae criou Premier Cookie, a qualidade Premier que voc\u00ea conhece, agora presente no cookie que ir\u00e1 alegrar seu pet de forma saud\u00e1vel, e com muito sabor.<\/p>\n<p>Solicita\u00e7\u00f5es referentes \u00e0 Garantia de Satisfa\u00e7\u00e3o devem ser encaminhadas diretamente para o fabricante por meio do PremieR Responde \u2013 Telefone 0800 055 66 66. Para mais informa\u00e7\u00f5es acesse: https:\/\/www.premierpet.com.br\/garantia-premierpet\/<\/p>\n<p>Ingredientes:<\/p>\n<p>Farinha de trigo, prote\u00edna isolada de su\u00edno, ovo desidratado \u2013 proveniente de galinhas livres de gaiolas, albumina, leite desnatado em p\u00f3, quirera de arroz, amido de milho, dextrina, fibra de trigo, col\u00e1geno hidrolisado, aveia (5%), ma\u00e7\u00e3 (pur\u00ea \u2013 4,0%), gordura su\u00edna, antioxidantes BHA e BHT (0,012%), bicarbonato de s\u00f3dio, carbonato de c\u00e1lcio, hidrolisado de f\u00edgado de su\u00edno.<\/p>\n<p>N\u00edveis de garantia:<br \/>\nUmidade (m\u00e1x.) 10,00 % 100 g\/kg<br \/>\nProte\u00edna Bruta (m\u00edn) 19,00 % 190 g\/kg<br \/>\nExtrato Et\u00e9reo (m\u00edn) 14,50 % 145 g\/kg<br \/>\nMat\u00e9ria Mineral (m\u00e1x.) 4,00 % 40 g\/kg<br \/>\nMat\u00e9ria Fibrosa (m\u00e1x.) 3,00 % 30 g\/kg<br \/>\nC\u00e1lcio (m\u00e1x.) 0,50 % 5.000 mg\/kg<br \/>\nC\u00e1lcio (m\u00edn) 0,10 % 1.000 mg\/kg<br \/>\nF\u00f3sforo (m\u00edn) 0,10 % 1.000 mg\/kg<br \/>\nS\u00f3dio (m\u00edn) 0,15 % 1.500 mg\/kg<br \/>\nEnergia Metaboliz\u00e1vel 4.190 kcal\/kg 13,8 kcal\/unidade<\/p>\n","protected":false},"excerpt":{"rendered":"<p>&#8211; Ajuda a manter os dentes e gengivas limpos e saud\u00e1veis;<br \/>\n&#8211; Sem ingredientes transg\u00eanicos, corantes e aromatizantes artificiais;<br \/>\n&#8211; \u00c9 um cookie crocante e com um sabor irresist\u00edvel que seu c\u00e3o vai adorar;<br \/>\n&#8211; Ofere\u00e7a diariamente como forma de agrado, recompensas e treinamento;<br \/>\n&#8211; Baixo teor de s\u00f3dio com sabor de ma\u00e7a e aveia, indicado para c\u00e3es filhote.<br \/>\n&#8211; Este produto possui Satisfa\u00e7\u00e3o Garantida. Saiba mais abaixo na descri\u00e7\u00e3o.<\/p>\n","protected":false},"featured_media":26821,"comment_status":"open","ping_status":"closed","template":"","meta":[],"product_brand":[],"product_cat":[177],"product_tag":[176,76,175,172,284,73,375,386,1659],"class_list":{"0":"post-22579","1":"product","2":"type-product","3":"status-publish","4":"has-post-thumbnail","6":"product_cat-petiscos","7":"product_tag-350g","8":"product_tag-adultos","9":"product_tag-aveia","10":"product_tag-cookie","11":"product_tag-filhote","12":"product_tag-golden","13":"product_tag-maca","14":"product_tag-maca-2","15":"product_tag-petiscos","17":"first","18":"instock","19":"shipping-taxable","20":"purchasable","21":"product-type-simple"},"yoast_head":"<!-- This site is optimized with the Yoast SEO plugin v27.6 - https:\/\/yoast.com\/product\/yoast-seo-wordpress\/ -->\n<title>Golden Cookie Filhote Mac\u00e3 &amp;Amp;Amp;Amp; Aveia 350G - Agropecu\u00e1ria Fenix<\/title>\n<meta name=\"robots\" content=\"index, follow, max-snippet:-1, max-image-preview:large, max-video-preview:-1\" \/>\n<link rel=\"canonical\" href=\"https:\/\/agropecuariafenix.com.br\/index.php\/produto\/golden-cookie-filhote-maca-ampampamp-aveia-350g\/\" \/>\n<meta property=\"og:locale\" content=\"pt_BR\" \/>\n<meta property=\"og:type\" content=\"article\" \/>\n<meta property=\"og:title\" content=\"Golden Cookie Filhote Mac\u00e3 &amp;Amp;Amp;Amp; Aveia 350G - Agropecu\u00e1ria Fenix\" \/>\n<meta property=\"og:description\" content=\"&#8211; Ajuda a manter os dentes e gengivas limpos e saud\u00e1veis; &#8211; Sem ingredientes transg\u00eanicos, corantes e aromatizantes artificiais; &#8211; \u00c9 um cookie crocante e com um sabor irresist\u00edvel que seu c\u00e3o vai adorar; &#8211; Ofere\u00e7a diariamente como forma de agrado, recompensas e treinamento; &#8211; Baixo teor de s\u00f3dio com sabor de ma\u00e7a e aveia, indicado para c\u00e3es filhote. &#8211; Este produto possui Satisfa\u00e7\u00e3o Garantida. Saiba mais abaixo na descri\u00e7\u00e3o.\" \/>\n<meta property=\"og:url\" content=\"https:\/\/agropecuariafenix.com.br\/index.php\/produto\/golden-cookie-filhote-maca-ampampamp-aveia-350g\/\" \/>\n<meta property=\"og:site_name\" content=\"Agropecu\u00e1ria Fenix\" \/>\n<meta property=\"article:publisher\" content=\"https:\/\/web.facebook.com\/agropecuariafenixjau\" \/>\n<meta property=\"article:modified_time\" content=\"2026-01-29T19:47:40+00:00\" \/>\n<meta property=\"og:image\" content=\"https:\/\/agropecuariafenix.com.br\/wp-content\/uploads\/2023\/10\/Golden-Cookie-Filhote-Mac-AmpAmpAmp-Aveia-350G-703437815.jpg\" \/>\n\t<meta property=\"og:image:width\" content=\"600\" \/>\n\t<meta property=\"og:image:height\" content=\"600\" \/>\n\t<meta property=\"og:image:type\" content=\"image\/jpeg\" \/>\n<meta name=\"twitter:card\" content=\"summary_large_image\" \/>\n<meta name=\"twitter:label1\" content=\"Est. tempo de leitura\" \/>\n\t<meta name=\"twitter:data1\" content=\"1 minuto\" \/>\n<script type=\"application\/ld+json\" class=\"yoast-schema-graph\">{\"@context\":\"https:\\\/\\\/schema.org\",\"@graph\":[{\"@type\":\"WebPage\",\"@id\":\"https:\\\/\\\/agropecuariafenix.com.br\\\/index.php\\\/produto\\\/golden-cookie-filhote-maca-ampampamp-aveia-350g\\\/\",\"url\":\"https:\\\/\\\/agropecuariafenix.com.br\\\/index.php\\\/produto\\\/golden-cookie-filhote-maca-ampampamp-aveia-350g\\\/\",\"name\":\"Golden Cookie Filhote Mac\u00e3 &amp;Amp;Amp;Amp; Aveia 350G - Agropecu\u00e1ria Fenix\",\"isPartOf\":{\"@id\":\"https:\\\/\\\/agropecuariafenix.com.br\\\/#website\"},\"primaryImageOfPage\":{\"@id\":\"https:\\\/\\\/agropecuariafenix.com.br\\\/index.php\\\/produto\\\/golden-cookie-filhote-maca-ampampamp-aveia-350g\\\/#primaryimage\"},\"image\":{\"@id\":\"https:\\\/\\\/agropecuariafenix.com.br\\\/index.php\\\/produto\\\/golden-cookie-filhote-maca-ampampamp-aveia-350g\\\/#primaryimage\"},\"thumbnailUrl\":\"https:\\\/\\\/agropecuariafenix.com.br\\\/wp-content\\\/uploads\\\/2023\\\/10\\\/Golden-Cookie-Filhote-Mac-AmpAmpAmp-Aveia-350G-703437815.jpg\",\"datePublished\":\"2022-02-21T20:27:46+00:00\",\"dateModified\":\"2026-01-29T19:47:40+00:00\",\"breadcrumb\":{\"@id\":\"https:\\\/\\\/agropecuariafenix.com.br\\\/index.php\\\/produto\\\/golden-cookie-filhote-maca-ampampamp-aveia-350g\\\/#breadcrumb\"},\"inLanguage\":\"pt-BR\",\"potentialAction\":[{\"@type\":\"ReadAction\",\"target\":[\"https:\\\/\\\/agropecuariafenix.com.br\\\/index.php\\\/produto\\\/golden-cookie-filhote-maca-ampampamp-aveia-350g\\\/\"]}]},{\"@type\":\"ImageObject\",\"inLanguage\":\"pt-BR\",\"@id\":\"https:\\\/\\\/agropecuariafenix.com.br\\\/index.php\\\/produto\\\/golden-cookie-filhote-maca-ampampamp-aveia-350g\\\/#primaryimage\",\"url\":\"https:\\\/\\\/agropecuariafenix.com.br\\\/wp-content\\\/uploads\\\/2023\\\/10\\\/Golden-Cookie-Filhote-Mac-AmpAmpAmp-Aveia-350G-703437815.jpg\",\"contentUrl\":\"https:\\\/\\\/agropecuariafenix.com.br\\\/wp-content\\\/uploads\\\/2023\\\/10\\\/Golden-Cookie-Filhote-Mac-AmpAmpAmp-Aveia-350G-703437815.jpg\",\"width\":600,\"height\":600,\"caption\":\"Golden Cookie Filhote Mac\u00e3 &Amp;Amp;Amp; Aveia 350G\"},{\"@type\":\"BreadcrumbList\",\"@id\":\"https:\\\/\\\/agropecuariafenix.com.br\\\/index.php\\\/produto\\\/golden-cookie-filhote-maca-ampampamp-aveia-350g\\\/#breadcrumb\",\"itemListElement\":[{\"@type\":\"ListItem\",\"position\":1,\"name\":\"In\u00edcio\",\"item\":\"https:\\\/\\\/agropecuariafenix.com.br\\\/\"},{\"@type\":\"ListItem\",\"position\":2,\"name\":\"Todos os produtos\",\"item\":\"https:\\\/\\\/agropecuariafenix.com.br\\\/index.php\\\/loja\\\/\"},{\"@type\":\"ListItem\",\"position\":3,\"name\":\"Golden Cookie Filhote Mac\u00e3 &amp;Amp;Amp;Amp; Aveia 350G\"}]},{\"@type\":\"WebSite\",\"@id\":\"https:\\\/\\\/agropecuariafenix.com.br\\\/#website\",\"url\":\"https:\\\/\\\/agropecuariafenix.com.br\\\/\",\"name\":\"Agropecu\u00e1ria Fenix\",\"description\":\"Agropecu\u00e1ria F\u00eanix Pet - Ra\u00e7\u00f5es \\\/ Medicamentos Pet \\\/ Cl\u00ednica Veterin\u00e1ria \\\/ Banho e Tosa \\\/ Cachorro \\\/\u00a0Gato\u00a0\\\/\u00a0P\u00e1ssaros\",\"publisher\":{\"@id\":\"https:\\\/\\\/agropecuariafenix.com.br\\\/#organization\"},\"alternateName\":\"Agropecu\u00e1ria Fenix\",\"potentialAction\":[{\"@type\":\"SearchAction\",\"target\":{\"@type\":\"EntryPoint\",\"urlTemplate\":\"https:\\\/\\\/agropecuariafenix.com.br\\\/?s={search_term_string}\"},\"query-input\":{\"@type\":\"PropertyValueSpecification\",\"valueRequired\":true,\"valueName\":\"search_term_string\"}}],\"inLanguage\":\"pt-BR\"},{\"@type\":\"Organization\",\"@id\":\"https:\\\/\\\/agropecuariafenix.com.br\\\/#organization\",\"name\":\"Agropecu\u00e1ria Fenix\",\"alternateName\":\"Agropecu\u00e1ria Fenix\",\"url\":\"https:\\\/\\\/agropecuariafenix.com.br\\\/\",\"logo\":{\"@type\":\"ImageObject\",\"inLanguage\":\"pt-BR\",\"@id\":\"https:\\\/\\\/agropecuariafenix.com.br\\\/#\\\/schema\\\/logo\\\/image\\\/\",\"url\":\"https:\\\/\\\/agropecuariafenix.com.br\\\/wp-content\\\/uploads\\\/2023\\\/08\\\/logo_fenix3-Copy.png\",\"contentUrl\":\"https:\\\/\\\/agropecuariafenix.com.br\\\/wp-content\\\/uploads\\\/2023\\\/08\\\/logo_fenix3-Copy.png\",\"width\":500,\"height\":500,\"caption\":\"Agropecu\u00e1ria Fenix\"},\"image\":{\"@id\":\"https:\\\/\\\/agropecuariafenix.com.br\\\/#\\\/schema\\\/logo\\\/image\\\/\"},\"sameAs\":[\"https:\\\/\\\/web.facebook.com\\\/agropecuariafenixjau\",\"https:\\\/\\\/www.instagram.com\\\/agropecuaria_fenix_jau\\\/\"]}]}<\/script>\n<!-- \/ Yoast SEO plugin. -->","yoast_head_json":{"title":"Golden Cookie Filhote Mac\u00e3 &amp;Amp;Amp;Amp; Aveia 350G - Agropecu\u00e1ria Fenix","robots":{"index":"index","follow":"follow","max-snippet":"max-snippet:-1","max-image-preview":"max-image-preview:large","max-video-preview":"max-video-preview:-1"},"canonical":"https:\/\/agropecuariafenix.com.br\/index.php\/produto\/golden-cookie-filhote-maca-ampampamp-aveia-350g\/","og_locale":"pt_BR","og_type":"article","og_title":"Golden Cookie Filhote Mac\u00e3 &amp;Amp;Amp;Amp; Aveia 350G - Agropecu\u00e1ria Fenix","og_description":"&#8211; Ajuda a manter os dentes e gengivas limpos e saud\u00e1veis; &#8211; Sem ingredientes transg\u00eanicos, corantes e aromatizantes artificiais; &#8211; \u00c9 um cookie crocante e com um sabor irresist\u00edvel que seu c\u00e3o vai adorar; &#8211; Ofere\u00e7a diariamente como forma de agrado, recompensas e treinamento; &#8211; Baixo teor de s\u00f3dio com sabor de ma\u00e7a e aveia, indicado para c\u00e3es filhote. &#8211; Este produto possui Satisfa\u00e7\u00e3o Garantida. Saiba mais abaixo na descri\u00e7\u00e3o.","og_url":"https:\/\/agropecuariafenix.com.br\/index.php\/produto\/golden-cookie-filhote-maca-ampampamp-aveia-350g\/","og_site_name":"Agropecu\u00e1ria Fenix","article_publisher":"https:\/\/web.facebook.com\/agropecuariafenixjau","article_modified_time":"2026-01-29T19:47:40+00:00","og_image":[{"width":600,"height":600,"url":"https:\/\/agropecuariafenix.com.br\/wp-content\/uploads\/2023\/10\/Golden-Cookie-Filhote-Mac-AmpAmpAmp-Aveia-350G-703437815.jpg","type":"image\/jpeg"}],"twitter_card":"summary_large_image","twitter_misc":{"Est. tempo de leitura":"1 minuto"},"schema":{"@context":"https:\/\/schema.org","@graph":[{"@type":"WebPage","@id":"https:\/\/agropecuariafenix.com.br\/index.php\/produto\/golden-cookie-filhote-maca-ampampamp-aveia-350g\/","url":"https:\/\/agropecuariafenix.com.br\/index.php\/produto\/golden-cookie-filhote-maca-ampampamp-aveia-350g\/","name":"Golden Cookie Filhote Mac\u00e3 &amp;Amp;Amp;Amp; Aveia 350G - Agropecu\u00e1ria Fenix","isPartOf":{"@id":"https:\/\/agropecuariafenix.com.br\/#website"},"primaryImageOfPage":{"@id":"https:\/\/agropecuariafenix.com.br\/index.php\/produto\/golden-cookie-filhote-maca-ampampamp-aveia-350g\/#primaryimage"},"image":{"@id":"https:\/\/agropecuariafenix.com.br\/index.php\/produto\/golden-cookie-filhote-maca-ampampamp-aveia-350g\/#primaryimage"},"thumbnailUrl":"https:\/\/agropecuariafenix.com.br\/wp-content\/uploads\/2023\/10\/Golden-Cookie-Filhote-Mac-AmpAmpAmp-Aveia-350G-703437815.jpg","datePublished":"2022-02-21T20:27:46+00:00","dateModified":"2026-01-29T19:47:40+00:00","breadcrumb":{"@id":"https:\/\/agropecuariafenix.com.br\/index.php\/produto\/golden-cookie-filhote-maca-ampampamp-aveia-350g\/#breadcrumb"},"inLanguage":"pt-BR","potentialAction":[{"@type":"ReadAction","target":["https:\/\/agropecuariafenix.com.br\/index.php\/produto\/golden-cookie-filhote-maca-ampampamp-aveia-350g\/"]}]},{"@type":"ImageObject","inLanguage":"pt-BR","@id":"https:\/\/agropecuariafenix.com.br\/index.php\/produto\/golden-cookie-filhote-maca-ampampamp-aveia-350g\/#primaryimage","url":"https:\/\/agropecuariafenix.com.br\/wp-content\/uploads\/2023\/10\/Golden-Cookie-Filhote-Mac-AmpAmpAmp-Aveia-350G-703437815.jpg","contentUrl":"https:\/\/agropecuariafenix.com.br\/wp-content\/uploads\/2023\/10\/Golden-Cookie-Filhote-Mac-AmpAmpAmp-Aveia-350G-703437815.jpg","width":600,"height":600,"caption":"Golden Cookie Filhote Mac\u00e3 &Amp;Amp;Amp; Aveia 350G"},{"@type":"BreadcrumbList","@id":"https:\/\/agropecuariafenix.com.br\/index.php\/produto\/golden-cookie-filhote-maca-ampampamp-aveia-350g\/#breadcrumb","itemListElement":[{"@type":"ListItem","position":1,"name":"In\u00edcio","item":"https:\/\/agropecuariafenix.com.br\/"},{"@type":"ListItem","position":2,"name":"Todos os produtos","item":"https:\/\/agropecuariafenix.com.br\/index.php\/loja\/"},{"@type":"ListItem","position":3,"name":"Golden Cookie Filhote Mac\u00e3 &amp;Amp;Amp;Amp; Aveia 350G"}]},{"@type":"WebSite","@id":"https:\/\/agropecuariafenix.com.br\/#website","url":"https:\/\/agropecuariafenix.com.br\/","name":"Agropecu\u00e1ria Fenix","description":"Agropecu\u00e1ria F\u00eanix Pet - Ra\u00e7\u00f5es \/ Medicamentos Pet \/ Cl\u00ednica Veterin\u00e1ria \/ Banho e Tosa \/ Cachorro \/\u00a0Gato\u00a0\/\u00a0P\u00e1ssaros","publisher":{"@id":"https:\/\/agropecuariafenix.com.br\/#organization"},"alternateName":"Agropecu\u00e1ria Fenix","potentialAction":[{"@type":"SearchAction","target":{"@type":"EntryPoint","urlTemplate":"https:\/\/agropecuariafenix.com.br\/?s={search_term_string}"},"query-input":{"@type":"PropertyValueSpecification","valueRequired":true,"valueName":"search_term_string"}}],"inLanguage":"pt-BR"},{"@type":"Organization","@id":"https:\/\/agropecuariafenix.com.br\/#organization","name":"Agropecu\u00e1ria Fenix","alternateName":"Agropecu\u00e1ria Fenix","url":"https:\/\/agropecuariafenix.com.br\/","logo":{"@type":"ImageObject","inLanguage":"pt-BR","@id":"https:\/\/agropecuariafenix.com.br\/#\/schema\/logo\/image\/","url":"https:\/\/agropecuariafenix.com.br\/wp-content\/uploads\/2023\/08\/logo_fenix3-Copy.png","contentUrl":"https:\/\/agropecuariafenix.com.br\/wp-content\/uploads\/2023\/08\/logo_fenix3-Copy.png","width":500,"height":500,"caption":"Agropecu\u00e1ria Fenix"},"image":{"@id":"https:\/\/agropecuariafenix.com.br\/#\/schema\/logo\/image\/"},"sameAs":["https:\/\/web.facebook.com\/agropecuariafenixjau","https:\/\/www.instagram.com\/agropecuaria_fenix_jau\/"]}]}},"_links":{"self":[{"href":"https:\/\/agropecuariafenix.com.br\/index.php\/wp-json\/wp\/v2\/product\/22579","targetHints":{"allow":["GET"]}}],"collection":[{"href":"https:\/\/agropecuariafenix.com.br\/index.php\/wp-json\/wp\/v2\/product"}],"about":[{"href":"https:\/\/agropecuariafenix.com.br\/index.php\/wp-json\/wp\/v2\/types\/product"}],"replies":[{"embeddable":true,"href":"https:\/\/agropecuariafenix.com.br\/index.php\/wp-json\/wp\/v2\/comments?post=22579"}],"version-history":[{"count":7,"href":"https:\/\/agropecuariafenix.com.br\/index.php\/wp-json\/wp\/v2\/product\/22579\/revisions"}],"predecessor-version":[{"id":26862,"href":"https:\/\/agropecuariafenix.com.br\/index.php\/wp-json\/wp\/v2\/product\/22579\/revisions\/26862"}],"wp:featuredmedia":[{"embeddable":true,"href":"https:\/\/agropecuariafenix.com.br\/index.php\/wp-json\/wp\/v2\/media\/26821"}],"wp:attachment":[{"href":"https:\/\/agropecuariafenix.com.br\/index.php\/wp-json\/wp\/v2\/media?parent=22579"}],"wp:term":[{"taxonomy":"product_brand","embeddable":true,"href":"https:\/\/agropecuariafenix.com.br\/index.php\/wp-json\/wp\/v2\/product_brand?post=22579"},{"taxonomy":"product_cat","embeddable":true,"href":"https:\/\/agropecuariafenix.com.br\/index.php\/wp-json\/wp\/v2\/product_cat?post=22579"},{"taxonomy":"product_tag","embeddable":true,"href":"https:\/\/agropecuariafenix.com.br\/index.php\/wp-json\/wp\/v2\/product_tag?post=22579"}],"curies":[{"name":"wp","href":"https:\/\/api.w.org\/{rel}","templated":true}]}}