{"id":22573,"date":"2022-02-21T17:14:35","date_gmt":"2022-02-21T20:14:35","guid":{"rendered":"https:\/\/agropecuariafenix.com.br\/index.php\/produto\/golden-cookie-adulto-raca-pequena-salmao-e-quinoa-350g\/"},"modified":"2026-03-02T13:11:38","modified_gmt":"2026-03-02T16:11:38","slug":"golden-cookie-adulto-raca-pequena-salmao-e-quinoa-350g","status":"publish","type":"product","link":"https:\/\/agropecuariafenix.com.br\/index.php\/produto\/golden-cookie-adulto-raca-pequena-salmao-e-quinoa-350g\/","title":{"rendered":"Golden Cookie Adulto Ra\u00e7a Pequena Salmao E Quinoa 350G"},"content":{"rendered":"<p>O Biscoito Premier Pet Golden Cookie Salm\u00e3o e Quinoa para C\u00e3es Adultos Porte Pequeno \u00e9 adequado para c\u00e3es adultos de porte pequeno. Este produto oferece uma combina\u00e7\u00e3o exclusiva de salm\u00e3o e quinoa, que confere um sabor irresist\u00edvel. Outra exclusividade deste alimento s\u00e3o os ovos provenientes de galinhas criadas livres de gaiolas, atestados atrav\u00e9s do selo Cage Free.<\/p>\n<p>Solicita\u00e7\u00f5es referentes \u00e0 Garantia de Satisfa\u00e7\u00e3o devem ser encaminhadas diretamente para o fabricante por meio do PremieR Responde \u2013 Telefone 0800 055 66 66. Para mais informa\u00e7\u00f5es acesse: https:\/\/www.premierpet.com.br\/garantia-premierpet\/<\/p>\n","protected":false},"excerpt":{"rendered":"<p>&#8211; Sabor salm\u00e3o e quinoa;<br \/>\n&#8211; Sem ingredientes transg\u00eanicos;<br \/>\n&#8211; Auxilia na sa\u00fade oral do seu pet;<br \/>\n&#8211; Cookie assado, crocante e saud\u00e1vel;<br \/>\n&#8211; Sem corantes e aromatizantes artificiais;<br \/>\n&#8211; Possui baixo teor de s\u00f3dio ecom sabor excepcional;<br \/>\n&#8211; Biscoito premium indicado para c\u00e3es adultos de porte pequeno<\/p>\n<p>-Este produto possui Satisfa\u00e7\u00e3o Garantida. Saiba mais abaixo na descri\u00e7\u00e3o.<\/p>\n","protected":false},"featured_media":26800,"comment_status":"open","ping_status":"closed","template":"","meta":[],"product_brand":[],"product_cat":[177],"product_tag":[176,173,76,172,73,82,145,1659,382,81,274,239],"class_list":{"0":"post-22573","1":"product","2":"type-product","3":"status-publish","4":"has-post-thumbnail","6":"product_cat-petiscos","7":"product_tag-350g","8":"product_tag-adulto","9":"product_tag-adultos","10":"product_tag-cookie","11":"product_tag-golden","12":"product_tag-pequena","13":"product_tag-pequenas","14":"product_tag-petiscos","15":"product_tag-quinoa","16":"product_tag-raca","17":"product_tag-salmao-2","18":"product_tag-salmao","20":"first","21":"instock","22":"shipping-taxable","23":"purchasable","24":"product-type-simple"},"yoast_head":"<!-- This site is optimized with the Yoast SEO plugin v27.6 - https:\/\/yoast.com\/product\/yoast-seo-wordpress\/ -->\n<title>Golden Cookie Adulto Ra\u00e7a Pequena Salmao E Quinoa 350G - Agropecu\u00e1ria Fenix<\/title>\n<meta name=\"robots\" content=\"index, follow, max-snippet:-1, max-image-preview:large, max-video-preview:-1\" \/>\n<link rel=\"canonical\" href=\"https:\/\/agropecuariafenix.com.br\/index.php\/produto\/golden-cookie-adulto-raca-pequena-salmao-e-quinoa-350g\/\" \/>\n<meta property=\"og:locale\" content=\"pt_BR\" \/>\n<meta property=\"og:type\" content=\"article\" \/>\n<meta property=\"og:title\" content=\"Golden Cookie Adulto Ra\u00e7a Pequena Salmao E Quinoa 350G - Agropecu\u00e1ria Fenix\" \/>\n<meta property=\"og:description\" content=\"&#8211; Sabor salm\u00e3o e quinoa; &#8211; Sem ingredientes transg\u00eanicos; &#8211; Auxilia na sa\u00fade oral do seu pet; &#8211; Cookie assado, crocante e saud\u00e1vel; &#8211; Sem corantes e aromatizantes artificiais; &#8211; Possui baixo teor de s\u00f3dio ecom sabor excepcional; &#8211; Biscoito premium indicado para c\u00e3es adultos de porte pequeno -Este produto possui Satisfa\u00e7\u00e3o Garantida. Saiba mais abaixo na descri\u00e7\u00e3o.\" \/>\n<meta property=\"og:url\" content=\"https:\/\/agropecuariafenix.com.br\/index.php\/produto\/golden-cookie-adulto-raca-pequena-salmao-e-quinoa-350g\/\" \/>\n<meta property=\"og:site_name\" content=\"Agropecu\u00e1ria Fenix\" \/>\n<meta property=\"article:publisher\" content=\"https:\/\/web.facebook.com\/agropecuariafenixjau\" \/>\n<meta property=\"article:modified_time\" content=\"2026-03-02T16:11:38+00:00\" \/>\n<meta property=\"og:image\" content=\"https:\/\/agropecuariafenix.com.br\/wp-content\/uploads\/2023\/10\/Golden-Cookie-Adulto-Raa-Pequena-Salmao-E-Quinoa-350G-1181097505.jpg\" \/>\n\t<meta property=\"og:image:width\" content=\"600\" \/>\n\t<meta property=\"og:image:height\" content=\"600\" \/>\n\t<meta property=\"og:image:type\" content=\"image\/jpeg\" \/>\n<meta name=\"twitter:card\" content=\"summary_large_image\" \/>\n<script type=\"application\/ld+json\" class=\"yoast-schema-graph\">{\"@context\":\"https:\\\/\\\/schema.org\",\"@graph\":[{\"@type\":\"WebPage\",\"@id\":\"https:\\\/\\\/agropecuariafenix.com.br\\\/index.php\\\/produto\\\/golden-cookie-adulto-raca-pequena-salmao-e-quinoa-350g\\\/\",\"url\":\"https:\\\/\\\/agropecuariafenix.com.br\\\/index.php\\\/produto\\\/golden-cookie-adulto-raca-pequena-salmao-e-quinoa-350g\\\/\",\"name\":\"Golden Cookie Adulto Ra\u00e7a Pequena Salmao E Quinoa 350G - Agropecu\u00e1ria Fenix\",\"isPartOf\":{\"@id\":\"https:\\\/\\\/agropecuariafenix.com.br\\\/#website\"},\"primaryImageOfPage\":{\"@id\":\"https:\\\/\\\/agropecuariafenix.com.br\\\/index.php\\\/produto\\\/golden-cookie-adulto-raca-pequena-salmao-e-quinoa-350g\\\/#primaryimage\"},\"image\":{\"@id\":\"https:\\\/\\\/agropecuariafenix.com.br\\\/index.php\\\/produto\\\/golden-cookie-adulto-raca-pequena-salmao-e-quinoa-350g\\\/#primaryimage\"},\"thumbnailUrl\":\"https:\\\/\\\/agropecuariafenix.com.br\\\/wp-content\\\/uploads\\\/2023\\\/10\\\/Golden-Cookie-Adulto-Raa-Pequena-Salmao-E-Quinoa-350G-1181097505.jpg\",\"datePublished\":\"2022-02-21T20:14:35+00:00\",\"dateModified\":\"2026-03-02T16:11:38+00:00\",\"breadcrumb\":{\"@id\":\"https:\\\/\\\/agropecuariafenix.com.br\\\/index.php\\\/produto\\\/golden-cookie-adulto-raca-pequena-salmao-e-quinoa-350g\\\/#breadcrumb\"},\"inLanguage\":\"pt-BR\",\"potentialAction\":[{\"@type\":\"ReadAction\",\"target\":[\"https:\\\/\\\/agropecuariafenix.com.br\\\/index.php\\\/produto\\\/golden-cookie-adulto-raca-pequena-salmao-e-quinoa-350g\\\/\"]}]},{\"@type\":\"ImageObject\",\"inLanguage\":\"pt-BR\",\"@id\":\"https:\\\/\\\/agropecuariafenix.com.br\\\/index.php\\\/produto\\\/golden-cookie-adulto-raca-pequena-salmao-e-quinoa-350g\\\/#primaryimage\",\"url\":\"https:\\\/\\\/agropecuariafenix.com.br\\\/wp-content\\\/uploads\\\/2023\\\/10\\\/Golden-Cookie-Adulto-Raa-Pequena-Salmao-E-Quinoa-350G-1181097505.jpg\",\"contentUrl\":\"https:\\\/\\\/agropecuariafenix.com.br\\\/wp-content\\\/uploads\\\/2023\\\/10\\\/Golden-Cookie-Adulto-Raa-Pequena-Salmao-E-Quinoa-350G-1181097505.jpg\",\"width\":600,\"height\":600,\"caption\":\"Golden Cookie Adulto Ra\u00e7a Pequena Salmao E Quinoa 350G\"},{\"@type\":\"BreadcrumbList\",\"@id\":\"https:\\\/\\\/agropecuariafenix.com.br\\\/index.php\\\/produto\\\/golden-cookie-adulto-raca-pequena-salmao-e-quinoa-350g\\\/#breadcrumb\",\"itemListElement\":[{\"@type\":\"ListItem\",\"position\":1,\"name\":\"In\u00edcio\",\"item\":\"https:\\\/\\\/agropecuariafenix.com.br\\\/\"},{\"@type\":\"ListItem\",\"position\":2,\"name\":\"Todos os produtos\",\"item\":\"https:\\\/\\\/agropecuariafenix.com.br\\\/index.php\\\/loja\\\/\"},{\"@type\":\"ListItem\",\"position\":3,\"name\":\"Golden Cookie Adulto Ra\u00e7a Pequena Salmao E Quinoa 350G\"}]},{\"@type\":\"WebSite\",\"@id\":\"https:\\\/\\\/agropecuariafenix.com.br\\\/#website\",\"url\":\"https:\\\/\\\/agropecuariafenix.com.br\\\/\",\"name\":\"Agropecu\u00e1ria Fenix\",\"description\":\"Agropecu\u00e1ria F\u00eanix Pet - Ra\u00e7\u00f5es \\\/ Medicamentos Pet \\\/ Cl\u00ednica Veterin\u00e1ria \\\/ Banho e Tosa \\\/ Cachorro \\\/\u00a0Gato\u00a0\\\/\u00a0P\u00e1ssaros\",\"publisher\":{\"@id\":\"https:\\\/\\\/agropecuariafenix.com.br\\\/#organization\"},\"alternateName\":\"Agropecu\u00e1ria Fenix\",\"potentialAction\":[{\"@type\":\"SearchAction\",\"target\":{\"@type\":\"EntryPoint\",\"urlTemplate\":\"https:\\\/\\\/agropecuariafenix.com.br\\\/?s={search_term_string}\"},\"query-input\":{\"@type\":\"PropertyValueSpecification\",\"valueRequired\":true,\"valueName\":\"search_term_string\"}}],\"inLanguage\":\"pt-BR\"},{\"@type\":\"Organization\",\"@id\":\"https:\\\/\\\/agropecuariafenix.com.br\\\/#organization\",\"name\":\"Agropecu\u00e1ria Fenix\",\"alternateName\":\"Agropecu\u00e1ria Fenix\",\"url\":\"https:\\\/\\\/agropecuariafenix.com.br\\\/\",\"logo\":{\"@type\":\"ImageObject\",\"inLanguage\":\"pt-BR\",\"@id\":\"https:\\\/\\\/agropecuariafenix.com.br\\\/#\\\/schema\\\/logo\\\/image\\\/\",\"url\":\"https:\\\/\\\/agropecuariafenix.com.br\\\/wp-content\\\/uploads\\\/2023\\\/08\\\/logo_fenix3-Copy.png\",\"contentUrl\":\"https:\\\/\\\/agropecuariafenix.com.br\\\/wp-content\\\/uploads\\\/2023\\\/08\\\/logo_fenix3-Copy.png\",\"width\":500,\"height\":500,\"caption\":\"Agropecu\u00e1ria Fenix\"},\"image\":{\"@id\":\"https:\\\/\\\/agropecuariafenix.com.br\\\/#\\\/schema\\\/logo\\\/image\\\/\"},\"sameAs\":[\"https:\\\/\\\/web.facebook.com\\\/agropecuariafenixjau\",\"https:\\\/\\\/www.instagram.com\\\/agropecuaria_fenix_jau\\\/\"]}]}<\/script>\n<!-- \/ Yoast SEO plugin. -->","yoast_head_json":{"title":"Golden Cookie Adulto Ra\u00e7a Pequena Salmao E Quinoa 350G - Agropecu\u00e1ria Fenix","robots":{"index":"index","follow":"follow","max-snippet":"max-snippet:-1","max-image-preview":"max-image-preview:large","max-video-preview":"max-video-preview:-1"},"canonical":"https:\/\/agropecuariafenix.com.br\/index.php\/produto\/golden-cookie-adulto-raca-pequena-salmao-e-quinoa-350g\/","og_locale":"pt_BR","og_type":"article","og_title":"Golden Cookie Adulto Ra\u00e7a Pequena Salmao E Quinoa 350G - Agropecu\u00e1ria Fenix","og_description":"&#8211; Sabor salm\u00e3o e quinoa; &#8211; Sem ingredientes transg\u00eanicos; &#8211; Auxilia na sa\u00fade oral do seu pet; &#8211; Cookie assado, crocante e saud\u00e1vel; &#8211; Sem corantes e aromatizantes artificiais; &#8211; Possui baixo teor de s\u00f3dio ecom sabor excepcional; &#8211; Biscoito premium indicado para c\u00e3es adultos de porte pequeno -Este produto possui Satisfa\u00e7\u00e3o Garantida. Saiba mais abaixo na descri\u00e7\u00e3o.","og_url":"https:\/\/agropecuariafenix.com.br\/index.php\/produto\/golden-cookie-adulto-raca-pequena-salmao-e-quinoa-350g\/","og_site_name":"Agropecu\u00e1ria Fenix","article_publisher":"https:\/\/web.facebook.com\/agropecuariafenixjau","article_modified_time":"2026-03-02T16:11:38+00:00","og_image":[{"width":600,"height":600,"url":"https:\/\/agropecuariafenix.com.br\/wp-content\/uploads\/2023\/10\/Golden-Cookie-Adulto-Raa-Pequena-Salmao-E-Quinoa-350G-1181097505.jpg","type":"image\/jpeg"}],"twitter_card":"summary_large_image","schema":{"@context":"https:\/\/schema.org","@graph":[{"@type":"WebPage","@id":"https:\/\/agropecuariafenix.com.br\/index.php\/produto\/golden-cookie-adulto-raca-pequena-salmao-e-quinoa-350g\/","url":"https:\/\/agropecuariafenix.com.br\/index.php\/produto\/golden-cookie-adulto-raca-pequena-salmao-e-quinoa-350g\/","name":"Golden Cookie Adulto Ra\u00e7a Pequena Salmao E Quinoa 350G - Agropecu\u00e1ria Fenix","isPartOf":{"@id":"https:\/\/agropecuariafenix.com.br\/#website"},"primaryImageOfPage":{"@id":"https:\/\/agropecuariafenix.com.br\/index.php\/produto\/golden-cookie-adulto-raca-pequena-salmao-e-quinoa-350g\/#primaryimage"},"image":{"@id":"https:\/\/agropecuariafenix.com.br\/index.php\/produto\/golden-cookie-adulto-raca-pequena-salmao-e-quinoa-350g\/#primaryimage"},"thumbnailUrl":"https:\/\/agropecuariafenix.com.br\/wp-content\/uploads\/2023\/10\/Golden-Cookie-Adulto-Raa-Pequena-Salmao-E-Quinoa-350G-1181097505.jpg","datePublished":"2022-02-21T20:14:35+00:00","dateModified":"2026-03-02T16:11:38+00:00","breadcrumb":{"@id":"https:\/\/agropecuariafenix.com.br\/index.php\/produto\/golden-cookie-adulto-raca-pequena-salmao-e-quinoa-350g\/#breadcrumb"},"inLanguage":"pt-BR","potentialAction":[{"@type":"ReadAction","target":["https:\/\/agropecuariafenix.com.br\/index.php\/produto\/golden-cookie-adulto-raca-pequena-salmao-e-quinoa-350g\/"]}]},{"@type":"ImageObject","inLanguage":"pt-BR","@id":"https:\/\/agropecuariafenix.com.br\/index.php\/produto\/golden-cookie-adulto-raca-pequena-salmao-e-quinoa-350g\/#primaryimage","url":"https:\/\/agropecuariafenix.com.br\/wp-content\/uploads\/2023\/10\/Golden-Cookie-Adulto-Raa-Pequena-Salmao-E-Quinoa-350G-1181097505.jpg","contentUrl":"https:\/\/agropecuariafenix.com.br\/wp-content\/uploads\/2023\/10\/Golden-Cookie-Adulto-Raa-Pequena-Salmao-E-Quinoa-350G-1181097505.jpg","width":600,"height":600,"caption":"Golden Cookie Adulto Ra\u00e7a Pequena Salmao E Quinoa 350G"},{"@type":"BreadcrumbList","@id":"https:\/\/agropecuariafenix.com.br\/index.php\/produto\/golden-cookie-adulto-raca-pequena-salmao-e-quinoa-350g\/#breadcrumb","itemListElement":[{"@type":"ListItem","position":1,"name":"In\u00edcio","item":"https:\/\/agropecuariafenix.com.br\/"},{"@type":"ListItem","position":2,"name":"Todos os produtos","item":"https:\/\/agropecuariafenix.com.br\/index.php\/loja\/"},{"@type":"ListItem","position":3,"name":"Golden Cookie Adulto Ra\u00e7a Pequena Salmao E Quinoa 350G"}]},{"@type":"WebSite","@id":"https:\/\/agropecuariafenix.com.br\/#website","url":"https:\/\/agropecuariafenix.com.br\/","name":"Agropecu\u00e1ria Fenix","description":"Agropecu\u00e1ria F\u00eanix Pet - Ra\u00e7\u00f5es \/ Medicamentos Pet \/ Cl\u00ednica Veterin\u00e1ria \/ Banho e Tosa \/ Cachorro \/\u00a0Gato\u00a0\/\u00a0P\u00e1ssaros","publisher":{"@id":"https:\/\/agropecuariafenix.com.br\/#organization"},"alternateName":"Agropecu\u00e1ria Fenix","potentialAction":[{"@type":"SearchAction","target":{"@type":"EntryPoint","urlTemplate":"https:\/\/agropecuariafenix.com.br\/?s={search_term_string}"},"query-input":{"@type":"PropertyValueSpecification","valueRequired":true,"valueName":"search_term_string"}}],"inLanguage":"pt-BR"},{"@type":"Organization","@id":"https:\/\/agropecuariafenix.com.br\/#organization","name":"Agropecu\u00e1ria Fenix","alternateName":"Agropecu\u00e1ria Fenix","url":"https:\/\/agropecuariafenix.com.br\/","logo":{"@type":"ImageObject","inLanguage":"pt-BR","@id":"https:\/\/agropecuariafenix.com.br\/#\/schema\/logo\/image\/","url":"https:\/\/agropecuariafenix.com.br\/wp-content\/uploads\/2023\/08\/logo_fenix3-Copy.png","contentUrl":"https:\/\/agropecuariafenix.com.br\/wp-content\/uploads\/2023\/08\/logo_fenix3-Copy.png","width":500,"height":500,"caption":"Agropecu\u00e1ria Fenix"},"image":{"@id":"https:\/\/agropecuariafenix.com.br\/#\/schema\/logo\/image\/"},"sameAs":["https:\/\/web.facebook.com\/agropecuariafenixjau","https:\/\/www.instagram.com\/agropecuaria_fenix_jau\/"]}]}},"_links":{"self":[{"href":"https:\/\/agropecuariafenix.com.br\/index.php\/wp-json\/wp\/v2\/product\/22573","targetHints":{"allow":["GET"]}}],"collection":[{"href":"https:\/\/agropecuariafenix.com.br\/index.php\/wp-json\/wp\/v2\/product"}],"about":[{"href":"https:\/\/agropecuariafenix.com.br\/index.php\/wp-json\/wp\/v2\/types\/product"}],"replies":[{"embeddable":true,"href":"https:\/\/agropecuariafenix.com.br\/index.php\/wp-json\/wp\/v2\/comments?post=22573"}],"version-history":[{"count":7,"href":"https:\/\/agropecuariafenix.com.br\/index.php\/wp-json\/wp\/v2\/product\/22573\/revisions"}],"predecessor-version":[{"id":26802,"href":"https:\/\/agropecuariafenix.com.br\/index.php\/wp-json\/wp\/v2\/product\/22573\/revisions\/26802"}],"wp:featuredmedia":[{"embeddable":true,"href":"https:\/\/agropecuariafenix.com.br\/index.php\/wp-json\/wp\/v2\/media\/26800"}],"wp:attachment":[{"href":"https:\/\/agropecuariafenix.com.br\/index.php\/wp-json\/wp\/v2\/media?parent=22573"}],"wp:term":[{"taxonomy":"product_brand","embeddable":true,"href":"https:\/\/agropecuariafenix.com.br\/index.php\/wp-json\/wp\/v2\/product_brand?post=22573"},{"taxonomy":"product_cat","embeddable":true,"href":"https:\/\/agropecuariafenix.com.br\/index.php\/wp-json\/wp\/v2\/product_cat?post=22573"},{"taxonomy":"product_tag","embeddable":true,"href":"https:\/\/agropecuariafenix.com.br\/index.php\/wp-json\/wp\/v2\/product_tag?post=22573"}],"curies":[{"name":"wp","href":"https:\/\/api.w.org\/{rel}","templated":true}]}}