{"id":21816,"date":"2021-11-04T14:36:47","date_gmt":"2021-11-04T17:36:47","guid":{"rendered":"https:\/\/agropecuariafenix.com.br\/index.php\/produto\/pedigree-caes-adultos-senior-equilibrio-natural-3kg\/"},"modified":"2025-10-15T10:41:31","modified_gmt":"2025-10-15T13:41:31","slug":"pedigree-caes-adultos-senior-equilibrio-natural-3kg","status":"publish","type":"product","link":"https:\/\/agropecuariafenix.com.br\/index.php\/produto\/pedigree-caes-adultos-senior-equilibrio-natural-3kg\/","title":{"rendered":"Pedigree C\u00e3es Adultos S\u00eanior Equil\u00edbrio Natural 3Kg"},"content":{"rendered":"<p>O novo PEDIGREE\u00ae Equil\u00edbrio Natural \u00e9 mais que uma ra\u00e7\u00e3o. \u00c9 um alimento que ajuda a equilibrar o organismo do seu c\u00e3o de forma natural e irresist\u00edvel. Isso porque adicionamos o que \u00e9 bom: vegetais, gr\u00e3os integrais e suculentos peda\u00e7os macios feitos com carne fresca, fontes naturais de prote\u00ednas, carboidratos e vitaminas. Al\u00e9m disso, n\u00e3o tem gordura trans nem aromatizantes artificiais.<br \/>\nSeu c\u00e3o tem muita vida pela frente. S\u00f3 depende de voc\u00ea dar mais qualidade para ela. Porque qualidade de vida come\u00e7a com uma alimenta\u00e7\u00e3o mais saud\u00e1vel e equilibrada.<\/p>\n","protected":false},"excerpt":{"rendered":"<p>O novo PEDIGREE\u00ae Equil\u00edbrio Natural \u00e9 mais que uma ra\u00e7\u00e3o. \u00c9 um alimento que ajuda a equilibrar o organismo do seu c\u00e3o de forma natural e irresist\u00edvel. Isso porque adicionamos o que \u00e9 bom: vegetais, gr\u00e3os integrais e suculentos peda\u00e7os macios feitos com carne fresca, fontes naturais de prote\u00ednas, carboidratos e vitaminas. Al\u00e9m disso, n\u00e3o tem gordura trans nem aromatizantes artificiais.<br \/>\nSeu c\u00e3o tem muita vida pela frente. S\u00f3 depende de voc\u00ea dar mais qualidade para ela. Porque qualidade de vida come\u00e7a com uma alimenta\u00e7\u00e3o mais saud\u00e1vel e equilibrada.<\/p>\n","protected":false},"featured_media":21814,"comment_status":"open","ping_status":"closed","template":"","meta":[],"product_brand":[],"product_cat":[80],"product_tag":[100,76,75,326,301,315,147],"class_list":{"0":"post-21816","1":"product","2":"type-product","3":"status-publish","4":"has-post-thumbnail","6":"product_cat-racoes","7":"product_tag-3kg","8":"product_tag-adultos","9":"product_tag-caes","10":"product_tag-equilibrio","11":"product_tag-natural","12":"product_tag-pedigree","13":"product_tag-senior","15":"first","16":"outofstock","17":"shipping-taxable","18":"purchasable","19":"product-type-simple"},"yoast_head":"<!-- This site is optimized with the Yoast SEO plugin v27.6 - https:\/\/yoast.com\/product\/yoast-seo-wordpress\/ -->\n<title>Pedigree C\u00e3es Adultos S\u00eanior Equil\u00edbrio Natural 3Kg - Agropecu\u00e1ria Fenix<\/title>\n<meta name=\"robots\" content=\"index, follow, max-snippet:-1, max-image-preview:large, max-video-preview:-1\" \/>\n<link rel=\"canonical\" href=\"https:\/\/agropecuariafenix.com.br\/index.php\/produto\/pedigree-caes-adultos-senior-equilibrio-natural-3kg\/\" \/>\n<meta property=\"og:locale\" content=\"pt_BR\" \/>\n<meta property=\"og:type\" content=\"article\" \/>\n<meta property=\"og:title\" content=\"Pedigree C\u00e3es Adultos S\u00eanior Equil\u00edbrio Natural 3Kg - Agropecu\u00e1ria Fenix\" \/>\n<meta property=\"og:description\" content=\"O novo PEDIGREE\u00ae Equil\u00edbrio Natural \u00e9 mais que uma ra\u00e7\u00e3o. \u00c9 um alimento que ajuda a equilibrar o organismo do seu c\u00e3o de forma natural e irresist\u00edvel. Isso porque adicionamos o que \u00e9 bom: vegetais, gr\u00e3os integrais e suculentos peda\u00e7os macios feitos com carne fresca, fontes naturais de prote\u00ednas, carboidratos e vitaminas. Al\u00e9m disso, n\u00e3o tem gordura trans nem aromatizantes artificiais. Seu c\u00e3o tem muita vida pela frente. S\u00f3 depende de voc\u00ea dar mais qualidade para ela. Porque qualidade de vida come\u00e7a com uma alimenta\u00e7\u00e3o mais saud\u00e1vel e equilibrada.\" \/>\n<meta property=\"og:url\" content=\"https:\/\/agropecuariafenix.com.br\/index.php\/produto\/pedigree-caes-adultos-senior-equilibrio-natural-3kg\/\" \/>\n<meta property=\"og:site_name\" content=\"Agropecu\u00e1ria Fenix\" \/>\n<meta property=\"article:publisher\" content=\"https:\/\/web.facebook.com\/agropecuariafenixjau\" \/>\n<meta property=\"article:modified_time\" content=\"2025-10-15T13:41:31+00:00\" \/>\n<meta property=\"og:image\" content=\"https:\/\/agropecuariafenix.com.br\/wp-content\/uploads\/2021\/11\/Pedigree_Ces_Adultos_Snior_Equilbrio_Natural_3Kg_31549-1.jpg\" \/>\n\t<meta property=\"og:image:width\" content=\"800\" \/>\n\t<meta property=\"og:image:height\" content=\"800\" \/>\n\t<meta property=\"og:image:type\" content=\"image\/jpeg\" \/>\n<meta name=\"twitter:card\" content=\"summary_large_image\" \/>\n<script type=\"application\/ld+json\" class=\"yoast-schema-graph\">{\"@context\":\"https:\\\/\\\/schema.org\",\"@graph\":[{\"@type\":\"WebPage\",\"@id\":\"https:\\\/\\\/agropecuariafenix.com.br\\\/index.php\\\/produto\\\/pedigree-caes-adultos-senior-equilibrio-natural-3kg\\\/\",\"url\":\"https:\\\/\\\/agropecuariafenix.com.br\\\/index.php\\\/produto\\\/pedigree-caes-adultos-senior-equilibrio-natural-3kg\\\/\",\"name\":\"Pedigree C\u00e3es Adultos S\u00eanior Equil\u00edbrio Natural 3Kg - Agropecu\u00e1ria Fenix\",\"isPartOf\":{\"@id\":\"https:\\\/\\\/agropecuariafenix.com.br\\\/#website\"},\"primaryImageOfPage\":{\"@id\":\"https:\\\/\\\/agropecuariafenix.com.br\\\/index.php\\\/produto\\\/pedigree-caes-adultos-senior-equilibrio-natural-3kg\\\/#primaryimage\"},\"image\":{\"@id\":\"https:\\\/\\\/agropecuariafenix.com.br\\\/index.php\\\/produto\\\/pedigree-caes-adultos-senior-equilibrio-natural-3kg\\\/#primaryimage\"},\"thumbnailUrl\":\"https:\\\/\\\/agropecuariafenix.com.br\\\/wp-content\\\/uploads\\\/2021\\\/11\\\/Pedigree_Ces_Adultos_Snior_Equilbrio_Natural_3Kg_31549-1.jpg\",\"datePublished\":\"2021-11-04T17:36:47+00:00\",\"dateModified\":\"2025-10-15T13:41:31+00:00\",\"breadcrumb\":{\"@id\":\"https:\\\/\\\/agropecuariafenix.com.br\\\/index.php\\\/produto\\\/pedigree-caes-adultos-senior-equilibrio-natural-3kg\\\/#breadcrumb\"},\"inLanguage\":\"pt-BR\",\"potentialAction\":[{\"@type\":\"ReadAction\",\"target\":[\"https:\\\/\\\/agropecuariafenix.com.br\\\/index.php\\\/produto\\\/pedigree-caes-adultos-senior-equilibrio-natural-3kg\\\/\"]}]},{\"@type\":\"ImageObject\",\"inLanguage\":\"pt-BR\",\"@id\":\"https:\\\/\\\/agropecuariafenix.com.br\\\/index.php\\\/produto\\\/pedigree-caes-adultos-senior-equilibrio-natural-3kg\\\/#primaryimage\",\"url\":\"https:\\\/\\\/agropecuariafenix.com.br\\\/wp-content\\\/uploads\\\/2021\\\/11\\\/Pedigree_Ces_Adultos_Snior_Equilbrio_Natural_3Kg_31549-1.jpg\",\"contentUrl\":\"https:\\\/\\\/agropecuariafenix.com.br\\\/wp-content\\\/uploads\\\/2021\\\/11\\\/Pedigree_Ces_Adultos_Snior_Equilbrio_Natural_3Kg_31549-1.jpg\",\"width\":800,\"height\":800,\"caption\":\"Pedigree C\u00e3es Adultos S\u00eanior Equil\u00edbrio Natural 3Kg\"},{\"@type\":\"BreadcrumbList\",\"@id\":\"https:\\\/\\\/agropecuariafenix.com.br\\\/index.php\\\/produto\\\/pedigree-caes-adultos-senior-equilibrio-natural-3kg\\\/#breadcrumb\",\"itemListElement\":[{\"@type\":\"ListItem\",\"position\":1,\"name\":\"In\u00edcio\",\"item\":\"https:\\\/\\\/agropecuariafenix.com.br\\\/\"},{\"@type\":\"ListItem\",\"position\":2,\"name\":\"Todos os produtos\",\"item\":\"https:\\\/\\\/agropecuariafenix.com.br\\\/index.php\\\/loja\\\/\"},{\"@type\":\"ListItem\",\"position\":3,\"name\":\"Pedigree C\u00e3es Adultos S\u00eanior Equil\u00edbrio Natural 3Kg\"}]},{\"@type\":\"WebSite\",\"@id\":\"https:\\\/\\\/agropecuariafenix.com.br\\\/#website\",\"url\":\"https:\\\/\\\/agropecuariafenix.com.br\\\/\",\"name\":\"Agropecu\u00e1ria Fenix\",\"description\":\"Agropecu\u00e1ria F\u00eanix Pet - Ra\u00e7\u00f5es \\\/ Medicamentos Pet \\\/ Cl\u00ednica Veterin\u00e1ria \\\/ Banho e Tosa \\\/ Cachorro \\\/\u00a0Gato\u00a0\\\/\u00a0P\u00e1ssaros\",\"publisher\":{\"@id\":\"https:\\\/\\\/agropecuariafenix.com.br\\\/#organization\"},\"alternateName\":\"Agropecu\u00e1ria Fenix\",\"potentialAction\":[{\"@type\":\"SearchAction\",\"target\":{\"@type\":\"EntryPoint\",\"urlTemplate\":\"https:\\\/\\\/agropecuariafenix.com.br\\\/?s={search_term_string}\"},\"query-input\":{\"@type\":\"PropertyValueSpecification\",\"valueRequired\":true,\"valueName\":\"search_term_string\"}}],\"inLanguage\":\"pt-BR\"},{\"@type\":\"Organization\",\"@id\":\"https:\\\/\\\/agropecuariafenix.com.br\\\/#organization\",\"name\":\"Agropecu\u00e1ria Fenix\",\"alternateName\":\"Agropecu\u00e1ria Fenix\",\"url\":\"https:\\\/\\\/agropecuariafenix.com.br\\\/\",\"logo\":{\"@type\":\"ImageObject\",\"inLanguage\":\"pt-BR\",\"@id\":\"https:\\\/\\\/agropecuariafenix.com.br\\\/#\\\/schema\\\/logo\\\/image\\\/\",\"url\":\"https:\\\/\\\/agropecuariafenix.com.br\\\/wp-content\\\/uploads\\\/2023\\\/08\\\/logo_fenix3-Copy.png\",\"contentUrl\":\"https:\\\/\\\/agropecuariafenix.com.br\\\/wp-content\\\/uploads\\\/2023\\\/08\\\/logo_fenix3-Copy.png\",\"width\":500,\"height\":500,\"caption\":\"Agropecu\u00e1ria Fenix\"},\"image\":{\"@id\":\"https:\\\/\\\/agropecuariafenix.com.br\\\/#\\\/schema\\\/logo\\\/image\\\/\"},\"sameAs\":[\"https:\\\/\\\/web.facebook.com\\\/agropecuariafenixjau\",\"https:\\\/\\\/www.instagram.com\\\/agropecuaria_fenix_jau\\\/\"]}]}<\/script>\n<!-- \/ Yoast SEO plugin. -->","yoast_head_json":{"title":"Pedigree C\u00e3es Adultos S\u00eanior Equil\u00edbrio Natural 3Kg - Agropecu\u00e1ria Fenix","robots":{"index":"index","follow":"follow","max-snippet":"max-snippet:-1","max-image-preview":"max-image-preview:large","max-video-preview":"max-video-preview:-1"},"canonical":"https:\/\/agropecuariafenix.com.br\/index.php\/produto\/pedigree-caes-adultos-senior-equilibrio-natural-3kg\/","og_locale":"pt_BR","og_type":"article","og_title":"Pedigree C\u00e3es Adultos S\u00eanior Equil\u00edbrio Natural 3Kg - Agropecu\u00e1ria Fenix","og_description":"O novo PEDIGREE\u00ae Equil\u00edbrio Natural \u00e9 mais que uma ra\u00e7\u00e3o. \u00c9 um alimento que ajuda a equilibrar o organismo do seu c\u00e3o de forma natural e irresist\u00edvel. Isso porque adicionamos o que \u00e9 bom: vegetais, gr\u00e3os integrais e suculentos peda\u00e7os macios feitos com carne fresca, fontes naturais de prote\u00ednas, carboidratos e vitaminas. Al\u00e9m disso, n\u00e3o tem gordura trans nem aromatizantes artificiais. Seu c\u00e3o tem muita vida pela frente. S\u00f3 depende de voc\u00ea dar mais qualidade para ela. Porque qualidade de vida come\u00e7a com uma alimenta\u00e7\u00e3o mais saud\u00e1vel e equilibrada.","og_url":"https:\/\/agropecuariafenix.com.br\/index.php\/produto\/pedigree-caes-adultos-senior-equilibrio-natural-3kg\/","og_site_name":"Agropecu\u00e1ria Fenix","article_publisher":"https:\/\/web.facebook.com\/agropecuariafenixjau","article_modified_time":"2025-10-15T13:41:31+00:00","og_image":[{"width":800,"height":800,"url":"https:\/\/agropecuariafenix.com.br\/wp-content\/uploads\/2021\/11\/Pedigree_Ces_Adultos_Snior_Equilbrio_Natural_3Kg_31549-1.jpg","type":"image\/jpeg"}],"twitter_card":"summary_large_image","schema":{"@context":"https:\/\/schema.org","@graph":[{"@type":"WebPage","@id":"https:\/\/agropecuariafenix.com.br\/index.php\/produto\/pedigree-caes-adultos-senior-equilibrio-natural-3kg\/","url":"https:\/\/agropecuariafenix.com.br\/index.php\/produto\/pedigree-caes-adultos-senior-equilibrio-natural-3kg\/","name":"Pedigree C\u00e3es Adultos S\u00eanior Equil\u00edbrio Natural 3Kg - Agropecu\u00e1ria Fenix","isPartOf":{"@id":"https:\/\/agropecuariafenix.com.br\/#website"},"primaryImageOfPage":{"@id":"https:\/\/agropecuariafenix.com.br\/index.php\/produto\/pedigree-caes-adultos-senior-equilibrio-natural-3kg\/#primaryimage"},"image":{"@id":"https:\/\/agropecuariafenix.com.br\/index.php\/produto\/pedigree-caes-adultos-senior-equilibrio-natural-3kg\/#primaryimage"},"thumbnailUrl":"https:\/\/agropecuariafenix.com.br\/wp-content\/uploads\/2021\/11\/Pedigree_Ces_Adultos_Snior_Equilbrio_Natural_3Kg_31549-1.jpg","datePublished":"2021-11-04T17:36:47+00:00","dateModified":"2025-10-15T13:41:31+00:00","breadcrumb":{"@id":"https:\/\/agropecuariafenix.com.br\/index.php\/produto\/pedigree-caes-adultos-senior-equilibrio-natural-3kg\/#breadcrumb"},"inLanguage":"pt-BR","potentialAction":[{"@type":"ReadAction","target":["https:\/\/agropecuariafenix.com.br\/index.php\/produto\/pedigree-caes-adultos-senior-equilibrio-natural-3kg\/"]}]},{"@type":"ImageObject","inLanguage":"pt-BR","@id":"https:\/\/agropecuariafenix.com.br\/index.php\/produto\/pedigree-caes-adultos-senior-equilibrio-natural-3kg\/#primaryimage","url":"https:\/\/agropecuariafenix.com.br\/wp-content\/uploads\/2021\/11\/Pedigree_Ces_Adultos_Snior_Equilbrio_Natural_3Kg_31549-1.jpg","contentUrl":"https:\/\/agropecuariafenix.com.br\/wp-content\/uploads\/2021\/11\/Pedigree_Ces_Adultos_Snior_Equilbrio_Natural_3Kg_31549-1.jpg","width":800,"height":800,"caption":"Pedigree C\u00e3es Adultos S\u00eanior Equil\u00edbrio Natural 3Kg"},{"@type":"BreadcrumbList","@id":"https:\/\/agropecuariafenix.com.br\/index.php\/produto\/pedigree-caes-adultos-senior-equilibrio-natural-3kg\/#breadcrumb","itemListElement":[{"@type":"ListItem","position":1,"name":"In\u00edcio","item":"https:\/\/agropecuariafenix.com.br\/"},{"@type":"ListItem","position":2,"name":"Todos os produtos","item":"https:\/\/agropecuariafenix.com.br\/index.php\/loja\/"},{"@type":"ListItem","position":3,"name":"Pedigree C\u00e3es Adultos S\u00eanior Equil\u00edbrio Natural 3Kg"}]},{"@type":"WebSite","@id":"https:\/\/agropecuariafenix.com.br\/#website","url":"https:\/\/agropecuariafenix.com.br\/","name":"Agropecu\u00e1ria Fenix","description":"Agropecu\u00e1ria F\u00eanix Pet - Ra\u00e7\u00f5es \/ Medicamentos Pet \/ Cl\u00ednica Veterin\u00e1ria \/ Banho e Tosa \/ Cachorro \/\u00a0Gato\u00a0\/\u00a0P\u00e1ssaros","publisher":{"@id":"https:\/\/agropecuariafenix.com.br\/#organization"},"alternateName":"Agropecu\u00e1ria Fenix","potentialAction":[{"@type":"SearchAction","target":{"@type":"EntryPoint","urlTemplate":"https:\/\/agropecuariafenix.com.br\/?s={search_term_string}"},"query-input":{"@type":"PropertyValueSpecification","valueRequired":true,"valueName":"search_term_string"}}],"inLanguage":"pt-BR"},{"@type":"Organization","@id":"https:\/\/agropecuariafenix.com.br\/#organization","name":"Agropecu\u00e1ria Fenix","alternateName":"Agropecu\u00e1ria Fenix","url":"https:\/\/agropecuariafenix.com.br\/","logo":{"@type":"ImageObject","inLanguage":"pt-BR","@id":"https:\/\/agropecuariafenix.com.br\/#\/schema\/logo\/image\/","url":"https:\/\/agropecuariafenix.com.br\/wp-content\/uploads\/2023\/08\/logo_fenix3-Copy.png","contentUrl":"https:\/\/agropecuariafenix.com.br\/wp-content\/uploads\/2023\/08\/logo_fenix3-Copy.png","width":500,"height":500,"caption":"Agropecu\u00e1ria Fenix"},"image":{"@id":"https:\/\/agropecuariafenix.com.br\/#\/schema\/logo\/image\/"},"sameAs":["https:\/\/web.facebook.com\/agropecuariafenixjau","https:\/\/www.instagram.com\/agropecuaria_fenix_jau\/"]}]}},"_links":{"self":[{"href":"https:\/\/agropecuariafenix.com.br\/index.php\/wp-json\/wp\/v2\/product\/21816","targetHints":{"allow":["GET"]}}],"collection":[{"href":"https:\/\/agropecuariafenix.com.br\/index.php\/wp-json\/wp\/v2\/product"}],"about":[{"href":"https:\/\/agropecuariafenix.com.br\/index.php\/wp-json\/wp\/v2\/types\/product"}],"replies":[{"embeddable":true,"href":"https:\/\/agropecuariafenix.com.br\/index.php\/wp-json\/wp\/v2\/comments?post=21816"}],"version-history":[{"count":1,"href":"https:\/\/agropecuariafenix.com.br\/index.php\/wp-json\/wp\/v2\/product\/21816\/revisions"}],"predecessor-version":[{"id":21817,"href":"https:\/\/agropecuariafenix.com.br\/index.php\/wp-json\/wp\/v2\/product\/21816\/revisions\/21817"}],"wp:featuredmedia":[{"embeddable":true,"href":"https:\/\/agropecuariafenix.com.br\/index.php\/wp-json\/wp\/v2\/media\/21814"}],"wp:attachment":[{"href":"https:\/\/agropecuariafenix.com.br\/index.php\/wp-json\/wp\/v2\/media?parent=21816"}],"wp:term":[{"taxonomy":"product_brand","embeddable":true,"href":"https:\/\/agropecuariafenix.com.br\/index.php\/wp-json\/wp\/v2\/product_brand?post=21816"},{"taxonomy":"product_cat","embeddable":true,"href":"https:\/\/agropecuariafenix.com.br\/index.php\/wp-json\/wp\/v2\/product_cat?post=21816"},{"taxonomy":"product_tag","embeddable":true,"href":"https:\/\/agropecuariafenix.com.br\/index.php\/wp-json\/wp\/v2\/product_tag?post=21816"}],"curies":[{"name":"wp","href":"https:\/\/api.w.org\/{rel}","templated":true}]}}